000
CDUS45 KCYS 282138
CLITOR


CLIMATE REPORT
NATIONAL WEATHER SERVICE CHEYENNE WY
338 PM MDT THU MAY 28 2015


...................................

...THE TORRINGTON WY AIRPORT CLIMATE SUMMARY FOR MAY 28 2015...
VALID AS OF 0300 PM LOCAL TIME.

CLIMATE NORMAL PERIOD 1981 TO 2010
CLIMATE RECORD PERIOD 1998 TO 2015


WEATHER ITEM   OBSERVED TIME   RECORD YEAR NORMAL DEPARTURE LAST
                VALUE   (LST)  VALUE       VALUE  FROM      YEAR
                                                  NORMAL
..................................................................
TEMPERATURE (F)
 TODAY
  MAXIMUM         74    159 PM  94    2000  75     -1       89
  MINIMUM         49    429 AM  34    2005  46      3       50
  AVERAGE         62                        60      2       70

PRECIPITATION (IN)
  TODAY            0.00          0.30 2011   0.09  -0.09     0.00
                                      2006
  MONTH TO DATE    6.41                      2.06   4.35     4.85
  SINCE JAN 1     10.51                      5.07   5.44     7.59

DEGREE DAYS
 HEATING
  TODAY            3                         6     -3        0
  MONTH TO DATE  368                       262    106      300
  SINCE MAR 1   1526                      1650   -124     1694
  SINCE JUL 1   6240                      6494   -254     6809

 COOLING
  TODAY            0                         1     -1        5
  MONTH TO DATE    0                         6     -6        5
  SINCE MAR 1      0                         7     -7        5
  SINCE JAN 1      0                         7     -7        5
..................................................................


WIND (MPH)
  HIGHEST WIND SPEED    20   HIGHEST WIND DIRECTION     W (280)
  HIGHEST GUST SPEED    23   HIGHEST GUST DIRECTION     W (260)
  AVERAGE WIND SPEED     7.7


SKY COVER
  AVERAGE SKY COVER 0.4


WEATHER CONDITIONS
 THE FOLLOWING WEATHER WAS RECORDED TODAY.
  FOG
  FOG W/VISIBILITY <= 1/4 MILE


RELATIVE HUMIDITY (PERCENT)
 HIGHEST   100           400 AM
 LOWEST     35           100 PM
 AVERAGE    68

..........................................................


THE TORRINGTON WY AIRPORT CLIMATE NORMALS FOR TOMORROW
                         NORMAL    RECORD    YEAR
 MAXIMUM TEMPERATURE (F)   75       100      2003
 MINIMUM TEMPERATURE (F)   46        35      2012


SUNRISE AND SUNSET
MAY 28 2015...........SUNRISE   526 AM MDT   SUNSET   823 PM MDT
MAY 29 2015...........SUNRISE   525 AM MDT   SUNSET   823 PM MDT


-  INDICATES NEGATIVE NUMBERS.
R  INDICATES RECORD WAS SET OR TIED.
MM INDICATES DATA IS MISSING.
T  INDICATES TRACE AMOUNT.




$$
