000
CDUS45 KCYS 090747
CLITOR


CLIMATE REPORT
NATIONAL WEATHER SERVICE CHEYENNE WY
1246 AM MST TUE FEB 9 2016


...................................

...THE TORRINGTON WY AIRPORT CLIMATE SUMMARY FOR FEBRUARY 8 2016...

CLIMATE NORMAL PERIOD 1981 TO 2010
CLIMATE RECORD PERIOD 1998 TO 2016


WEATHER ITEM   OBSERVED TIME   RECORD YEAR NORMAL DEPARTURE LAST
                VALUE   (LST)  VALUE       VALUE  FROM      YEAR
                                                  NORMAL
..................................................................
TEMPERATURE (F)
 YESTERDAY
  MAXIMUM         45    440 PM  63    2015  44      1       63
                                      2000
  MINIMUM         21    408 AM  -6    2011  16      5       31
  AVERAGE         33                        30      3       47

PRECIPITATION (IN)
  YESTERDAY        0.00          0.05 2014   0.01  -0.01     0.00
  MONTH TO DATE    0.01                      0.09  -0.08     0.38
  SINCE JAN 1      0.15                      0.35  -0.20     0.62

DEGREE DAYS
 HEATING
  YESTERDAY       32                        35     -3       18
  MONTH TO DATE  308                       284     24      211
  SINCE DEC 1   2536                      2596    -60     2504
  SINCE JUL 1   3827                      4179   -352     4036

 COOLING
  YESTERDAY        0                         0      0        0
  MONTH TO DATE    0                         0      0        0
  SINCE DEC 1      0                         0      0        0
  SINCE JAN 1      0                         0      0        0
..................................................................


WIND (MPH)
  HIGHEST WIND SPEED    21   HIGHEST WIND DIRECTION    NW (320)
  HIGHEST GUST SPEED    30   HIGHEST GUST DIRECTION    NW (320)
  AVERAGE WIND SPEED    11.7


SKY COVER
  AVERAGE SKY COVER 0.6


WEATHER CONDITIONS
 THE FOLLOWING WEATHER WAS RECORDED YESTERDAY.
  NO SIGNIFICANT WEATHER WAS OBSERVED.


RELATIVE HUMIDITY (PERCENT)
 HIGHEST    70           900 PM
 LOWEST     44          1200 PM
 AVERAGE    57

..........................................................


THE TORRINGTON WY AIRPORT CLIMATE NORMALS FOR TODAY
                         NORMAL    RECORD    YEAR
 MAXIMUM TEMPERATURE (F)   44        70      2015
 MINIMUM TEMPERATURE (F)   16       -15      2011


SUNRISE AND SUNSET
FEBRUARY  9 2016......SUNRISE   701 AM MST   SUNSET   521 PM MST
FEBRUARY 10 2016......SUNRISE   700 AM MST   SUNSET   522 PM MST


-  INDICATES NEGATIVE NUMBERS.
R  INDICATES RECORD WAS SET OR TIED.
MM INDICATES DATA IS MISSING.
T  INDICATES TRACE AMOUNT.




$$
