000
CDUS42 KTBW 232213
CLITPA


CLIMATE REPORT
NATIONAL WEATHER SERVICE TAMPA BAY FL
512 PM EST THU NOV 23 2017


...................................

...THE TAMPA CLIMATE SUMMARY FOR NOVEMBER 23 2017...
VALID TODAY AS OF 0500 PM LOCAL TIME.

CLIMATE NORMAL PERIOD 1981 TO 2010
CLIMATE RECORD PERIOD 1890 TO 2017


WEATHER ITEM   OBSERVED TIME   RECORD YEAR NORMAL DEPARTURE LAST
                VALUE   (LST)  VALUE       VALUE  FROM      YEAR
                                                  NORMAL
..................................................................
TEMPERATURE (F)
 TODAY
  MAXIMUM         78    205 PM  86    1958  77      1       79
  MINIMUM         69    339 AM  37    1981  59     10       57
                                      1976
  AVERAGE         74                        68      6       68

PRECIPITATION (IN)
  TODAY            0.02          2.26 1988   0.04  -0.02     0.00
  MONTH TO DATE    0.08                      1.14  -1.06     0.01
  SINCE SEP 1      9.81                      9.70   0.11     5.70
  SINCE JAN 1     43.43                     43.42   0.01    52.13

DEGREE DAYS
 HEATING
  TODAY            0                         2     -2        0
  MONTH TO DATE    0                        26    -26       15
  SINCE SEP 1      8                        30    -22       15
  SINCE JUL 1      8                        30    -22       15

 COOLING
  TODAY            9                         4      5        3
  MONTH TO DATE  180                       137     43      147
  SINCE SEP 1   1162                       988    174     1129
  SINCE JAN 1   4244                      3503    741     3915
..................................................................


WIND (MPH)
  RESULTANT WIND SPEED   6   RESULTANT WIND DIRECTION   S (160)
  HIGHEST WIND SPEED    21   HIGHEST WIND DIRECTION     S (190)
  HIGHEST GUST SPEED    29   HIGHEST GUST DIRECTION     S (190)
  AVERAGE WIND SPEED     8.8


SKY COVER
  POSSIBLE SUNSHINE  MM
  AVERAGE SKY COVER 0.8


WEATHER CONDITIONS
 THE FOLLOWING WEATHER WAS RECORDED TODAY.
  LIGHT RAIN


RELATIVE HUMIDITY (PERCENT)
 HIGHEST    90           400 AM
 LOWEST     71           200 PM

..........................................................


THE TAMPA CLIMATE NORMALS FOR TOMORROW
                         NORMAL    RECORD    YEAR
 MAXIMUM TEMPERATURE (F)   76        88      1958
 MINIMUM TEMPERATURE (F)   59        31      1970


SUNRISE AND SUNSET
NOVEMBER 23 2017......SUNRISE   658 AM EST   SUNSET   535 PM EST
NOVEMBER 24 2017......SUNRISE   659 AM EST   SUNSET   535 PM EST


-  INDICATES NEGATIVE NUMBERS.
R  INDICATES RECORD WAS SET OR TIED.
MM INDICATES DATA IS MISSING.
T  INDICATES TRACE AMOUNT.




$$


&&
------------------------------------------------------------------
******************** SUPPLEMENTAL DATA ***************************

...RUSKIN                HIGH 76    LOW 67    PCPN 0.05
...SARASOTA/BRADENTON    HIGH 75    LOW 67    PCPN 0.12
...LAKELAND*             HIGH 79    LOW 67    PCPN 0.02
...ST. PETERSBURG        HIGH 76    LOW 69    PCPN 0.08
...GULF WATER TEMPERATURE AT CLEARWATER BEACH M DEGREES

*LAKELAND DATA IS FROM 4:30 PM WEDNESDAY TO 4:30 PM THURSDAY
AND MAY REFLECT YESTERDAYS RAINFALL AND HIGH TEMPERATURE.
