000
CDUS42 KTBW 242121
CLITPA


CLIMATE REPORT
NATIONAL WEATHER SERVICE TAMPA BAY FL
519 PM EDT SAT SEP 24 2016


...................................

...THE TAMPA CLIMATE SUMMARY FOR SEPTEMBER 24 2016...
VALID TODAY AS OF 0500 PM LOCAL TIME.

CLIMATE NORMAL PERIOD 1981 TO 2010
CLIMATE RECORD PERIOD 1890 TO 2016


WEATHER ITEM   OBSERVED TIME   RECORD YEAR NORMAL DEPARTURE LAST
                VALUE   (LST)  VALUE       VALUE  FROM      YEAR
                                                  NORMAL
..................................................................
TEMPERATURE (F)
 TODAY
  MAXIMUM         93    359 PM  94    1930  88      5       89
                                      1925
  MINIMUM         77    739 AM  62    1897  74      3       74
                                      1896
  AVERAGE         85                        81      4       82

PRECIPITATION (IN)
  TODAY            0.00          2.73 1928   0.17  -0.17     0.05
  MONTH TO DATE    3.44                      5.36  -1.92     3.28
  SINCE SEP 1      3.44                      5.36  -1.92     3.28
  SINCE JAN 1     49.87                     39.08  10.79    58.71

DEGREE DAYS
 HEATING
  TODAY            0                         0      0        0
  MONTH TO DATE    0                         0      0        0
  SINCE SEP 1      0                         0      0        0
  SINCE JUL 1      0                         0      0        0

 COOLING
  TODAY           20                        16      4       17
  MONTH TO DATE  464                       411     53      438
  SINCE SEP 1    464                       411     53      438
  SINCE JAN 1   3250                      2926    324     3352
..................................................................


WIND (MPH)
  RESULTANT WIND SPEED   0   RESULTANT WIND DIRECTION  NW (320)
  HIGHEST WIND SPEED    12   HIGHEST WIND DIRECTION    NW (300)
  HIGHEST GUST SPEED    16   HIGHEST GUST DIRECTION     W (290)
  AVERAGE WIND SPEED     4.0


SKY COVER
  POSSIBLE SUNSHINE  MM
  AVERAGE SKY COVER 0.2


WEATHER CONDITIONS
 THE FOLLOWING WEATHER WAS RECORDED TODAY.
  NO SIGNIFICANT WEATHER WAS OBSERVED.


RELATIVE HUMIDITY (PERCENT)
 HIGHEST    85           200 AM
 LOWEST     49           400 PM

..........................................................


THE TAMPA CLIMATE NORMALS FOR TOMORROW
                         NORMAL    RECORD    YEAR
 MAXIMUM TEMPERATURE (F)   88        94      1986
                                             1972
 MINIMUM TEMPERATURE (F)   73        65      2008
                                             1990


SUNRISE AND SUNSET
SEPTEMBER 24 2016.....SUNRISE   720 AM EDT   SUNSET   724 PM EDT
SEPTEMBER 25 2016.....SUNRISE   720 AM EDT   SUNSET   722 PM EDT


-  INDICATES NEGATIVE NUMBERS.
R  INDICATES RECORD WAS SET OR TIED.
MM INDICATES DATA IS MISSING.
T  INDICATES TRACE AMOUNT.




$$


&&
------------------------------------------------------------------
******************** SUPPLEMENTAL DATA ***************************

...RUSKIN                HIGH 94    LOW 73    PCPN 0.00
...SARASOTA/BRADENTON    HIGH 93    LOW 77    PCPN 0.00
...LAKELAND              HIGH 92    LOW 74    PCPN 0.00
...ST. PETERSBURG        HIGH 91    LOW 80    PCPN TRACE
...GULF WATER TEMPERATURE AT CLEARWATER BEACH 88 DEGREES
