000
CDUS42 KTBW 310835
CLITPA


CLIMATE REPORT
NATIONAL WEATHER SERVICE TAMPA BAY FL
433 AM EDT MON AUG 31 2015


...................................

...THE TAMPA CLIMATE SUMMARY FOR AUGUST 30 2015...

CLIMATE NORMAL PERIOD 1981 TO 2010
CLIMATE RECORD PERIOD 1890 TO 2015


WEATHER ITEM   OBSERVED TIME   RECORD YEAR NORMAL DEPARTURE LAST
                VALUE   (LST)  VALUE       VALUE  FROM      YEAR
                                                  NORMAL
..................................................................
TEMPERATURE (F)
 YESTERDAY
  MAXIMUM         89    347 PM  96    1960  90     -1       95
                                      1951
  MINIMUM         74    246 AM  66    1896  76     -2       77
  AVERAGE         82                        83     -1       86

PRECIPITATION (IN)
  YESTERDAY        0.79          3.04 1909   0.24   0.55     0.15
  MONTH TO DATE   16.43                      7.52   8.91     5.57
  SINCE JUN 1     34.50                     21.27  13.23    20.02
  SINCE JAN 1     55.39                     33.47  21.92    39.35

DEGREE DAYS
 HEATING
  YESTERDAY        0                         0      0        0
  MONTH TO DATE    0                         0      0        0
  SINCE JUN 1      0                         0      0        0
  SINCE JUL 1      0                         0      0        0

 COOLING
  YESTERDAY       17                        18     -1       21
  MONTH TO DATE  558                       540     18      584
  SINCE JUN 1   1674                      1614     60     1674
  SINCE JAN 1   2895                      2491    404     2497
..................................................................


WIND (MPH)
  RESULTANT WIND SPEED   2   RESULTANT WIND DIRECTION   E (90)
  HIGHEST WIND SPEED    17   HIGHEST WIND DIRECTION     E (70)
  HIGHEST GUST SPEED    25   HIGHEST GUST DIRECTION    NE (60)
  AVERAGE WIND SPEED     5.6


SKY COVER
  POSSIBLE SUNSHINE  MM
  AVERAGE SKY COVER 0.9


WEATHER CONDITIONS
 THE FOLLOWING WEATHER WAS RECORDED YESTERDAY.
  THUNDERSTORM
  HEAVY RAIN
  LIGHT RAIN
  FOG


RELATIVE HUMIDITY (PERCENT)
 HIGHEST    91          1000 PM
 LOWEST     63           100 PM
 AVERAGE    77

..........................................................


THE TAMPA CLIMATE NORMALS FOR TODAY
                         NORMAL    RECORD    YEAR
 MAXIMUM TEMPERATURE (F)   90        95      1947
 MINIMUM TEMPERATURE (F)   76        69      1935
                                             1926


SUNRISE AND SUNSET
AUGUST 31 2015........SUNRISE   708 AM EDT   SUNSET   752 PM EDT
SEPTEMBER  1 2015.....SUNRISE   709 AM EDT   SUNSET   751 PM EDT


-  INDICATES NEGATIVE NUMBERS.
R  INDICATES RECORD WAS SET OR TIED.
MM INDICATES DATA IS MISSING.
T  INDICATES TRACE AMOUNT.




$$


&&
------------------------------------------------------------------
******************** SUPPLEMENTAL DATA ***************************

...RUSKIN                HIGH 90    LOW 73    PCPN 0.16
...SARASOTA/BRADENTON    HIGH 89    LOW 74    PCPN 0.00
...ST. PETERSBURG        HIGH 91    LOW 76    PCPN 2.06
...GULF WATER TEMPERATURE AT CLEARWATER BEACH 86
