000
CDUS42 KTBW 292123
CLITPA


CLIMATE REPORT
NATIONAL WEATHER SERVICE TAMPA BAY FL
517 PM EDT FRI AUG 29 2014


...................................

...THE TAMPA CLIMATE SUMMARY FOR AUGUST 29 2014...
VALID TODAY AS OF 0500 PM LOCAL TIME.

CLIMATE NORMAL PERIOD 1981 TO 2010
CLIMATE RECORD PERIOD 1890 TO 2014


WEATHER ITEM   OBSERVED TIME   RECORD YEAR NORMAL DEPARTURE LAST
                VALUE   (LST)  VALUE       VALUE  FROM      YEAR
                                                  NORMAL
..................................................................
TEMPERATURE (F)
 TODAY
  MAXIMUM         92    202 PM  97    1951  90      2       93
  MINIMUM         79    603 AM  69    1969  76      3       76
  AVERAGE         86                        83      3       85

PRECIPITATION (IN)
  TODAY            0.00          2.15 1992   0.25  -0.25     0.00
  MONTH TO DATE    5.42                      7.28  -1.86    11.45
  SINCE JUN 1     19.87                     21.03  -1.16    32.94
  SINCE JAN 1     39.20                     33.23   5.97    42.06

DEGREE DAYS
 HEATING
  TODAY            0                         0      0        0
  MONTH TO DATE    0                         0      0        0
  SINCE JUN 1      0                         0      0        0
  SINCE JUL 1      0                         0      0        0

 COOLING
  TODAY           21                        18      3       20
  MONTH TO DATE  564                       522     42      556
  SINCE JUN 1   1654                      1596     58     1628
  SINCE JAN 1   2477                      2473      4     2603
..................................................................


WIND (MPH)
  RESULTANT WIND SPEED   4   RESULTANT WIND DIRECTION   S (160)
  HIGHEST WIND SPEED    17   HIGHEST WIND DIRECTION     S (190)
  HIGHEST GUST SPEED    20   HIGHEST GUST DIRECTION     S (180)
  AVERAGE WIND SPEED     5.8


SKY COVER
  POSSIBLE SUNSHINE  MM
  AVERAGE SKY COVER 0.4


WEATHER CONDITIONS
 THE FOLLOWING WEATHER WAS RECORDED TODAY.
  THUNDERSTORM


RELATIVE HUMIDITY (PERCENT)
 HIGHEST    85           500 AM
 LOWEST     63          1200 PM

..........................................................


THE TAMPA CLIMATE NORMALS FOR TOMORROW
                         NORMAL    RECORD    YEAR
 MAXIMUM TEMPERATURE (F)   90        96      1960
                                             1951
 MINIMUM TEMPERATURE (F)   76        66      1896


SUNRISE AND SUNSET
AUGUST 29 2014........SUNRISE   707 AM EDT   SUNSET   754 PM EDT
AUGUST 30 2014........SUNRISE   708 AM EDT   SUNSET   753 PM EDT


-  INDICATES NEGATIVE NUMBERS.
R  INDICATES RECORD WAS SET OR TIED.
MM INDICATES DATA IS MISSING.
T  INDICATES TRACE AMOUNT.




$$


&&
------------------------------------------------------------------
******************** SUPPLEMENTAL DATA ***************************

...RUSKIN                HIGH 92    LOW 76    PCPN 0.00
...SARASOTA/BRADENTON    HIGH 91    LOW 77    PCPN 0.03
...LAKELAND              HIGH 94    LOW 75    PCPN 0.16
...ST. PETERSBURG        HIGH MM    LOW MM    PCPN MMMM
...GULF WATER TEMPERATURE AT CLEARWATER BEACH 87
