000
CDUS42 KTBW 042220
CLITPA


CLIMATE REPORT
NATIONAL WEATHER SERVICE TAMPA BAY FL
517 PM EST SUN DEC 4 2016


...................................

...THE TAMPA CLIMATE SUMMARY FOR DECEMBER 4 2016...
VALID TODAY AS OF 0500 PM LOCAL TIME.

CLIMATE NORMAL PERIOD 1981 TO 2010
CLIMATE RECORD PERIOD 1890 TO 2016


WEATHER ITEM   OBSERVED TIME   RECORD YEAR NORMAL DEPARTURE LAST
                VALUE   (LST)  VALUE       VALUE  FROM      YEAR
                                                  NORMAL
..................................................................
TEMPERATURE (F)
 TODAY
  MAXIMUM         84    414 PM  86    1994  74     10       79
  MINIMUM         64    540 AM  33    1989  57      7       61
  AVERAGE         74                        65      9       70

PRECIPITATION (IN)
  TODAY            0.00          2.04 1997   0.07  -0.07     0.00
  MONTH TO DATE    0.00                      0.30  -0.30     0.02
  SINCE DEC 1      0.00                      0.30  -0.30     0.02
  SINCE JAN 1     52.13                     44.13   8.00    63.03

DEGREE DAYS
 HEATING
  TODAY            0                         3     -3        0
  MONTH TO DATE    0                        12    -12        0
  SINCE DEC 1      0                        12    -12        0
  SINCE JUL 1     15                        56    -41        5

 COOLING
  TODAY            9                         3      6        5
  MONTH TO DATE   24                        13     11       33
  SINCE DEC 1     24                        13     11       33
  SINCE JAN 1   3997                      3543    454     4249
..................................................................


WIND (MPH)
  RESULTANT WIND SPEED   6   RESULTANT WIND DIRECTION  SE (120)
  HIGHEST WIND SPEED    16   HIGHEST WIND DIRECTION    SE (140)
  HIGHEST GUST SPEED    24   HIGHEST GUST DIRECTION    SE (120)
  AVERAGE WIND SPEED     7.4


SKY COVER
  POSSIBLE SUNSHINE  MM
  AVERAGE SKY COVER 0.1


WEATHER CONDITIONS
 THE FOLLOWING WEATHER WAS RECORDED TODAY.
  NO SIGNIFICANT WEATHER WAS OBSERVED.


RELATIVE HUMIDITY (PERCENT)
 HIGHEST    84           700 AM
 LOWEST     48           300 PM

..........................................................


THE TAMPA CLIMATE NORMALS FOR TOMORROW
                         NORMAL    RECORD    YEAR
 MAXIMUM TEMPERATURE (F)   74        84      1972
 MINIMUM TEMPERATURE (F)   56        35      1974


SUNRISE AND SUNSET
DECEMBER  4 2016......SUNRISE   707 AM EST   SUNSET   534 PM EST
DECEMBER  5 2016......SUNRISE   707 AM EST   SUNSET   534 PM EST


-  INDICATES NEGATIVE NUMBERS.
R  INDICATES RECORD WAS SET OR TIED.
MM INDICATES DATA IS MISSING.
T  INDICATES TRACE AMOUNT.




$$


&&
------------------------------------------------------------------
******************** SUPPLEMENTAL DATA ***************************

...RUSKIN                HIGH 85    LOW 62    PCPN 0.00
...SARASOTA/BRADENTON    HIGH 85    LOW 63    PCPN 0.00
...LAKELAND*             HIGH 84    LOW 61    PCPN 0.00
...ST. PETERSBURG        HIGH 81    LOW 65    PCPN 0.00
...GULF WATER TEMPERATURE AT CLEARWATER BEACH 69 DEGREES

*LAKELAND DATA IS FROM 4:30 PM SATURDAY TO 4:30 PM SUNDAY
AND MAY REFLECT YESTERDAYS RAINFALL AND HIGH TEMPERATURE.
