000
CDUS42 KTBW 262226
CLITPA


CLIMATE REPORT
NATIONAL WEATHER SERVICE TAMPA BAY FL
522 PM EST FRI DEC 26 2014


...................................

...THE TAMPA CLIMATE SUMMARY FOR DECEMBER 26 2014...
VALID TODAY AS OF 0500 PM LOCAL TIME.

CLIMATE NORMAL PERIOD 1981 TO 2010
CLIMATE RECORD PERIOD 1890 TO 2014


WEATHER ITEM   OBSERVED TIME   RECORD YEAR NORMAL DEPARTURE LAST
                VALUE   (LST)  VALUE       VALUE  FROM      YEAR
                                                  NORMAL
..................................................................
TEMPERATURE (F)
 TODAY
  MAXIMUM         74    115 PM  85    1984  70      4       79
  MINIMUM         53    256 AM  19    1983  52      1       58
  AVERAGE         64                        61      3       69

PRECIPITATION (IN)
  TODAY            0.00          1.84 1981   0.09  -0.09     0.00
  MONTH TO DATE    0.93                      2.12  -1.19     0.25
  SINCE DEC 1      0.93                      2.12  -1.19     0.25
  SINCE JAN 1     57.23                     45.95  11.28    51.92

DEGREE DAYS
 HEATING
  TODAY            1                         6     -5        0
  MONTH TO DATE   86                       109    -23       32
  SINCE DEC 1     86                       109    -23       32
  SINCE JUL 1    174                       153     21       62

 COOLING
  TODAY            0                         2     -2        4
  MONTH TO DATE   74                        68      6      140
  SINCE DEC 1     74                        68      6      140
  SINCE JAN 1   3499                      3598    -99     3876
..................................................................


WIND (MPH)
  RESULTANT WIND SPEED   4   RESULTANT WIND DIRECTION  NE (60)
  HIGHEST WIND SPEED     7   HIGHEST WIND DIRECTION     N (360)
  HIGHEST GUST SPEED    12   HIGHEST GUST DIRECTION    NW (320)
  AVERAGE WIND SPEED     4.7


SKY COVER
  POSSIBLE SUNSHINE  MM
  AVERAGE SKY COVER 0.6


WEATHER CONDITIONS
 THE FOLLOWING WEATHER WAS RECORDED TODAY.
  NO SIGNIFICANT WEATHER WAS OBSERVED.


RELATIVE HUMIDITY (PERCENT)
 HIGHEST    83           100 AM
 LOWEST     49           100 PM

..........................................................


THE TAMPA CLIMATE NORMALS FOR TOMORROW
                         NORMAL    RECORD    YEAR
 MAXIMUM TEMPERATURE (F)   70        85      1990
 MINIMUM TEMPERATURE (F)   52        28      1985


SUNRISE AND SUNSET
DECEMBER 26 2014......SUNRISE   719 AM EST   SUNSET   542 PM EST
DECEMBER 27 2014......SUNRISE   720 AM EST   SUNSET   543 PM EST


-  INDICATES NEGATIVE NUMBERS.
R  INDICATES RECORD WAS SET OR TIED.
MM INDICATES DATA IS MISSING.
T  INDICATES TRACE AMOUNT.




$$


&&
------------------------------------------------------------------
******************** SUPPLEMENTAL DATA ***************************

...RUSKIN                HIGH 72    LOW 52    PCPN 0.00
...SARASOTA/BRADENTON    HIGH 74    LOW 53    PCPN 0.00
...LAKELAND              HIGH 70    LOW 52    PCPN 0.00
...ST. PETERSBURG        HIGH 71    LOW 58    PCPN 0.00

...GULF WATER TEMPERATURE AT CLEARWATER BEACH 66
