000
CDUS42 KTBW 210928
CLITPA


CLIMATE REPORT
NATIONAL WEATHER SERVICE TAMPA BAY FL
426 AM EST TUE FEB 21 2017


...................................

...THE TAMPA CLIMATE SUMMARY FOR FEBRUARY 20 2017...

CLIMATE NORMAL PERIOD 1981 TO 2010
CLIMATE RECORD PERIOD 1890 TO 2017


WEATHER ITEM   OBSERVED TIME   RECORD YEAR NORMAL DEPARTURE LAST
                VALUE   (LST)  VALUE       VALUE  FROM      YEAR
                                                  NORMAL
..................................................................
TEMPERATURE (F)
 YESTERDAY
  MAXIMUM         83    455 PM  87    1997  73     10       78
                                      1961
  MINIMUM         59    436 AM  34    2015  55      4       56
  AVERAGE         71                        64      7       67

PRECIPITATION (IN)
  YESTERDAY        0.00          3.90 1902   0.09  -0.09     0.00
  MONTH TO DATE    0.88                      2.05  -1.17     1.56
  SINCE DEC 1      2.21                      6.75  -4.54     8.23
  SINCE JAN 1      1.78                      4.28  -2.50     7.74

DEGREE DAYS
 HEATING
  YESTERDAY        0                         3     -3        0
  MONTH TO DATE   13                        83    -70       93
  SINCE DEC 1    121                       404   -283      272
  SINCE JUL 1    136                       448   -312      277

 COOLING
  YESTERDAY        6                         2      4        2
  MONTH TO DATE   67                        40     27       32
  SINCE DEC 1    386                       170    216      337
  SINCE JAN 1    194                        90    104       62
..................................................................


WIND (MPH)
  RESULTANT WIND SPEED   1   RESULTANT WIND DIRECTION  SW (220)
  HIGHEST WIND SPEED    14   HIGHEST WIND DIRECTION     W (290)
  HIGHEST GUST SPEED    22   HIGHEST GUST DIRECTION     W (280)
  AVERAGE WIND SPEED     4.4


SKY COVER
  POSSIBLE SUNSHINE  MM
  AVERAGE SKY COVER 0.3


WEATHER CONDITIONS
 THE FOLLOWING WEATHER WAS RECORDED YESTERDAY.
  FOG
  FOG W/VISIBILITY <= 1/4 MILE


RELATIVE HUMIDITY (PERCENT)
 HIGHEST    97           500 AM
 LOWEST     43           500 PM
 AVERAGE    70

..........................................................


THE TAMPA CLIMATE NORMALS FOR TODAY
                         NORMAL    RECORD    YEAR
 MAXIMUM TEMPERATURE (F)   73        87      1961
 MINIMUM TEMPERATURE (F)   55        31      1958


SUNRISE AND SUNSET
FEBRUARY 21 2017......SUNRISE   702 AM EST   SUNSET   626 PM EST
FEBRUARY 22 2017......SUNRISE   701 AM EST   SUNSET   626 PM EST


-  INDICATES NEGATIVE NUMBERS.
R  INDICATES RECORD WAS SET OR TIED.
MM INDICATES DATA IS MISSING.
T  INDICATES TRACE AMOUNT.




$$


&&
------------------------------------------------------------------
******************** SUPPLEMENTAL DATA ***************************

...RUSKIN                HIGH 84    LOW 56    PCPN 0.00
...SARASOTA/BRADENTON    HIGH 83    LOW 57    PCPN 0.00
...ST. PETERSBURG        HIGH 81    LOW 62    PCPN 0.00
...GULF WATER TEMPERATURE AT CLEARWATER BEACH 69 DEGREES
