000
CDUS42 KTBW 260828
CLITPA


CLIMATE REPORT
NATIONAL WEATHER SERVICE TAMPA BAY FL
426 AM EDT SUN OCT 26 2014


...................................

...THE TAMPA CLIMATE SUMMARY FOR OCTOBER 25 2014...

CLIMATE NORMAL PERIOD 1981 TO 2010
CLIMATE RECORD PERIOD 1890 TO 2014


WEATHER ITEM   OBSERVED TIME   RECORD YEAR NORMAL DEPARTURE LAST
                VALUE   (LST)  VALUE       VALUE  FROM      YEAR
                                                  NORMAL
..................................................................
TEMPERATURE (F)
 YESTERDAY
  MAXIMUM         81   1240 PM  89    1919  82     -1       82
  MINIMUM         59    448 AM  46    1909  66     -7       58
                                      1903
  AVERAGE         70                        74     -4       70

PRECIPITATION (IN)
  YESTERDAY        0.00          5.02 1921   0.05  -0.05     0.00
  MONTH TO DATE    1.52                      1.95  -0.43     0.82
  SINCE SEP 1     11.09                      8.25   2.84     8.19
  SINCE JAN 1     51.04                     41.97   9.07    50.71

DEGREE DAYS
 HEATING
  YESTERDAY        0                         0      0        0
  MONTH TO DATE    0                         0      0        0
  SINCE SEP 1      0                         0      0        0
  SINCE JUL 1      0                         0      0        0

 COOLING
  YESTERDAY        5                         9     -4        5
  MONTH TO DATE  296                       299     -3      340
  SINCE SEP 1    785                       800    -15      855
  SINCE JAN 1   3302                      3315    -13     3492
..................................................................


WIND (MPH)
  RESULTANT WIND SPEED   6   RESULTANT WIND DIRECTION   N (360)
  HIGHEST WIND SPEED    14   HIGHEST WIND DIRECTION    NW (330)
  HIGHEST GUST SPEED    21   HIGHEST GUST DIRECTION    NW (310)
  AVERAGE WIND SPEED     6.1


SKY COVER
  POSSIBLE SUNSHINE  MM
  AVERAGE SKY COVER 0.0


WEATHER CONDITIONS
 THE FOLLOWING WEATHER WAS RECORDED YESTERDAY.
  NO SIGNIFICANT WEATHER WAS OBSERVED.


RELATIVE HUMIDITY (PERCENT)
 HIGHEST    84           400 AM
 LOWEST     35           200 PM
 AVERAGE    60

..........................................................


THE TAMPA CLIMATE NORMALS FOR TODAY
                         NORMAL    RECORD    YEAR
 MAXIMUM TEMPERATURE (F)   82        89      1991
                                             1963
                                             1939
 MINIMUM TEMPERATURE (F)   65        45      1903


SUNRISE AND SUNSET
OCTOBER 26 2014.......SUNRISE   737 AM EDT   SUNSET   651 PM EDT
OCTOBER 27 2014.......SUNRISE   738 AM EDT   SUNSET   650 PM EDT


-  INDICATES NEGATIVE NUMBERS.
R  INDICATES RECORD WAS SET OR TIED.
MM INDICATES DATA IS MISSING.
T  INDICATES TRACE AMOUNT.




$$


&&
------------------------------------------------------------------
******************** SUPPLEMENTAL DATA ***************************

...RUSKIN                HIGH 79    LOW 58    PCPN 0.00
...SARASOTA/BRADENTON    HIGH 79    LOW 62    PCPN 0.00
...ST. PETERSBURG        HIGH 79    LOW 66    PCPN 0.00
...GULF WATER TEMPERATURE AT CLEARWATER BEACH 74
