000
CDUS42 KTBW 020902
CLITPA


CLIMATE REPORT
NATIONAL WEATHER SERVICE TAMPA BAY FL
457 AM EDT THU JUL 2 2015


...................................

...THE TAMPA CLIMATE SUMMARY FOR JULY 1 2015...

CLIMATE NORMAL PERIOD 1981 TO 2010
CLIMATE RECORD PERIOD 1890 TO 2015


WEATHER ITEM   OBSERVED TIME   RECORD YEAR NORMAL DEPARTURE LAST
                VALUE   (LST)  VALUE       VALUE  FROM      YEAR
                                                  NORMAL
..................................................................
TEMPERATURE (F)
 YESTERDAY
  MAXIMUM         92    447 PM  96    1950  90      2       94
  MINIMUM         80    501 AM  63    1970  76      4       76
  AVERAGE         86                        83      3       85

PRECIPITATION (IN)
  YESTERDAY        0.00          4.72 2009   0.25  -0.25     0.74
  MONTH TO DATE    0.00                      0.25  -0.25     0.74
  SINCE JUN 1      6.23                      6.93  -0.70     2.51
  SINCE JAN 1     27.12                     19.13   7.99    21.84

DEGREE DAYS
 HEATING
  YESTERDAY        0                         0      0        0
  MONTH TO DATE    0                         0      0        0
  SINCE JUN 1      0                         0      0        0
  SINCE JUL 1      0                         0      0        0

 COOLING
  YESTERDAY       21                        18      3       20
  MONTH TO DATE   21                        18      3       20
  SINCE JUN 1    564                       534     30      546
  SINCE JAN 1   1785                      1411    374     1369
..................................................................


WIND (MPH)
  RESULTANT WIND SPEED   3   RESULTANT WIND DIRECTION  SW (210)
  HIGHEST WIND SPEED    13   HIGHEST WIND DIRECTION     W (280)
  HIGHEST GUST SPEED    19   HIGHEST GUST DIRECTION     W (280)
  AVERAGE WIND SPEED     4.8


SKY COVER
  POSSIBLE SUNSHINE  MM
  AVERAGE SKY COVER 0.6


WEATHER CONDITIONS
 THE FOLLOWING WEATHER WAS RECORDED YESTERDAY.
  NO SIGNIFICANT WEATHER WAS OBSERVED.


RELATIVE HUMIDITY (PERCENT)
 HIGHEST    85           500 AM
 LOWEST     44           500 PM
 AVERAGE    65

..........................................................


THE TAMPA CLIMATE NORMALS FOR TODAY
                         NORMAL    RECORD    YEAR
 MAXIMUM TEMPERATURE (F)   90        96      1902
 MINIMUM TEMPERATURE (F)   76        69      1955
                                             1903


SUNRISE AND SUNSET
JULY  2 2015..........SUNRISE   638 AM EDT   SUNSET   831 PM EDT
JULY  3 2015..........SUNRISE   638 AM EDT   SUNSET   830 PM EDT


-  INDICATES NEGATIVE NUMBERS.
R  INDICATES RECORD WAS SET OR TIED.
MM INDICATES DATA IS MISSING.
T  INDICATES TRACE AMOUNT.




$$


&&
------------------------------------------------------------------
******************** SUPPLEMENTAL DATA ***************************

...RUSKIN                HIGH 93    LOW 73    PCPN 0.16
...SARASOTA/BRADENTON    HIGH 91    LOW 75    PCPN 0.00
...ST. PETERSBURG        HIGH 92    LOW 79    PCPN 0.00
...GULF WATER TEMPERATURE AT CLEARWATER BEACH 88
