000
CDUS42 KTBW 222119
CLITPA


CLIMATE REPORT
NATIONAL WEATHER SERVICE TAMPA BAY FL
517 PM EDT MON MAY 22 2017


...................................

...THE TAMPA CLIMATE SUMMARY FOR MAY 22 2017...
VALID TODAY AS OF 0500 PM LOCAL TIME.

CLIMATE NORMAL PERIOD 1981 TO 2010
CLIMATE RECORD PERIOD 1890 TO 2017


WEATHER ITEM   OBSERVED TIME   RECORD YEAR NORMAL DEPARTURE LAST
                VALUE   (LST)  VALUE       VALUE  FROM      YEAR
                                                  NORMAL
..................................................................
TEMPERATURE (F)
 TODAY
  MAXIMUM         91    315 PM  95    1975  88      3       87
                                      1965
  MINIMUM         76    413 AM  54    1994  71      5       75
  AVERAGE         84                        80      4       81

PRECIPITATION (IN)
  TODAY            0.00          2.62 1906   0.08  -0.08     0.00
  MONTH TO DATE    1.32                      1.27   0.05     3.76
  SINCE MAR 1      2.90                      6.33  -3.43     7.19
  SINCE JAN 1      5.86                     11.37  -5.51    15.90

DEGREE DAYS
 HEATING
  TODAY            0                         0      0        0
  MONTH TO DATE    0                         0      0        0
  SINCE MAR 1     28                        67    -39       15
  SINCE JUL 1    164                       538   -374      323

 COOLING
  TODAY           19                        15      4       16
  MONTH TO DATE  353                       278     75      290
  SINCE MAR 1    912                       625    287      799
  SINCE JAN 1   1165                       738    427      877
..................................................................


WIND (MPH)
  RESULTANT WIND SPEED   7   RESULTANT WIND DIRECTION   S (190)
  HIGHEST WIND SPEED    16   HIGHEST WIND DIRECTION     S (200)
  HIGHEST GUST SPEED    20   HIGHEST GUST DIRECTION     W (260)
  AVERAGE WIND SPEED     8.5


SKY COVER
  POSSIBLE SUNSHINE  MM
  AVERAGE SKY COVER 0.7


WEATHER CONDITIONS
 THE FOLLOWING WEATHER WAS RECORDED TODAY.
  NO SIGNIFICANT WEATHER WAS OBSERVED.


RELATIVE HUMIDITY (PERCENT)
 HIGHEST    82           300 AM
 LOWEST     52           200 PM

..........................................................


THE TAMPA CLIMATE NORMALS FOR TOMORROW
                         NORMAL    RECORD    YEAR
 MAXIMUM TEMPERATURE (F)   89        95      1975
 MINIMUM TEMPERATURE (F)   71        58      1892


SUNRISE AND SUNSET
MAY 22 2017...........SUNRISE   637 AM EDT   SUNSET   817 PM EDT
MAY 23 2017...........SUNRISE   637 AM EDT   SUNSET   817 PM EDT


-  INDICATES NEGATIVE NUMBERS.
R  INDICATES RECORD WAS SET OR TIED.
MM INDICATES DATA IS MISSING.
T  INDICATES TRACE AMOUNT.




$$


&&
------------------------------------------------------------------
******************** SUPPLEMENTAL DATA ***************************

...RUSKIN                HIGH 89    LOW 72    PCPN 0.03
...SARASOTA/BRADENTON    HIGH 87    LOW 72    PCPN 0.41
...LAKELAND*             HIGH 94    LOW 74    PCPN 1.00
...ST. PETERSBURG        HIGH 85    LOW 73    PCPN 0.14
...GULF WATER TEMPERATURE AT CLEARWATER BEACH 84 DEGREES

*LAKELAND DATA IS FROM 4:30 PM SUNDAY TO 4:30 PM MONDAY
AND MAY REFLECT YESTERDAYS RAINFALL AND HIGH TEMPERATURE.
