000
CDUS45 KLKN 070934
CLITPH


CLIMATE REPORT
NATIONAL WEATHER SERVICE ELKO NV
134 AM PST SUN FEB 7 2016


...................................

...THE TONOPAH AIRPORT NV CLIMATE SUMMARY FOR FEBRUARY 6 2016...

CLIMATE NORMAL PERIOD 1981 TO 2010
CLIMATE RECORD PERIOD 1954 TO 2016


WEATHER ITEM   OBSERVED TIME   RECORD YEAR NORMAL DEPARTURE LAST
                VALUE   (LST)  VALUE       VALUE  FROM      YEAR
                                                  NORMAL
..................................................................
TEMPERATURE (F)
 YESTERDAY
  MAXIMUM         35    325 PM  67    1963  47    -12       65
  MINIMUM          9    730 AM  -3    1989  23    -14       36
  AVERAGE         22                        35    -13       51

PRECIPITATION (IN)
  YESTERDAY        0.00          0.54 1976   0.02  -0.02     0.00
  MONTH TO DATE    T                         0.10  -0.10     0.00
  SINCE OCT 1      4.35                      1.68   2.67     0.65
  SINCE JAN 1      0.97                      0.59   0.38     0.17

DEGREE DAYS
 HEATING
  YESTERDAY       43                        30     13       14
  MONTH TO DATE  297                       182    115      116
  SINCE DEC 1   2369                      2216    153     1772
  SINCE JUL 1   3443                      3433     10     2685

 COOLING
  YESTERDAY        0                         0      0        0
  MONTH TO DATE    0                         0      0        0
  SINCE DEC 1      0                         0      0        0
  SINCE JAN 1      0                         0      0        0
..................................................................


WIND (MPH)
  HIGHEST WIND SPEED    15   HIGHEST WIND DIRECTION     N (360)
  HIGHEST GUST SPEED    18   HIGHEST GUST DIRECTION    NE (30)
  AVERAGE WIND SPEED     6.1



WEATHER CONDITIONS
 THE FOLLOWING WEATHER WAS RECORDED YESTERDAY.
  NO SIGNIFICANT WEATHER WAS OBSERVED.


RELATIVE HUMIDITY (PERCENT)
 HIGHEST    92           700 AM
 LOWEST     64           400 PM
 AVERAGE    78

..........................................................


THE TONOPAH AIRPORT NV CLIMATE NORMALS FOR TODAY
                         NORMAL    RECORD    YEAR
 MAXIMUM TEMPERATURE (F)   47        68      1963
 MINIMUM TEMPERATURE (F)   23        -9      1989


SUNRISE AND SUNSET
FEBRUARY  7 2016......SUNRISE   648 AM PST   SUNSET   518 PM PST
FEBRUARY  8 2016......SUNRISE   647 AM PST   SUNSET   519 PM PST


-  INDICATES NEGATIVE NUMBERS.
R  INDICATES RECORD WAS SET OR TIED.
MM INDICATES DATA IS MISSING.
T  INDICATES TRACE AMOUNT.




$$
