000
CDUS45 KLKN 050926
CLITPH


CLIMATE REPORT
NATIONAL WEATHER SERVICE ELKO NV
226 AM PDT THU MAY 5 2016


...................................

...THE TONOPAH AIRPORT NV CLIMATE SUMMARY FOR MAY 4 2016...

CLIMATE NORMAL PERIOD 1981 TO 2010
CLIMATE RECORD PERIOD 1954 TO 2016


WEATHER ITEM   OBSERVED TIME   RECORD YEAR NORMAL DEPARTURE LAST
                VALUE   (LST)  VALUE       VALUE  FROM      YEAR
                                                  NORMAL
..................................................................
TEMPERATURE (F)
 YESTERDAY
  MAXIMUM         76    252 PM  87    2004  70      6       77
  MINIMUM         43    517 AM  27    1965  40      3       49
                                      1964
  AVERAGE         60                        55      5       63

PRECIPITATION (IN)
  YESTERDAY        0.00          0.22 1967   0.02  -0.02      T
  MONTH TO DATE    T                         0.06  -0.06      T
  SINCE OCT 1      5.23                      3.15   2.08     1.05
  SINCE JAN 1      1.85                      2.06  -0.21     0.57

DEGREE DAYS
 HEATING
  YESTERDAY        5                        10     -5        2
  MONTH TO DATE   40                        42     -2        8
  SINCE MAR 1   1019                      1193   -174      894
  SINCE JUL 1   4946                      5235   -289     4016

 COOLING
  YESTERDAY        0                         0      0        0
  MONTH TO DATE    0                         0      0        0
  SINCE MAR 1      0                         1     -1        0
  SINCE JAN 1      0                         1     -1        0
..................................................................


WIND (MPH)
  HIGHEST WIND SPEED    30   HIGHEST WIND DIRECTION    SW (210)
  HIGHEST GUST SPEED    37   HIGHEST GUST DIRECTION    SW (210)
  AVERAGE WIND SPEED    11.6



WEATHER CONDITIONS
 THE FOLLOWING WEATHER WAS RECORDED YESTERDAY.
  NO SIGNIFICANT WEATHER WAS OBSERVED.


RELATIVE HUMIDITY (PERCENT)
 HIGHEST    53           400 AM
 LOWEST     13           300 PM
 AVERAGE    33

..........................................................


THE TONOPAH AIRPORT NV CLIMATE NORMALS FOR TODAY
                         NORMAL    RECORD    YEAR
 MAXIMUM TEMPERATURE (F)   71        85      1989
 MINIMUM TEMPERATURE (F)   40        25      1961


SUNRISE AND SUNSET
MAY  5 2016...........SUNRISE   547 AM PDT   SUNSET   744 PM PDT
MAY  6 2016...........SUNRISE   546 AM PDT   SUNSET   744 PM PDT


-  INDICATES NEGATIVE NUMBERS.
R  INDICATES RECORD WAS SET OR TIED.
MM INDICATES DATA IS MISSING.
T  INDICATES TRACE AMOUNT.




$$
