000
CDUS45 KLKN 240036
CLITPH


CLIMATE REPORT
NATIONAL WEATHER SERVICE ELKO NV
536 PM PDT FRI JUN 23 2017


...................................

...THE TONOPAH AIRPORT NV CLIMATE SUMMARY FOR JUNE 23 2017...
VALID TODAY AS OF 0500 PM LOCAL TIME.

CLIMATE NORMAL PERIOD 1981 TO 2010
CLIMATE RECORD PERIOD 1954 TO 2017


WEATHER ITEM   OBSERVED TIME   RECORD YEAR NORMAL DEPARTURE LAST
                VALUE   (LST)  VALUE       VALUE  FROM      YEAR
                                                  NORMAL
..................................................................
TEMPERATURE (F)
 TODAY
  MAXIMUM         97    327 PM 100    1954  88      9       97
  MINIMUM         65    506 AM  42    1963  54     11       59
  AVERAGE         81                        71     10       78

PRECIPITATION (IN)
  TODAY            0.00          0.02 1972   0.01  -0.01     0.00
  MONTH TO DATE    T                         0.25  -0.25     0.07
  SINCE OCT 1      2.78                      3.87  -1.09     5.62
  SINCE JAN 1      2.25                      2.78  -0.53     2.24

DEGREE DAYS
 HEATING
  TODAY            0                         1     -1        0
  MONTH TO DATE   31                        48    -17       10
  SINCE JUN 1     31                        48    -17       10
  SINCE JUL 1   5010                      5459   -449     5148

 COOLING
  TODAY           16                         6     10       13
  MONTH TO DATE  197                        95    102      177
  SINCE JUN 1    197                        95    102      177
  SINCE JAN 1    230                       122    108      185
..................................................................


WIND (MPH)
  HIGHEST WIND SPEED    18   HIGHEST WIND DIRECTION     W (280)
  HIGHEST GUST SPEED    28   HIGHEST GUST DIRECTION     N (20)



WEATHER CONDITIONS
 THE FOLLOWING WEATHER WAS RECORDED TODAY.
  NO SIGNIFICANT WEATHER WAS OBSERVED.


RELATIVE HUMIDITY (PERCENT)
 HIGHEST    28           500 AM
 LOWEST      9           300 PM
 AVERAGE    19

..........................................................


THE TONOPAH AIRPORT NV CLIMATE NORMALS FOR TOMORROW
                         NORMAL    RECORD    YEAR
 MAXIMUM TEMPERATURE (F)   88        98      2006
                                             1994
                                             1961
 MINIMUM TEMPERATURE (F)   54        39      1963


SUNRISE AND SUNSET
JUNE 23 2017..........SUNRISE   526 AM PDT   SUNSET   815 PM PDT
JUNE 24 2017..........SUNRISE   527 AM PDT   SUNSET   815 PM PDT


-  INDICATES NEGATIVE NUMBERS.
R  INDICATES RECORD WAS SET OR TIED.
MM INDICATES DATA IS MISSING.
T  INDICATES TRACE AMOUNT.




$$
