000
CDUS45 KLKN 210945
CLITPH


CLIMATE REPORT
NATIONAL WEATHER SERVICE ELKO NV
145 AM PST SUN DEC 21 2014


...................................

...THE TONOPAH AIRPORT NV CLIMATE SUMMARY FOR DECEMBER 20 2014...

CLIMATE NORMAL PERIOD 1981 TO 2010
CLIMATE RECORD PERIOD 1954 TO 2014


WEATHER ITEM   OBSERVED TIME   RECORD YEAR NORMAL DEPARTURE LAST
                VALUE   (LST)  VALUE       VALUE  FROM      YEAR
                                                  NORMAL
..................................................................
TEMPERATURE (F)
 YESTERDAY
  MAXIMUM         43    324 PM  57    2004  44     -1       34
                                      1980
                                      1958
  MINIMUM         26   1237 AM  -7    1967  19      7       20
  AVERAGE         35                        31      4       27

PRECIPITATION (IN)
  YESTERDAY        T             0.30 1986   0.01  -0.01     0.00
  MONTH TO DATE    0.33                      0.20   0.13     0.04
  SINCE OCT 1      0.46                      0.98  -0.52     0.46
  SINCE JAN 1      4.17                      5.13  -0.96     4.49

DEGREE DAYS
 HEATING
  YESTERDAY       30                        34     -4       38
  MONTH TO DATE  530                       656   -126      746
  SINCE DEC 1    530                       656   -126      746
  SINCE JUL 1   1443                      1873   -430     1973

 COOLING
  YESTERDAY        0                         0      0        0
  MONTH TO DATE    0                         0      0        0
  SINCE DEC 1      0                         0      0        0
  SINCE JAN 1   1004                       783    221     1042
..................................................................


WIND (MPH)
  HIGHEST WIND SPEED    18   HIGHEST WIND DIRECTION     N (340)
  HIGHEST GUST SPEED    27   HIGHEST GUST DIRECTION     N (340)
  AVERAGE WIND SPEED     2.5



WEATHER CONDITIONS
 THE FOLLOWING WEATHER WAS RECORDED YESTERDAY.
  NO SIGNIFICANT WEATHER WAS OBSERVED.


RELATIVE HUMIDITY (PERCENT)
 HIGHEST    92           100 AM
 LOWEST     57           200 PM
 AVERAGE    75

..........................................................


THE TONOPAH AIRPORT NV CLIMATE NORMALS FOR TODAY
                         NORMAL    RECORD    YEAR
 MAXIMUM TEMPERATURE (F)   44        57      1969
 MINIMUM TEMPERATURE (F)   19       -13      1967


SUNRISE AND SUNSET
DECEMBER 21 2014......SUNRISE   701 AM PST   SUNSET   432 PM PST
DECEMBER 22 2014......SUNRISE   701 AM PST   SUNSET   433 PM PST


-  INDICATES NEGATIVE NUMBERS.
R  INDICATES RECORD WAS SET OR TIED.
MM INDICATES DATA IS MISSING.
T  INDICATES TRACE AMOUNT.




$$
