493
CDUS45 KLKN 230930
CLITPH


CLIMATE REPORT
NATIONAL WEATHER SERVICE ELKO NV
227 AM PDT WED AUG 23 2017


...................................

...THE TONOPAH AIRPORT NV CLIMATE SUMMARY FOR AUGUST 22 2017...

CLIMATE NORMAL PERIOD 1981 TO 2010
CLIMATE RECORD PERIOD 1954 TO 2017


WEATHER ITEM   OBSERVED TIME   RECORD YEAR NORMAL DEPARTURE LAST
                VALUE   (LST)  VALUE       VALUE  FROM      YEAR
                                                  NORMAL
..................................................................
TEMPERATURE (F)
 YESTERDAY
  MAXIMUM         87    405 PM  95    1969  89     -2       86
  MINIMUM         57    535 AM  38    1978  55      2       59
                                      1968
  AVERAGE         72                        72      0       73

PRECIPITATION (IN)
  YESTERDAY        0.00          0.30 2012   0.02  -0.02      T
  MONTH TO DATE    0.19                      0.36  -0.17      T
  SINCE OCT 1      3.63                      4.71  -1.08     5.74
  SINCE JAN 1      3.10                      3.62  -0.52     2.36

DEGREE DAYS
 HEATING
  YESTERDAY        0                         0      0        0
  MONTH TO DATE    0                         0      0        0
  SINCE JUN 1     31                        52    -21       10
  SINCE JUL 1      0                         2     -2        0

 COOLING
  YESTERDAY        7                         7      0        8
  MONTH TO DATE  245                       186     59      232
  SINCE JUN 1    970                       634    336      881
  SINCE JAN 1   1003                       661    342      889
..................................................................


WIND (MPH)
  HIGHEST WIND SPEED    18   HIGHEST WIND DIRECTION     S (190)
  HIGHEST GUST SPEED    24   HIGHEST GUST DIRECTION     S (200)
  AVERAGE WIND SPEED     8.5



WEATHER CONDITIONS
 THE FOLLOWING WEATHER WAS RECORDED YESTERDAY.
  NO SIGNIFICANT WEATHER WAS OBSERVED.


RELATIVE HUMIDITY (PERCENT)
 HIGHEST    75           300 AM
 LOWEST     17           400 PM
 AVERAGE    46

..........................................................


THE TONOPAH AIRPORT NV CLIMATE NORMALS FOR TODAY
                         NORMAL    RECORD    YEAR
 MAXIMUM TEMPERATURE (F)   89        96      1993
 MINIMUM TEMPERATURE (F)   54        40      1978
                                             1968


SUNRISE AND SUNSET
AUGUST 23 2017........SUNRISE   611 AM PDT   SUNSET   730 PM PDT
AUGUST 24 2017........SUNRISE   612 AM PDT   SUNSET   729 PM PDT


-  INDICATES NEGATIVE NUMBERS.
R  INDICATES RECORD WAS SET OR TIED.
MM INDICATES DATA IS MISSING.
T  INDICATES TRACE AMOUNT.




$$
