000
CDUS45 KLKN 250931
CLITPH


CLIMATE REPORT
NATIONAL WEATHER SERVICE ELKO NV
228 AM PDT TUE APR 25 2017


...................................

...THE TONOPAH AIRPORT NV CLIMATE SUMMARY FOR APRIL 24 2017...

CLIMATE NORMAL PERIOD 1981 TO 2010
CLIMATE RECORD PERIOD 1954 TO 2017


WEATHER ITEM   OBSERVED TIME   RECORD YEAR NORMAL DEPARTURE LAST
                VALUE   (LST)  VALUE       VALUE  FROM      YEAR
                                                  NORMAL
..................................................................
TEMPERATURE (F)
 YESTERDAY
  MAXIMUM         63    234 PM  83    1996  67     -4       59
  MINIMUM         43    435 AM  19    1964  37      6       34
  AVERAGE         53                        52      1       47

PRECIPITATION (IN)
  YESTERDAY        0.00          0.16 1994   0.01  -0.01     0.06
  MONTH TO DATE    0.17                      0.34  -0.17     0.28
  SINCE OCT 1      1.99                      3.01  -1.02     5.17
  SINCE JAN 1      1.46                      1.92  -0.46     1.79

DEGREE DAYS
 HEATING
  YESTERDAY       12                        13     -1       18
  MONTH TO DATE  338                       393    -55      280
  SINCE MAR 1    869                      1078   -209      877
  SINCE JUL 1   4734                      5120   -386     4804

 COOLING
  YESTERDAY        0                         0      0        0
  MONTH TO DATE    0                         0      0        0
  SINCE MAR 1      0                         0      0        0
  SINCE JAN 1      0                         0      0        0
..................................................................


WIND (MPH)
  HIGHEST WIND SPEED    30   HIGHEST WIND DIRECTION     N (350)
  HIGHEST GUST SPEED    37   HIGHEST GUST DIRECTION    NW (330)
  AVERAGE WIND SPEED    14.4



WEATHER CONDITIONS
 THE FOLLOWING WEATHER WAS RECORDED YESTERDAY.
  NO SIGNIFICANT WEATHER WAS OBSERVED.


RELATIVE HUMIDITY (PERCENT)
 HIGHEST    40          1100 PM
 LOWEST     22           600 PM
 AVERAGE    31

..........................................................


THE TONOPAH AIRPORT NV CLIMATE NORMALS FOR TODAY
                         NORMAL    RECORD    YEAR
 MAXIMUM TEMPERATURE (F)   67        79      1992
                                             1987
                                             1966
 MINIMUM TEMPERATURE (F)   37        18      1989


SUNRISE AND SUNSET
APRIL 25 2017.........SUNRISE   559 AM PDT   SUNSET   734 PM PDT
APRIL 26 2017.........SUNRISE   558 AM PDT   SUNSET   735 PM PDT


-  INDICATES NEGATIVE NUMBERS.
R  INDICATES RECORD WAS SET OR TIED.
MM INDICATES DATA IS MISSING.
T  INDICATES TRACE AMOUNT.




$$
