000
CDUS45 KLKN 230030
CLITPH


CLIMATE REPORT
NATIONAL WEATHER SERVICE ELKO NV
530 PM PDT FRI AUG 22 2014


...................................

...THE TONOPAH AIRPORT NV CLIMATE SUMMARY FOR AUGUST 22 2014...
VALID TODAY AS OF 0500 PM LOCAL TIME.

CLIMATE NORMAL PERIOD 1981 TO 2010
CLIMATE RECORD PERIOD 1954 TO 2014


WEATHER ITEM   OBSERVED TIME   RECORD YEAR NORMAL DEPARTURE LAST
                VALUE   (LST)  VALUE       VALUE  FROM      YEAR
                                                  NORMAL
..................................................................
TEMPERATURE (F)
 TODAY
  MAXIMUM         86    318 PM  95    1969  89     -3       92
  MINIMUM         55    530 AM  38    1978  55      0       60
                                      1968
  AVERAGE         71                        72     -1       76

PRECIPITATION (IN)
  TODAY            0.00          0.30 2012   0.02  -0.02     0.00
  MONTH TO DATE    0.77                      0.36   0.41     0.16
  SINCE OCT 1      3.48                      4.71  -1.23     3.24
  SINCE JAN 1      3.02                      3.62  -0.60     2.02

DEGREE DAYS
 HEATING
  TODAY            0                         0      0        0
  MONTH TO DATE    0                         0      0        0
  SINCE JUN 1     15                        52    -37        3
  SINCE JUL 1      0                         2     -2        0

 COOLING
  TODAY            6                         7     -1       11
  MONTH TO DATE  154                       186    -32      176
  SINCE JUN 1    772                       634    138      827
  SINCE JAN 1    806                       661    145      850
..................................................................


WIND (MPH)
  HIGHEST WIND SPEED    25   HIGHEST WIND DIRECTION     S (200)
  HIGHEST GUST SPEED    31   HIGHEST GUST DIRECTION     S (200)



WEATHER CONDITIONS
 THE FOLLOWING WEATHER WAS RECORDED TODAY.
  NO SIGNIFICANT WEATHER WAS OBSERVED.


RELATIVE HUMIDITY (PERCENT)
 HIGHEST    57           600 AM
 LOWEST     22           300 PM
 AVERAGE    40

..........................................................


THE TONOPAH AIRPORT NV CLIMATE NORMALS FOR TOMORROW
                         NORMAL    RECORD    YEAR
 MAXIMUM TEMPERATURE (F)   89        96      1993
 MINIMUM TEMPERATURE (F)   54        40      1978
                                             1968


SUNRISE AND SUNSET
AUGUST 22 2014........SUNRISE   610 AM PDT   SUNSET   732 PM PDT
AUGUST 23 2014........SUNRISE   610 AM PDT   SUNSET   731 PM PDT


-  INDICATES NEGATIVE NUMBERS.
R  INDICATES RECORD WAS SET OR TIED.
MM INDICATES DATA IS MISSING.
T  INDICATES TRACE AMOUNT.




$$
