000
CDUS44 KMRX 200902
CLITRI


CLIMATE REPORT
NATIONAL WEATHER SERVICE MORRISTOWN TN
402 AM EST FRI JAN 20 2017


...................................

...THE TRI-CITIES      ASOS CLIMATE SUMMARY FOR JANUARY 19 2017...

CLIMATE NORMAL PERIOD 1981 TO 2010
CLIMATE RECORD PERIOD 1934 TO 2017


WEATHER ITEM   OBSERVED TIME   RECORD YEAR NORMAL DEPARTURE LAST
                VALUE   (LST)  VALUE       VALUE  FROM      YEAR
                                                  NORMAL
..................................................................
TEMPERATURE (F)
 YESTERDAY
  MAXIMUM         63    251 PM  66    1951  45     18       25
  MINIMUM         35    757 AM  -8    1994  25     10        9
  AVERAGE         49                        35     14       17

PRECIPITATION (IN)
  YESTERDAY        0.00          1.33 2001   0.12  -0.12     0.00
  MONTH TO DATE    1.49                      2.04  -0.55     1.17
  SINCE DEC 1      6.85                      5.41   1.44     6.44
  SINCE JAN 1      1.49                      2.04  -0.55     1.17

SNOWFALL (IN)
  YESTERDAY        0.0                       0.2   -0.2      0.0
  MONTH TO DATE    3.7                       2.9    0.8      0.2
  SINCE DEC 1      3.7                       5.3   -1.6      0.2
  SINCE JUL 1      3.7                       5.6   -1.9      0.2
  SNOW DEPTH       0

DEGREE DAYS
 HEATING
  YESTERDAY       16                        30    -14       48
  MONTH TO DATE  384                       570   -186      604
  SINCE DEC 1   1162                      1413   -251     1047
  SINCE JUL 1   1781                      2299   -518     1690

 COOLING
  YESTERDAY        0                         0      0        0
  MONTH TO DATE    0                         0      0        0
  SINCE DEC 1      0                         0      0        0
  SINCE JAN 1      0                         0      0        0
..................................................................


WIND (MPH)
  HIGHEST WIND SPEED     8   HIGHEST WIND DIRECTION     W (250)
  HIGHEST GUST SPEED    10   HIGHEST GUST DIRECTION     W (290)
  AVERAGE WIND SPEED     1.0


SKY COVER
  POSSIBLE SUNSHINE  MM
  AVERAGE SKY COVER 0.7


WEATHER CONDITIONS
 THE FOLLOWING WEATHER WAS RECORDED YESTERDAY.
  FOG


RELATIVE HUMIDITY (PERCENT)
 HIGHEST   100           500 AM
 LOWEST     23           200 PM
 AVERAGE    62

..........................................................


THE TRI-CITIES      ASOS CLIMATE NORMALS FOR TODAY
                         NORMAL    RECORD    YEAR
 MAXIMUM TEMPERATURE (F)   45        68      1951
 MINIMUM TEMPERATURE (F)   25       -16      1985


SUNRISE AND SUNSET
JANUARY 20 2017.......SUNRISE   739 AM EST   SUNSET   543 PM EST
JANUARY 21 2017.......SUNRISE   738 AM EST   SUNSET   544 PM EST


-  INDICATES NEGATIVE NUMBERS.
R  INDICATES RECORD WAS SET OR TIED.
MM INDICATES DATA IS MISSING.
T  INDICATES TRACE AMOUNT.




$$
