000
CDUS44 KMRX 232136
CLITRI


CLIMATE REPORT
NATIONAL WEATHER SERVICE MORRISTOWN TN
536 PM EDT MON OCT 23 2017


...................................

...THE TRI-CITIES      ASOS CLIMATE SUMMARY FOR OCTOBER 23 2017...
VALID TODAY AS OF 0500 PM LOCAL TIME.

CLIMATE NORMAL PERIOD 1981 TO 2010
CLIMATE RECORD PERIOD 1934 TO 2017


WEATHER ITEM   OBSERVED TIME   RECORD YEAR NORMAL DEPARTURE LAST
                VALUE   (LST)  VALUE       VALUE  FROM      YEAR
                                                  NORMAL
..................................................................
TEMPERATURE (F)
 TODAY
  MAXIMUM         70    620 AM  82    1947  67      3       67
  MINIMUM         57    332 PM  24    1997  41     16       33
  AVERAGE         64                        54     10       50

PRECIPITATION (IN)
  TODAY            1.57R         0.95 1981   0.06   1.51     0.00
  MONTH TO DATE    3.55                      1.50   2.05     0.72
  SINCE SEP 1      4.54                      4.49   0.05     3.29
  SINCE JAN 1     39.35                     33.94   5.41    27.45

SNOWFALL (IN)
  TODAY            0.0                       0.0    0.0      0.0
  MONTH TO DATE    0.0                       0.0    0.0      0.0
  SINCE SEP 1      0.0                       0.0    0.0      0.0
  SINCE JUL 1      0.0                       0.0    0.0      0.0
  SNOW DEPTH       0

DEGREE DAYS
 HEATING
  TODAY            1                        11    -10       15
  MONTH TO DATE   79                       184   -105       89
  SINCE SEP 1    116                       236   -120       94
  SINCE JUL 1    116                       237   -121       94

 COOLING
  TODAY            0                         0      0        0
  MONTH TO DATE   68                         9     59       20
  SINCE SEP 1    187                       125     62      257
  SINCE JAN 1   1141                       977    164     1490
..................................................................


WIND (MPH)
  HIGHEST WIND SPEED    29   HIGHEST WIND DIRECTION     W (280)
  HIGHEST GUST SPEED    37   HIGHEST GUST DIRECTION     W (260)
  AVERAGE WIND SPEED     5.8


SKY COVER
  POSSIBLE SUNSHINE  MM
  AVERAGE SKY COVER 0.9


WEATHER CONDITIONS
 THE FOLLOWING WEATHER WAS RECORDED TODAY.
  HEAVY RAIN
  RAIN
  LIGHT RAIN
  FOG
  HAZE


RELATIVE HUMIDITY (PERCENT)
 HIGHEST   100           700 AM
 LOWEST     68          1200 AM
 AVERAGE    84

..........................................................


THE TRI-CITIES      ASOS CLIMATE NORMALS FOR TOMORROW
                         NORMAL    RECORD    YEAR
 MAXIMUM TEMPERATURE (F)   67        84      1963
 MINIMUM TEMPERATURE (F)   41        27      2006


SUNRISE AND SUNSET
OCTOBER 23 2017.......SUNRISE   744 AM EDT   SUNSET   643 PM EDT
OCTOBER 24 2017.......SUNRISE   745 AM EDT   SUNSET   642 PM EDT


-  INDICATES NEGATIVE NUMBERS.
R  INDICATES RECORD WAS SET OR TIED.
MM INDICATES DATA IS MISSING.
T  INDICATES TRACE AMOUNT.




$$
