000
CDUS44 KMRX 250904
CLITRI

CLIMATE REPORT
NATIONAL WEATHER SERVICE MORRISTOWN TN
400 AM EST SUN JAN 25 2015


...................................

...THE TRI-CITIES      ASOS CLIMATE SUMMARY FOR JANUARY 24 2015...

CLIMATE NORMAL PERIOD 1981 TO 2010
CLIMATE RECORD PERIOD 1934 TO 2015


WEATHER ITEM   OBSERVED TIME   RECORD YEAR NORMAL DEPARTURE LAST
                VALUE   (LST)  VALUE       VALUE  FROM      YEAR
                                                  NORMAL
..................................................................
TEMPERATURE (F)
 YESTERDAY
  MAXIMUM         39    650 AM  78    1972  46     -7       23
  MINIMUM         31    726 PM  -8    1963  25      6        2
  AVERAGE         35                        35      0       13

PRECIPITATION (IN)
  YESTERDAY        0.17          1.00 2010   0.11   0.06     0.00
  MONTH TO DATE    2.08                      2.60  -0.52     1.60
  SINCE DEC 1      5.11                      5.97  -0.86     7.94
  SINCE JAN 1      2.08                      2.60  -0.52     1.60

SNOWFALL (IN)
  YESTERDAY        0.3                       0.2    0.1      0.0
  MONTH TO DATE    0.3                       3.7   -3.4      0.7
  SINCE DEC 1      0.3                       6.1   -5.8      0.7
  SINCE JUL 1      1.5                       6.4   -4.9      2.1
  SNOW DEPTH       0

DEGREE DAYS
 HEATING
  YESTERDAY       30                        30      0       52
  MONTH TO DATE  700                       720    -20      823
  SINCE DEC 1   1431                      1563   -132     1563
  SINCE JUL 1   2414                      2449    -35     2454

 COOLING
  YESTERDAY        0                         0      0        0
  MONTH TO DATE    0                         0      0        0
  SINCE DEC 1      0                         0      0        0
  SINCE JAN 1      0                         0      0        0
..................................................................


WIND (MPH)
  HIGHEST WIND SPEED    21   HIGHEST WIND DIRECTION     W (260)
  HIGHEST GUST SPEED    25   HIGHEST GUST DIRECTION     W (260)
  AVERAGE WIND SPEED     7.5


SKY COVER
  POSSIBLE SUNSHINE  MM
  AVERAGE SKY COVER 0.8


WEATHER CONDITIONS
 THE FOLLOWING WEATHER WAS RECORDED YESTERDAY.
  LIGHT RAIN
  SNOW
  LIGHT SNOW
  FOG


RELATIVE HUMIDITY (PERCENT)
 HIGHEST    96          1000 AM
 LOWEST     64           500 PM
 AVERAGE    80

..........................................................


THE TRI-CITIES      ASOS CLIMATE NORMALS FOR TODAY
                         NORMAL    RECORD    YEAR
 MAXIMUM TEMPERATURE (F)   46        79      1950
 MINIMUM TEMPERATURE (F)   25        -4      1963


SUNRISE AND SUNSET
JANUARY 25 2015.......SUNRISE   736 AM EST   SUNSET   548 PM EST
JANUARY 26 2015.......SUNRISE   736 AM EST   SUNSET   549 PM EST


-  INDICATES NEGATIVE NUMBERS.
R  INDICATES RECORD WAS SET OR TIED.
MM INDICATES DATA IS MISSING.
T  INDICATES TRACE AMOUNT.


$$
