000
CDUS46 KSGX 241130
CLITRM


CLIMATE REPORT
NATIONAL WEATHER SERVICE SAN DIEGO, CA
430 AM PDT WED MAY 24 2017


...................................

...THE THERMAL AIRPORT CA CLIMATE SUMMARY FOR MAY 23 2017...

CLIMATE NORMAL PERIOD 1981 TO 2010
CLIMATE RECORD PERIOD 1950 TO 2017


WEATHER ITEM   OBSERVED TIME   RECORD YEAR NORMAL DEPARTURE LAST
                VALUE   (LST)  VALUE       VALUE  FROM      YEAR
                                                  NORMAL
..................................................................
TEMPERATURE (F)
 YESTERDAY
  MAXIMUM        112R  1259 PM 107    1983  97     15       89
  MINIMUM         73    514 AM  56    2010  63     10       65
                                      1960
  AVERAGE         93                        80     13       77

PRECIPITATION (IN)
  YESTERDAY        0.00          0.04 2008   0.00   0.00     0.00
  MONTH TO DATE    T                         0.02  -0.02      T
  SINCE OCT 1      3.69                      2.60   1.09     1.98
  SINCE JAN 1      2.01                      1.79   0.22     1.55

DEGREE DAYS
 HEATING
  YESTERDAY        0                         0      0        0
  MONTH TO DATE    5                         0      5        0
  SINCE MAR 1     39                       115    -76       22
  SINCE JUL 1    904                      1180   -276     1047

 COOLING
  YESTERDAY       28                        15     13       12
  MONTH TO DATE  302                       289     13      306
  SINCE MAR 1    785                       533    252      686
  SINCE JAN 1    817                       545    272      751
..................................................................


WIND (MPH)
  RESULTANT WIND SPEED   4   RESULTANT WIND DIRECTION   N (360)
  HIGHEST WIND SPEED    18   HIGHEST WIND DIRECTION    NW (330)
  HIGHEST GUST SPEED    24   HIGHEST GUST DIRECTION    NW (330)
  AVERAGE WIND SPEED     8.8


SKY COVER
  POSSIBLE SUNSHINE  MM
  AVERAGE SKY COVER 0.0


WEATHER CONDITIONS
 THE FOLLOWING WEATHER WAS RECORDED YESTERDAY.
  NO SIGNIFICANT WEATHER WAS OBSERVED.


RELATIVE HUMIDITY (PERCENT)
 HIGHEST    35           500 AM
 LOWEST      6          1200 PM
 AVERAGE    21

..........................................................


THE THERMAL AIRPORT CA CLIMATE NORMALS FOR TODAY
                         NORMAL    RECORD    YEAR
 MAXIMUM TEMPERATURE (F)   97       109      1983
 MINIMUM TEMPERATURE (F)   63        46      2010


SUNRISE AND SUNSET
MAY 24 2017...........SUNRISE   538 AM PDT   SUNSET   745 PM PDT
MAY 25 2017...........SUNRISE   538 AM PDT   SUNSET   746 PM PDT


-  INDICATES NEGATIVE NUMBERS.
R  INDICATES RECORD WAS SET OR TIED.
MM INDICATES DATA IS MISSING.
T  INDICATES TRACE AMOUNT.




$$
