000
CDUS46 KSGX 302320
CLITRM


CLIMATE REPORT
NATIONAL WEATHER SERVICE SAN DIEGO, CA
419 PM PDT THU JUL 30 2015


...................................

...THE THERMAL AIRPORT CA CLIMATE SUMMARY FOR JULY 30 2015...
VALID TODAY AS OF 0400 PM LOCAL TIME.

CLIMATE NORMAL PERIOD 1981 TO 2010
CLIMATE RECORD PERIOD 1950 TO 2015


WEATHER ITEM   OBSERVED TIME   RECORD YEAR NORMAL DEPARTURE LAST
                VALUE   (LST)  VALUE       VALUE  FROM      YEAR
                                                  NORMAL
..................................................................
TEMPERATURE (F)
 TODAY
  MAXIMUM        109    235 PM 118    1996 107      2      116
  MINIMUM         84    522 AM  63    1998  75      9       89
  AVERAGE         97                        91      6      103

PRECIPITATION (IN)
  TODAY            0.00          T    2003   0.00   0.00     0.00
  MONTH TO DATE    0.84                      0.13   0.71      T
  SINCE OCT 1      1.68                      2.76  -1.08     0.16
  SINCE JAN 1      1.53                      1.95  -0.42     0.08

DEGREE DAYS
 HEATING
  TODAY            0                         0      0        0
  MONTH TO DATE    0                         0      0        0
  SINCE JUN 1      0                         0      0        0
  SINCE JUL 1      0                         0      0        0

 COOLING
  TODAY           32                        26      6       38
  MONTH TO DATE  773                       763     10      881
  SINCE JUN 1   1446                      1371     75     1565
  SINCE JAN 1   2200                      2044    156     2387
..................................................................


WIND (MPH)
  RESULTANT WIND SPEED   5   RESULTANT WIND DIRECTION  SE (140)
  HIGHEST WIND SPEED    15   HIGHEST WIND DIRECTION    SE (130)
  HIGHEST GUST SPEED    20   HIGHEST GUST DIRECTION    SE (140)
  AVERAGE WIND SPEED     6.0


SKY COVER
  POSSIBLE SUNSHINE  MM
  AVERAGE SKY COVER 0.0


WEATHER CONDITIONS
 THE FOLLOWING WEATHER WAS RECORDED TODAY.
  NO SIGNIFICANT WEATHER WAS OBSERVED.


RELATIVE HUMIDITY (PERCENT)
 HIGHEST    65           500 AM
 LOWEST     21           100 PM
 AVERAGE    43

..........................................................


THE THERMAL AIRPORT CA CLIMATE NORMALS FOR TOMORROW
                         NORMAL    RECORD    YEAR
 MAXIMUM TEMPERATURE (F)  107       119      1996
 MINIMUM TEMPERATURE (F)   75        61      1998


SUNRISE AND SUNSET
JULY 30 2015..........SUNRISE   555 AM PDT   SUNSET   746 PM PDT
JULY 31 2015..........SUNRISE   556 AM PDT   SUNSET   746 PM PDT


-  INDICATES NEGATIVE NUMBERS.
R  INDICATES RECORD WAS SET OR TIED.
MM INDICATES DATA IS MISSING.
T  INDICATES TRACE AMOUNT.




$$
