000
CDUS46 KSGX 271420
CLITRM


CLIMATE REPORT
NATIONAL WEATHER SERVICE SAN DIEGO, CA
719 AM PDT WED MAY 27 2015


...................................

...THE THERMAL AIRPORT CA CLIMATE SUMMARY FOR MAY 26 2015...

CLIMATE NORMAL PERIOD 1981 TO 2010
CLIMATE RECORD PERIOD 1950 TO 2015


WEATHER ITEM   OBSERVED TIME   RECORD YEAR NORMAL DEPARTURE LAST
                VALUE   (LST)  VALUE       VALUE  FROM      YEAR
                                                  NORMAL
..................................................................
TEMPERATURE (F)
 YESTERDAY
  MAXIMUM         93    350 PM 115    1951  98     -5      104
  MINIMUM         56    442 AM  51    1987  64     -8       64
  AVERAGE         75                        81     -6       84

PRECIPITATION (IN)
  YESTERDAY        0.00          0.00 2002   0.00   0.00     0.00
                                      2000
  MONTH TO DATE    0.07                      0.02   0.05      T
  SINCE OCT 1      0.84                      2.60  -1.76     0.16
  SINCE JAN 1      0.69                      1.79  -1.10     0.08

SNOWFALL (IN)
  YESTERDAY        0.0
  MONTH TO DATE    0.0
  SINCE MAR 1      0.0
  SINCE JUL 1      0.0
  SNOW DEPTH       0

DEGREE DAYS
 HEATING
  YESTERDAY        0                         0      0        0
  MONTH TO DATE   15                         0     15        0
  SINCE MAR 1     59                       115    -56       32
  SINCE JUL 1    764                      1180   -416      821

 COOLING
  YESTERDAY       10                        16     -6       19
  MONTH TO DATE  255                       335    -80      350
  SINCE MAR 1    650                       579     71      702
  SINCE JAN 1    672                       591     81      712
..................................................................


WIND (MPH)
  RESULTANT WIND SPEED   2   RESULTANT WIND DIRECTION   N (20)
  HIGHEST WIND SPEED    16   HIGHEST WIND DIRECTION    NW (320)
  HIGHEST GUST SPEED    23   HIGHEST GUST DIRECTION    NW (330)
  AVERAGE WIND SPEED     6.9


SKY COVER
  POSSIBLE SUNSHINE  MM
  AVERAGE SKY COVER 0.0


WEATHER CONDITIONS
 THE FOLLOWING WEATHER WAS RECORDED YESTERDAY.
  NO SIGNIFICANT WEATHER WAS OBSERVED.


RELATIVE HUMIDITY (PERCENT)
 HIGHEST    75           400 AM
 LOWEST     16           400 PM
 AVERAGE    46

..........................................................


THE THERMAL AIRPORT CA CLIMATE NORMALS FOR TODAY
                         NORMAL    RECORD    YEAR
 MAXIMUM TEMPERATURE (F)   98       113      1951
 MINIMUM TEMPERATURE (F)   64        57      1998


SUNRISE AND SUNSET
MAY 27 2015...........SUNRISE   537 AM PDT   SUNSET   747 PM PDT
MAY 28 2015...........SUNRISE   537 AM PDT   SUNSET   747 PM PDT


-  INDICATES NEGATIVE NUMBERS.
R  INDICATES RECORD WAS SET OR TIED.
MM INDICATES DATA IS MISSING.
T  INDICATES TRACE AMOUNT.




$$
