000
CDUS46 KSGX 201421
CLITRM


CLIMATE REPORT
NATIONAL WEATHER SERVICE SAN DIEGO, CA
621 AM PST THU NOV 20 2014


...................................

...THE THERMAL AIRPORT CA CLIMATE SUMMARY FOR NOVEMBER 19 2014...

CLIMATE NORMAL PERIOD 1981 TO 2010
CLIMATE RECORD PERIOD 1950 TO 2014


WEATHER ITEM   OBSERVED TIME   RECORD YEAR NORMAL DEPARTURE LAST
                VALUE   (LST)  VALUE       VALUE  FROM      YEAR
                                                  NORMAL
..................................................................
TEMPERATURE (F)
 YESTERDAY
  MAXIMUM         76    256 PM  91    1989  77     -1       75
  MINIMUM         35    542 AM  28    2000  41     -6       58
  AVERAGE         56                        59     -3       67

PRECIPITATION (IN)
  YESTERDAY        0.00          0.11 1967   0.00   0.00     0.00
  MONTH TO DATE    0.00                      0.12  -0.12     0.00
  SINCE JUL 1      0.45                      0.92  -0.47     1.39
  SINCE JAN 1      0.53                      2.74  -2.21     1.83

SNOWFALL (IN)
  YESTERDAY        0.0
  MONTH TO DATE    0.0
  SINCE JAN 1      0.0
  SINCE JUL 1      0.0
  SNOW DEPTH       0

DEGREE DAYS
 HEATING
  YESTERDAY        9                         6      3        0
  MONTH TO DATE   38                        66    -28       30
  SINCE SEP 1     38                        77    -39       39
  SINCE JUL 1     38                        77    -39       39

 COOLING
  YESTERDAY        0                         0      0        2
  MONTH TO DATE   19                        33    -14       20
  SINCE SEP 1   1061                       853    208      788
  SINCE JAN 1   4258                      3686    572     4072
..................................................................


WIND (MPH)
  RESULTANT WIND SPEED   2   RESULTANT WIND DIRECTION   N (350)
  HIGHEST WIND SPEED     8   HIGHEST WIND DIRECTION    SE (150)
  HIGHEST GUST SPEED    10   HIGHEST GUST DIRECTION     E (110)
  AVERAGE WIND SPEED     4.1


SKY COVER
  POSSIBLE SUNSHINE  MM
  AVERAGE SKY COVER 0.0


WEATHER CONDITIONS
 THE FOLLOWING WEATHER WAS RECORDED YESTERDAY.
  NO SIGNIFICANT WEATHER WAS OBSERVED.


RELATIVE HUMIDITY (PERCENT)
 HIGHEST    70           200 AM
 LOWEST     10           200 PM
 AVERAGE    40

..........................................................


THE THERMAL AIRPORT CA CLIMATE NORMALS FOR TODAY
                         NORMAL    RECORD    YEAR
 MAXIMUM TEMPERATURE (F)   77        90      2002
                                             1954
 MINIMUM TEMPERATURE (F)   41        24      1994


SUNRISE AND SUNSET
NOVEMBER 20 2014......SUNRISE   621 AM PST   SUNSET   439 PM PST
NOVEMBER 21 2014......SUNRISE   622 AM PST   SUNSET   439 PM PST


-  INDICATES NEGATIVE NUMBERS.
R  INDICATES RECORD WAS SET OR TIED.
MM INDICATES DATA IS MISSING.
T  INDICATES TRACE AMOUNT.




$$
