000
CDUS46 KSGX 301419
CLITRM


CLIMATE REPORT
NATIONAL WEATHER SERVICE SAN DIEGO, CA
719 AM PDT THU MAR 30 2017


...................................

...THE THERMAL AIRPORT CA CLIMATE SUMMARY FOR MARCH 29 2017...

CLIMATE NORMAL PERIOD 1981 TO 2010
CLIMATE RECORD PERIOD 1950 TO 2017


WEATHER ITEM   OBSERVED TIME   RECORD YEAR NORMAL DEPARTURE LAST
                VALUE   (LST)  VALUE       VALUE  FROM      YEAR
                                                  NORMAL
..................................................................
TEMPERATURE (F)
 YESTERDAY
  MAXIMUM         93    409 PM  98    2015  84      9       74
                                      1971
  MINIMUM         49    541 AM  34    1998  49      0       54
  AVERAGE         71                        66      5       64

PRECIPITATION (IN)
  YESTERDAY        0.00          T    2006   0.00   0.00     0.00
  MONTH TO DATE    0.00                      0.37  -0.37      T
  SINCE OCT 1      3.69                      2.51   1.18     1.63
  SINCE JAN 1      2.01                      1.70   0.31     1.20

DEGREE DAYS
 HEATING
  YESTERDAY        0                         2     -2        1
  MONTH TO DATE   34                        91    -57       17
  SINCE MAR 1     34                        91    -57       17
  SINCE JUL 1    899                      1156   -257     1042

 COOLING
  YESTERDAY        6                         3      3        0
  MONTH TO DATE  178                        56    122      126
  SINCE MAR 1    178                        56    122      126
  SINCE JAN 1    210                        68    142      191
..................................................................


WIND (MPH)
  RESULTANT WIND SPEED   1   RESULTANT WIND DIRECTION   N (20)
  HIGHEST WIND SPEED    14   HIGHEST WIND DIRECTION    NW (330)
  HIGHEST GUST SPEED    17   HIGHEST GUST DIRECTION     N (360)
  AVERAGE WIND SPEED     4.1


SKY COVER
  POSSIBLE SUNSHINE  MM
  AVERAGE SKY COVER 0.0


WEATHER CONDITIONS
 THE FOLLOWING WEATHER WAS RECORDED YESTERDAY.
  NO SIGNIFICANT WEATHER WAS OBSERVED.


RELATIVE HUMIDITY (PERCENT)
 HIGHEST    46          1100 PM
 LOWEST      7          1200 PM
 AVERAGE    27

..........................................................


THE THERMAL AIRPORT CA CLIMATE NORMALS FOR TODAY
                         NORMAL    RECORD    YEAR
 MAXIMUM TEMPERATURE (F)   84        98      1969
 MINIMUM TEMPERATURE (F)   49        39      1998


SUNRISE AND SUNSET
MARCH 30 2017.........SUNRISE   634 AM PDT   SUNSET   704 PM PDT
MARCH 31 2017.........SUNRISE   633 AM PDT   SUNSET   705 PM PDT


-  INDICATES NEGATIVE NUMBERS.
R  INDICATES RECORD WAS SET OR TIED.
MM INDICATES DATA IS MISSING.
T  INDICATES TRACE AMOUNT.




$$
