000
CDUS46 KSGX 240017
CLITRM


CLIMATE REPORT
NATIONAL WEATHER SERVICE SAN DIEGO, CA
517 PM PDT WED AUG 23 2017


...................................

...THE THERMAL AIRPORT CA CLIMATE SUMMARY FOR AUGUST 23 2017...
VALID TODAY AS OF 0500 PM LOCAL TIME.

CLIMATE NORMAL PERIOD 1981 TO 2010
CLIMATE RECORD PERIOD 1950 TO 2017


WEATHER ITEM   OBSERVED TIME   RECORD YEAR NORMAL DEPARTURE LAST
                VALUE   (LST)  VALUE       VALUE  FROM      YEAR
                                                  NORMAL
..................................................................
TEMPERATURE (F)
 TODAY
  MAXIMUM        108    144 PM 117    1969 106      2      105
  MINIMUM         74    524 AM  59    1980  73      1       79
  AVERAGE         91                        89      2       92

PRECIPITATION (IN)
  TODAY            0.00          0.00 2002   0.01  -0.01     0.00
                                      2000
  MONTH TO DATE    0.07                      0.13  -0.06     0.00
  SINCE OCT 1      3.76                      2.90   0.86     1.98
  SINCE JAN 1      2.08                      2.09  -0.01     1.55

DEGREE DAYS
 HEATING
  TODAY            0                         0      0        0
  MONTH TO DATE    0                         0      0        0
  SINCE JUN 1      0                         0      0        0
  SINCE JUL 1      0                         0      0        0

 COOLING
  TODAY           26                        24      2       27
  MONTH TO DATE  635                       577     58      641
  SINCE JUN 1   2251                      1971    280     2259
  SINCE JAN 1   3225                      2644    581     3136
..................................................................


WIND (MPH)
  RESULTANT WIND SPEED   1   RESULTANT WIND DIRECTION  NE (50)
  HIGHEST WIND SPEED    15   HIGHEST WIND DIRECTION    SE (150)
  HIGHEST GUST SPEED    20   HIGHEST GUST DIRECTION    NW (320)
  AVERAGE WIND SPEED     6.7


SKY COVER
  POSSIBLE SUNSHINE  MM
  AVERAGE SKY COVER 0.0


WEATHER CONDITIONS
 THE FOLLOWING WEATHER WAS RECORDED TODAY.
  HAZE


RELATIVE HUMIDITY (PERCENT)
 HIGHEST    54           500 AM
 LOWEST     18           200 PM
 AVERAGE    36

..........................................................


THE THERMAL AIRPORT CA CLIMATE NORMALS FOR TOMORROW
                         NORMAL    RECORD    YEAR
 MAXIMUM TEMPERATURE (F)  106       120      1985
 MINIMUM TEMPERATURE (F)   73        58      2004
                                             1978


SUNRISE AND SUNSET
AUGUST 23 2017........SUNRISE   613 AM PDT   SUNSET   721 PM PDT
AUGUST 24 2017........SUNRISE   613 AM PDT   SUNSET   720 PM PDT


-  INDICATES NEGATIVE NUMBERS.
R  INDICATES RECORD WAS SET OR TIED.
MM INDICATES DATA IS MISSING.
T  INDICATES TRACE AMOUNT.




$$
