000
CDUS46 KPQR 071144
CLITTD


CLIMATE REPORT
NATIONAL WEATHER SERVICE PORTLAND OREGON
343 AM PST SUN FEB 7 2016


...................................

...THE TROUTDALE OR CLIMATE SUMMARY FOR FEBRUARY 6 2016...

CLIMATE NORMAL PERIOD 1981 TO 2010
CLIMATE RECORD PERIOD 1948 TO 2016


WEATHER ITEM   OBSERVED TIME   RECORD YEAR NORMAL DEPARTURE LAST
                VALUE   (LST)  VALUE       VALUE  FROM      YEAR
                                                  NORMAL
..................................................................
TEMPERATURE (F)
 YESTERDAY
  MAXIMUM         53    434 PM  59    2015  48      5       59
  MINIMUM         39    719 AM  18    1989  35      4       49
  AVERAGE         46                        42      4       54

PRECIPITATION (IN)
  YESTERDAY        0.00                      0.19  -0.19     0.49
  MONTH TO DATE    0.47                      1.14  -0.67     1.29
  SINCE OCT 1     24.79                     25.72  -0.93    18.99
  SINCE JAN 1      4.97                      7.32  -2.35     4.03

DEGREE DAYS
 HEATING
  YESTERDAY       19                        23     -4       11
  MONTH TO DATE  114                       140    -26       97

 COOLING
  YESTERDAY        0                         0      0        0
  MONTH TO DATE    0                         0      0        0
..................................................................


WIND (MPH)
  HIGHEST WIND SPEED    14   HIGHEST WIND DIRECTION    SW (210)
  HIGHEST GUST SPEED    17   HIGHEST GUST DIRECTION     S (200)
  AVERAGE WIND SPEED     2.6


SKY COVER
  POSSIBLE SUNSHINE  MM
  AVERAGE SKY COVER 0.3


WEATHER CONDITIONS
 THE FOLLOWING WEATHER WAS RECORDED YESTERDAY.
  NO SIGNIFICANT WEATHER WAS OBSERVED.


RELATIVE HUMIDITY (PERCENT)
 HIGHEST    93           800 AM
 LOWEST     50           200 PM
 AVERAGE    72

..........................................................


THE TROUTDALE OR CLIMATE NORMALS FOR TODAY
                         NORMAL    RECORD    YEAR
 MAXIMUM TEMPERATURE (F)   49        62      1996
 MINIMUM TEMPERATURE (F)   35        19      2014


SUNRISE AND SUNSET
FEBRUARY  7 2016......SUNRISE   724 AM PST   SUNSET   524 PM PST
FEBRUARY  8 2016......SUNRISE   722 AM PST   SUNSET   526 PM PST


-  INDICATES NEGATIVE NUMBERS.
R  INDICATES RECORD WAS SET OR TIED.
MM INDICATES DATA IS MISSING.
T  INDICATES TRACE AMOUNT.




$$
