000
CDUS46 KPQR 281141
CLITTD


CLIMATE REPORT
NATIONAL WEATHER SERVICE PORTLAND OREGON
341 AM PST SUN DEC 28 2014


...................................

...THE TROUTDALE OR CLIMATE SUMMARY FOR DECEMBER 27 2014...

CLIMATE NORMAL PERIOD 1981 TO 2010
CLIMATE RECORD PERIOD 9999 TO 9999


WEATHER ITEM   OBSERVED TIME   NORMAL DEPARTURE LAST
                VALUE   (LST)  VALUE  FROM      YEAR
                                      NORMAL
......................................................
TEMPERATURE (F)
 YESTERDAY
  MAXIMUM         46   1138 PM  44      2       40
  MINIMUM         43    829 PM  32     11       30
  AVERAGE         45            38      7       35

PRECIPITATION (IN)
  YESTERDAY        0.19          0.24  -0.05     0.00
  MONTH TO DATE    3.86          6.26  -2.40     2.37
  SINCE OCT 1     14.52         17.49  -2.97     7.59
  SINCE JAN 1     37.22         46.06  -8.84    28.51

DEGREE DAYS
 HEATING
  YESTERDAY       20            27     -7       30
  MONTH TO DATE  530           701   -171      761

 COOLING
  YESTERDAY        0             0      0        0
  MONTH TO DATE    0             0      0        0
......................................................


WIND (MPH)
  HIGHEST WIND SPEED    15   HIGHEST WIND DIRECTION    SW (240)
  HIGHEST GUST SPEED    20   HIGHEST GUST DIRECTION    SW (210)
  AVERAGE WIND SPEED     4.0


SKY COVER
  POSSIBLE SUNSHINE  MM
  AVERAGE SKY COVER 1.0


WEATHER CONDITIONS
 THE FOLLOWING WEATHER WAS RECORDED YESTERDAY.
  LIGHT RAIN
  FOG


RELATIVE HUMIDITY (PERCENT)
 HIGHEST    92          1200 AM
 LOWEST     76           300 PM
 AVERAGE    84

..........................................................


THE TROUTDALE OR CLIMATE NORMALS FOR TODAY
                         NORMAL    RECORD    YEAR
 MAXIMUM TEMPERATURE (F)   44        63      1980
 MINIMUM TEMPERATURE (F)   32        13      1985


SUNRISE AND SUNSET
DECEMBER 28 2014......SUNRISE   749 AM PST   SUNSET   433 PM PST
DECEMBER 29 2014......SUNRISE   750 AM PST   SUNSET   434 PM PST


-  INDICATES NEGATIVE NUMBERS.
R  INDICATES RECORD WAS SET OR TIED.
MM INDICATES DATA IS MISSING.
T  INDICATES TRACE AMOUNT.




$$
