826
CDUS41 KPHI 070635
CLITTN


CLIMATE REPORT
NATIONAL WEATHER SERVICE MOUNT HOLLY NJ
133 AM EST WED DEC 7 2016


...................................

...THE TRENTON NJ CLIMATE SUMMARY FOR DECEMBER 6 2016...

CLIMATE NORMAL PERIOD 1981 TO 2010
CLIMATE RECORD PERIOD 1865 TO 2016


WEATHER ITEM   OBSERVED TIME   RECORD YEAR NORMAL DEPARTURE LAST
                VALUE   (LST)  VALUE       VALUE  FROM      YEAR
                                                  NORMAL
..................................................................
TEMPERATURE (F)
 YESTERDAY
  MAXIMUM         45    228 PM  72    2001  46     -1       53
  MINIMUM         31    522 AM  12    1926  31      0       28
  AVERAGE         38                        38      0       41

PRECIPITATION (IN)
  YESTERDAY        0.66          1.30 1996   0.13   0.53     0.00
  MONTH TO DATE    0.94                      0.84   0.10     0.74
  SINCE DEC 1      0.94                      0.84   0.10     0.74
  SINCE JAN 1     33.11                     43.58 -10.47    36.13

SNOWFALL (IN)
  YESTERDAY       MM            MM      MM  MM     MM       MM
  MONTH TO DATE   MM                        MM     MM       MM
  SINCE DEC 1     MM                        MM     MM       MM
  SINCE JUL 1     MM                        MM     MM       MM
  SNOW DEPTH      MM

DEGREE DAYS
 HEATING
  YESTERDAY       27                        27      0       24
  MONTH TO DATE  129                       154    -25      119
  SINCE DEC 1    129                       154    -25      119
  SINCE JUL 1    939                      1130   -191      865

 COOLING
  YESTERDAY        0                         0      0        0
  MONTH TO DATE    0                         0      0        0
  SINCE DEC 1      0                         0      0        0
  SINCE JAN 1   1381                       965    416     1275
..................................................................


WIND (MPH)
  HIGHEST WIND SPEED    17   HIGHEST WIND DIRECTION     E (70)
  HIGHEST GUST SPEED    22   HIGHEST GUST DIRECTION    NE (60)
  AVERAGE WIND SPEED     8.6


SKY COVER
  POSSIBLE SUNSHINE  MM
  AVERAGE SKY COVER 0.5


WEATHER CONDITIONS
 THE FOLLOWING WEATHER WAS RECORDED YESTERDAY.
  RAIN
  LIGHT RAIN
  FOG


RELATIVE HUMIDITY (PERCENT)
 HIGHEST    92          1100 PM
 LOWEST     58          1200 PM
 AVERAGE    75

..........................................................


THE TRENTON NJ CLIMATE NORMALS FOR TODAY
                         NORMAL    RECORD    YEAR
 MAXIMUM TEMPERATURE (F)   46        76      1998
 MINIMUM TEMPERATURE (F)   30         9      2002
                                             1926


SUNRISE AND SUNSET
DECEMBER  7 2016......SUNRISE   709 AM EST   SUNSET   433 PM EST
DECEMBER  8 2016......SUNRISE   710 AM EST   SUNSET   433 PM EST


-  INDICATES NEGATIVE NUMBERS.
R  INDICATES RECORD WAS SET OR TIED.
MM INDICATES DATA IS MISSING.
T  INDICATES TRACE AMOUNT.




$$
