000
CDUS41 KPHI 210547
CLITTN


CLIMATE REPORT
NATIONAL WEATHER SERVICE MOUNT HOLLY NJ
1246 AM EST SUN JAN 21 2018


...................................

...THE TRENTON NJ CLIMATE SUMMARY FOR JANUARY 20 2018...

CLIMATE NORMAL PERIOD 1981 TO 2010
CLIMATE RECORD PERIOD 1865 TO 2018


WEATHER ITEM   OBSERVED TIME   RECORD YEAR NORMAL DEPARTURE LAST
                VALUE   (LST)  VALUE       VALUE  FROM      YEAR
                                                  NORMAL
..................................................................
TEMPERATURE (F)
 YESTERDAY
  MAXIMUM         55    304 PM  64    1947  39     16       41
  MINIMUM         32    644 AM  -5    1985  23      9       28
  AVERAGE         44                        31     13       35

PRECIPITATION (IN)
  YESTERDAY        0.00          1.05 1979   0.08  -0.08     0.17
  MONTH TO DATE    1.55                      2.06  -0.51     1.96
  SINCE DEC 1      3.14                      5.76  -2.62     4.61
  SINCE JAN 1      1.55                      2.06  -0.51     1.96

DEGREE DAYS
 HEATING
  YESTERDAY       21                        34    -13       30
  MONTH TO DATE  765                       679     86      599
  SINCE DEC 1   1732                      1598    134     1473
  SINCE JUL 1   2518                      2574    -56     2283

 COOLING
  YESTERDAY        0                         0      0        0
  MONTH TO DATE    0                         0      0        0
  SINCE DEC 1      0                         0      0        0
  SINCE JAN 1      0                         0      0        0
..................................................................


WIND (MPH)
  HIGHEST WIND SPEED    18   HIGHEST WIND DIRECTION     W (270)
  HIGHEST GUST SPEED    28   HIGHEST GUST DIRECTION     W (270)
  AVERAGE WIND SPEED     7.1


SKY COVER
  POSSIBLE SUNSHINE  MM
  AVERAGE SKY COVER 0.0


WEATHER CONDITIONS
 THE FOLLOWING WEATHER WAS RECORDED YESTERDAY.
  NO SIGNIFICANT WEATHER WAS OBSERVED.


RELATIVE HUMIDITY (PERCENT)
 HIGHEST    64          1000 PM
 LOWEST     35           300 PM
 AVERAGE    50

..........................................................


THE TRENTON NJ CLIMATE NORMALS FOR TODAY
                         NORMAL    RECORD    YEAR
 MAXIMUM TEMPERATURE (F)   39        64      2006
                                             1959
 MINIMUM TEMPERATURE (F)   23       -10      1985


SUNRISE AND SUNSET
JANUARY 21 2018.......SUNRISE   717 AM EST   SUNSET   505 PM EST
JANUARY 22 2018.......SUNRISE   716 AM EST   SUNSET   506 PM EST


-  INDICATES NEGATIVE NUMBERS.
R  INDICATES RECORD WAS SET OR TIED.
MM INDICATES DATA IS MISSING.
T  INDICATES TRACE AMOUNT.




$$
