000
CDUS41 KPHI 272139
CLITTN


CLIMATE REPORT
NATIONAL WEATHER SERVICE MOUNT HOLLY NJ
438 PM EST TUE JAN 27 2015


...................................

...THE TRENTON NJ CLIMATE SUMMARY FOR JANUARY 27 2015...
VALID TODAY AS OF 0400 PM LOCAL TIME.

CLIMATE NORMAL PERIOD 1981 TO 2010
CLIMATE RECORD PERIOD 1865 TO 2015


WEATHER ITEM   OBSERVED TIME   RECORD YEAR NORMAL DEPARTURE LAST
                VALUE   (LST)  VALUE       VALUE  FROM      YEAR
                                                  NORMAL
..................................................................
TEMPERATURE (F)
 TODAY
  MAXIMUM         31    359 PM  68    1974  39     -8       46
                                      1916
  MINIMUM         23    607 AM   1    1994  24     -1       20
  AVERAGE         27                        31     -4       33

PRECIPITATION (IN)
  TODAY            0.23          1.39 1976   0.10   0.13      T
  MONTH TO DATE    4.57                      2.77   1.80     3.24
  SINCE DEC 1      8.71                      6.47   2.24     7.68
  SINCE JAN 1      4.57                      2.77   1.80     3.24

SNOWFALL (IN)
  TODAY           MM            MM      MM  MM     MM       MM
  MONTH TO DATE   MM                        MM     MM       MM
  SINCE DEC 1     MM                        MM     MM       MM
  SINCE JUL 1     MM                        MM     MM       MM
  SNOW DEPTH      MM

DEGREE DAYS
 HEATING
  TODAY           38                        34      4       32
  MONTH TO DATE  969                       917     52     1016
  SINCE DEC 1   1767                      1836    -69     1916
  SINCE JUL 1   2737                      2812    -75     2903

 COOLING
  TODAY            0                         0      0        0
  MONTH TO DATE    0                         0      0        0
  SINCE DEC 1      0                         0      0        0
  SINCE JAN 1      0                         0      0        0
..................................................................


WIND (MPH)
  HIGHEST WIND SPEED    21   HIGHEST WIND DIRECTION     N (340)
  HIGHEST GUST SPEED    26   HIGHEST GUST DIRECTION     N (10)
  AVERAGE WIND SPEED    12.9


SKY COVER
  POSSIBLE SUNSHINE  MM
  AVERAGE SKY COVER 0.9


WEATHER CONDITIONS
 THE FOLLOWING WEATHER WAS RECORDED TODAY.
  LIGHT SNOW
  FOG


RELATIVE HUMIDITY (PERCENT)
 HIGHEST    81           300 AM
 LOWEST     47           300 PM
 AVERAGE    64

..........................................................


THE TRENTON NJ CLIMATE NORMALS FOR TOMORROW
                         NORMAL    RECORD    YEAR
 MAXIMUM TEMPERATURE (F)   39        64      1916
 MINIMUM TEMPERATURE (F)   24        -2      1935


SUNRISE AND SUNSET
JANUARY 27 2015.......SUNRISE   713 AM EST   SUNSET   511 PM EST
JANUARY 28 2015.......SUNRISE   712 AM EST   SUNSET   513 PM EST


-  INDICATES NEGATIVE NUMBERS.
R  INDICATES RECORD WAS SET OR TIED.
MM INDICATES DATA IS MISSING.
T  INDICATES TRACE AMOUNT.




$$
