000
CDUS41 KPHI 280629
CLITTN


CLIMATE REPORT
NATIONAL WEATHER SERVICE MOUNT HOLLY NJ
229 AM EDT WED JUN 28 2017


...................................

...THE TRENTON NJ CLIMATE SUMMARY FOR JUNE 27 2017...

CLIMATE NORMAL PERIOD 1981 TO 2010
CLIMATE RECORD PERIOD 1865 TO 2017


WEATHER ITEM   OBSERVED TIME   RECORD YEAR NORMAL DEPARTURE LAST
                VALUE   (LST)  VALUE       VALUE  FROM      YEAR
                                                  NORMAL
..................................................................
TEMPERATURE (F)
 YESTERDAY
  MAXIMUM         78    413 PM  98    1963  84     -6       88
                                      1866
  MINIMUM         60    540 AM  52    1905  64     -4       60
  AVERAGE         69                        74     -5       74

PRECIPITATION (IN)
  YESTERDAY        0.13          2.79 1921   0.13   0.00     0.25
  MONTH TO DATE    4.69                      4.01   0.68     1.62
  SINCE JUN 1      4.69                      4.01   0.68     1.62
  SINCE JAN 1     22.45                     21.53   0.92    15.66

DEGREE DAYS
 HEATING
  YESTERDAY        0                         0      0        0
  MONTH TO DATE   25                        22      3        8
  SINCE JUN 1     25                        22      3        8
  SINCE JUL 1   4472                      5158   -686     4213

 COOLING
  YESTERDAY        4                         9     -5        9
  MONTH TO DATE  201                       163     38      193
  SINCE JUN 1    201                       163     38      193
  SINCE JAN 1    284                       220     64      285
..................................................................


WIND (MPH)
  HIGHEST WIND SPEED    15   HIGHEST WIND DIRECTION     W (280)
  HIGHEST GUST SPEED    21   HIGHEST GUST DIRECTION     W (270)
  AVERAGE WIND SPEED     5.1


SKY COVER
  POSSIBLE SUNSHINE  MM
  AVERAGE SKY COVER 0.4


WEATHER CONDITIONS
 THE FOLLOWING WEATHER WAS RECORDED YESTERDAY.
  LIGHT RAIN
  FOG


RELATIVE HUMIDITY (PERCENT)
 HIGHEST    97           600 AM
 LOWEST     35           400 PM
 AVERAGE    66

..........................................................


THE TRENTON NJ CLIMATE NORMALS FOR TODAY
                         NORMAL    RECORD    YEAR
 MAXIMUM TEMPERATURE (F)   84        96      2010
 MINIMUM TEMPERATURE (F)   64        53      1905


SUNRISE AND SUNSET
JUNE 28 2017..........SUNRISE   532 AM EDT   SUNSET   833 PM EDT
JUNE 29 2017..........SUNRISE   532 AM EDT   SUNSET   833 PM EDT


-  INDICATES NEGATIVE NUMBERS.
R  INDICATES RECORD WAS SET OR TIED.
MM INDICATES DATA IS MISSING.
T  INDICATES TRACE AMOUNT.




$$
