000
CDUS41 KPHI 090632
CLITTN


CLIMATE REPORT
NATIONAL WEATHER SERVICE MOUNT HOLLY NJ
128 AM EST TUE FEB 9 2016


...................................

...THE TRENTON NJ CLIMATE SUMMARY FOR FEBRUARY 8 2016...

CLIMATE NORMAL PERIOD 1981 TO 2010
CLIMATE RECORD PERIOD 1865 TO 2016


WEATHER ITEM   OBSERVED TIME   RECORD YEAR NORMAL DEPARTURE LAST
                VALUE   (LST)  VALUE       VALUE  FROM      YEAR
                                                  NORMAL
..................................................................
TEMPERATURE (F)
 YESTERDAY
  MAXIMUM         42    131 PM  62    1933  41      1       42
  MINIMUM         30   1159 PM  -8    1934  25      5       33
  AVERAGE         36                        33      3       38

PRECIPITATION (IN)
  YESTERDAY        T             0.78 1900   0.09  -0.09      T
  MONTH TO DATE    0.99                      0.57   0.42     1.19
  SINCE DEC 1      8.69                      7.43   1.26     9.67
  SINCE JAN 1      4.28                      3.73   0.55     5.53

SNOWFALL (IN)
  YESTERDAY       MM            MM      MM  MM     MM       MM
  MONTH TO DATE   MM                        MM     MM       MM
  SINCE DEC 1     MM                        MM     MM       MM
  SINCE JUL 1     MM                        MM     MM       MM
  SNOW DEPTH      MM

DEGREE DAYS
 HEATING
  YESTERDAY       29                        32     -3       27
  MONTH TO DATE  201                       262    -61      301
  SINCE DEC 1   1724                      2232   -508     2236
  SINCE JUL 1   2470                      3208   -738     3206

 COOLING
  YESTERDAY        0                         0      0        0
  MONTH TO DATE    0                         0      0        0
  SINCE DEC 1      2                         0      2        0
  SINCE JAN 1      0                         0      0        0
..................................................................


WIND (MPH)
  HIGHEST WIND SPEED    18   HIGHEST WIND DIRECTION    NE (40)
  HIGHEST GUST SPEED    25   HIGHEST GUST DIRECTION    NE (30)
  AVERAGE WIND SPEED     9.7


SKY COVER
  POSSIBLE SUNSHINE  MM
  AVERAGE SKY COVER 0.7


WEATHER CONDITIONS
 THE FOLLOWING WEATHER WAS RECORDED YESTERDAY.
  LIGHT SNOW
  FOG


RELATIVE HUMIDITY (PERCENT)
 HIGHEST    72          1000 PM
 LOWEST     51           200 PM
 AVERAGE    62

..........................................................


THE TRENTON NJ CLIMATE NORMALS FOR TODAY
                         NORMAL    RECORD    YEAR
 MAXIMUM TEMPERATURE (F)   41        61      1990
 MINIMUM TEMPERATURE (F)   25       -14      1934


SUNRISE AND SUNSET
FEBRUARY  9 2016......SUNRISE   700 AM EST   SUNSET   527 PM EST
FEBRUARY 10 2016......SUNRISE   659 AM EST   SUNSET   528 PM EST


-  INDICATES NEGATIVE NUMBERS.
R  INDICATES RECORD WAS SET OR TIED.
MM INDICATES DATA IS MISSING.
T  INDICATES TRACE AMOUNT.




$$
