000
CDUS41 KPHI 280630
CLITTN


CLIMATE REPORT
NATIONAL WEATHER SERVICE MOUNT HOLLY NJ
230 AM EDT MON JUL 28 2014


...................................

...THE TRENTON NJ CLIMATE SUMMARY FOR JULY 27 2014...

CLIMATE NORMAL PERIOD 1981 TO 2010
CLIMATE RECORD PERIOD 1865 TO 2014


WEATHER ITEM   OBSERVED TIME   RECORD YEAR NORMAL DEPARTURE LAST
                VALUE   (LST)  VALUE       VALUE  FROM      YEAR
                                                  NORMAL
..................................................................
TEMPERATURE (F)
 YESTERDAY
  MAXIMUM         89    328 PM  98    1940  85      4       83
  MINIMUM         69    434 AM  53    1920  66      3       62
  AVERAGE         79                        76      3       73

PRECIPITATION (IN)
  YESTERDAY        0.31          2.90 1984   0.14   0.17     0.00
  MONTH TO DATE    5.29                      4.31   0.98     4.91
  SINCE JUN 1      7.53                      8.72  -1.19    15.07
  SINCE JAN 1     27.86                     26.24   1.62    27.89

SNOWFALL (IN)
  YESTERDAY       MM            MM      MM  MM     MM       MM
  MONTH TO DATE   MM                        MM     MM       MM
  SINCE JUN 1     MM                        MM     MM       MM
  SINCE JUL 1     MM                        MM     MM       MM
  SNOW DEPTH      MM

DEGREE DAYS
 HEATING
  YESTERDAY        0                         0      0        0
  MONTH TO DATE    0                         0      0        0
  SINCE JUN 1      3                        24    -21        4
  SINCE JUL 1      0                         0      0        0

 COOLING
  YESTERDAY       14                        11      3        8
  MONTH TO DATE  295                       288      7      385
  SINCE JUN 1    496                       478     18      603
  SINCE JAN 1    540                       535      5      693
..................................................................


WIND (MPH)
  HIGHEST WIND SPEED    14   HIGHEST WIND DIRECTION    SW (210)
  HIGHEST GUST SPEED    18   HIGHEST GUST DIRECTION    SW (220)
  AVERAGE WIND SPEED     7.6


SKY COVER
  POSSIBLE SUNSHINE  MM
  AVERAGE SKY COVER 0.4


WEATHER CONDITIONS
 THE FOLLOWING WEATHER WAS RECORDED YESTERDAY.
  THUNDERSTORM
  HEAVY RAIN
  RAIN
  LIGHT RAIN
  FOG


RELATIVE HUMIDITY (PERCENT)
 HIGHEST    97           300 AM
 LOWEST     46           500 PM
 AVERAGE    72

..........................................................


THE TRENTON NJ CLIMATE NORMALS FOR TODAY
                         NORMAL    RECORD    YEAR
 MAXIMUM TEMPERATURE (F)   85       100      1865
 MINIMUM TEMPERATURE (F)   66        54      1912


SUNRISE AND SUNSET
JULY 28 2014..........SUNRISE   553 AM EDT   SUNSET   818 PM EDT
JULY 29 2014..........SUNRISE   554 AM EDT   SUNSET   817 PM EDT


-  INDICATES NEGATIVE NUMBERS.
R  INDICATES RECORD WAS SET OR TIED.
MM INDICATES DATA IS MISSING.
T  INDICATES TRACE AMOUNT.




$$
