000
CDUS41 KPHI 062134
CLITTN


CLIMATE REPORT
NATIONAL WEATHER SERVICE MOUNT HOLLY NJ
532 PM EDT FRI MAY 6 2016


...................................

...THE TRENTON NJ CLIMATE SUMMARY FOR MAY 6 2016...
VALID TODAY AS OF 0500 PM LOCAL TIME.

CLIMATE NORMAL PERIOD 1981 TO 2010
CLIMATE RECORD PERIOD 1865 TO 2016


WEATHER ITEM   OBSERVED TIME   RECORD YEAR NORMAL DEPARTURE LAST
                VALUE   (LST)  VALUE       VALUE  FROM      YEAR
                                                  NORMAL
..................................................................
TEMPERATURE (F)
 TODAY
  MAXIMUM         54   1213 AM  91    1949  69    -15       73
  MINIMUM         49   1115 AM  36    1891  47      2       53
  AVERAGE         52                        58     -6       63

PRECIPITATION (IN)
  TODAY            0.49          1.30 1991   0.12   0.37      T
  MONTH TO DATE    1.75                      0.60   1.15      T
  SINCE MAR 1      5.04                      8.28  -3.24     6.84
  SINCE JAN 1     12.24                     13.75  -1.51    13.43

SNOWFALL (IN)
  TODAY           MM            MM      MM  MM     MM       MM
  MONTH TO DATE   MM                        MM     MM       MM
  SINCE MAR 1     MM                        MM     MM       MM
  SINCE JUL 1     MM                        MM     MM       MM
  SNOW DEPTH      MM

DEGREE DAYS
 HEATING
  TODAY           13                         8      5        2
  MONTH TO DATE   78                        51     27       24
  SINCE MAR 1   1002                      1205   -203     1247
  SINCE JUL 1   4096                      5019   -923     5330

 COOLING
  TODAY            0                         1     -1        0
  MONTH TO DATE    0                         6     -6        7
  SINCE MAR 1     12                        14     -2        7
  SINCE JAN 1     12                        14     -2        7
..................................................................


WIND (MPH)
  HIGHEST WIND SPEED    28   HIGHEST WIND DIRECTION     E (70)
  HIGHEST GUST SPEED    35   HIGHEST GUST DIRECTION    NE (60)
  AVERAGE WIND SPEED    11.3


SKY COVER
  POSSIBLE SUNSHINE  MM
  AVERAGE SKY COVER 1.0


WEATHER CONDITIONS
 THE FOLLOWING WEATHER WAS RECORDED TODAY.
  HEAVY RAIN
  RAIN
  LIGHT RAIN
  FOG


RELATIVE HUMIDITY (PERCENT)
 HIGHEST    93           400 AM
 LOWEST     71          1200 AM
 AVERAGE    82

..........................................................


THE TRENTON NJ CLIMATE NORMALS FOR TOMORROW
                         NORMAL    RECORD    YEAR
 MAXIMUM TEMPERATURE (F)   69        93      1930
 MINIMUM TEMPERATURE (F)   48        35      2001


SUNRISE AND SUNSET
MAY  6 2016...........SUNRISE   552 AM EDT   SUNSET   800 PM EDT
MAY  7 2016...........SUNRISE   551 AM EDT   SUNSET   801 PM EDT


-  INDICATES NEGATIVE NUMBERS.
R  INDICATES RECORD WAS SET OR TIED.
MM INDICATES DATA IS MISSING.
T  INDICATES TRACE AMOUNT.




$$
