000
CDUS41 KPHI 290641
CLITTN


CLIMATE REPORT
NATIONAL WEATHER SERVICE MOUNT HOLLY NJ
240 AM EDT SUN MAY 29 2016


...................................

...THE TRENTON NJ CLIMATE SUMMARY FOR MAY 28 2016...

CLIMATE NORMAL PERIOD 1981 TO 2010
CLIMATE RECORD PERIOD 1865 TO 2016


WEATHER ITEM   OBSERVED TIME   RECORD YEAR NORMAL DEPARTURE LAST
                VALUE   (LST)  VALUE       VALUE  FROM      YEAR
                                                  NORMAL
..................................................................
TEMPERATURE (F)
 YESTERDAY
  MAXIMUM         90    258 PM  94    1941  76     14       89
  MINIMUM         67    517 AM  38    1994  54     13       67
  AVERAGE         79                        65     14       78

PRECIPITATION (IN)
  YESTERDAY        0.00          1.50 1984   0.18  -0.18      T
  MONTH TO DATE    2.87                      3.82  -0.95     0.62
  SINCE MAR 1      6.16                     11.50  -5.34     7.46
  SINCE JAN 1     13.36                     16.97  -3.61    14.05

SNOWFALL (IN)
  YESTERDAY       MM            MM      MM  MM     MM       MM
  MONTH TO DATE   MM                        MM     MM       MM
  SINCE MAR 1     MM                        MM     MM       MM
  SINCE JUL 1     MM                        MM     MM       MM
  SNOW DEPTH      MM

DEGREE DAYS
 HEATING
  YESTERDAY        0                         3     -3        0
  MONTH TO DATE  187                       160     27       67
  SINCE MAR 1   1111                      1314   -203     1290
  SINCE JUL 1   4205                      5128   -923     5373

 COOLING
  YESTERDAY       14                         3     11       13
  MONTH TO DATE   46                        41      5      104
  SINCE MAR 1     58                        49      9      104
  SINCE JAN 1     58                        49      9      104
..................................................................


WIND (MPH)
  HIGHEST WIND SPEED    18   HIGHEST WIND DIRECTION    SW (220)
  HIGHEST GUST SPEED    25   HIGHEST GUST DIRECTION    SW (210)
  AVERAGE WIND SPEED     8.2


SKY COVER
  POSSIBLE SUNSHINE  MM
  AVERAGE SKY COVER 0.0


WEATHER CONDITIONS
 THE FOLLOWING WEATHER WAS RECORDED YESTERDAY.
  NO SIGNIFICANT WEATHER WAS OBSERVED.


RELATIVE HUMIDITY (PERCENT)
 HIGHEST    78           500 AM
 LOWEST     46           500 PM
 AVERAGE    62

..........................................................


THE TRENTON NJ CLIMATE NORMALS FOR TODAY
                         NORMAL    RECORD    YEAR
 MAXIMUM TEMPERATURE (F)   76        93      1986
                                             1969
 MINIMUM TEMPERATURE (F)   55        41      1936


SUNRISE AND SUNSET
MAY 29 2016...........SUNRISE   533 AM EDT   SUNSET   821 PM EDT
MAY 30 2016...........SUNRISE   532 AM EDT   SUNSET   822 PM EDT


-  INDICATES NEGATIVE NUMBERS.
R  INDICATES RECORD WAS SET OR TIED.
MM INDICATES DATA IS MISSING.
T  INDICATES TRACE AMOUNT.




$$
