000
CDUS41 KPHI 280632
CLITTN


CLIMATE REPORT
NATIONAL WEATHER SERVICE MOUNT HOLLY NJ
231 AM EDT TUE JUL 28 2015


...................................

...THE TRENTON NJ CLIMATE SUMMARY FOR JULY 27 2015...

CLIMATE NORMAL PERIOD 1981 TO 2010
CLIMATE RECORD PERIOD 1865 TO 2015


WEATHER ITEM   OBSERVED TIME   RECORD YEAR NORMAL DEPARTURE LAST
                VALUE   (LST)  VALUE       VALUE  FROM      YEAR
                                                  NORMAL
..................................................................
TEMPERATURE (F)
 YESTERDAY
  MAXIMUM         86    411 PM  98    1940  85      1       89
  MINIMUM         69    556 AM  53    1920  66      3       69
  AVERAGE         78                        76      2       79

PRECIPITATION (IN)
  YESTERDAY        0.08          2.90 1984   0.14  -0.06     0.31
  MONTH TO DATE    2.57                      4.31  -1.74     5.29
  SINCE JUN 1      8.90                      8.72   0.18     7.53
  SINCE JAN 1     22.96                     26.24  -3.28    27.86

SNOWFALL (IN)
  YESTERDAY       MM            MM      MM  MM     MM       MM
  MONTH TO DATE   MM                        MM     MM       MM
  SINCE JUN 1     MM                        MM     MM       MM
  SINCE JUL 1     MM                        MM     MM       MM
  SNOW DEPTH      MM

DEGREE DAYS
 HEATING
  YESTERDAY        0                         0      0        0
  MONTH TO DATE    0                         0      0        0
  SINCE JUN 1     25                        24      1        3
  SINCE JUL 1      0                         0      0        0

 COOLING
  YESTERDAY       13                        11      2       14
  MONTH TO DATE  299                       288     11      295
  SINCE JUN 1    523                       478     45      496
  SINCE JAN 1    662                       535    127      540
..................................................................


WIND (MPH)
  HIGHEST WIND SPEED    13   HIGHEST WIND DIRECTION     S (190)
  HIGHEST GUST SPEED    17   HIGHEST GUST DIRECTION     S (200)
  AVERAGE WIND SPEED     5.8


SKY COVER
  POSSIBLE SUNSHINE  MM
  AVERAGE SKY COVER 0.5


WEATHER CONDITIONS
 THE FOLLOWING WEATHER WAS RECORDED YESTERDAY.
  THUNDERSTORM
  LIGHT RAIN
  FOG


RELATIVE HUMIDITY (PERCENT)
 HIGHEST    90           400 AM
 LOWEST     55           400 PM
 AVERAGE    73

..........................................................


THE TRENTON NJ CLIMATE NORMALS FOR TODAY
                         NORMAL    RECORD    YEAR
 MAXIMUM TEMPERATURE (F)   85       100      1865
 MINIMUM TEMPERATURE (F)   66        54      1912


SUNRISE AND SUNSET
JULY 28 2015..........SUNRISE   553 AM EDT   SUNSET   818 PM EDT
JULY 29 2015..........SUNRISE   554 AM EDT   SUNSET   817 PM EDT


-  INDICATES NEGATIVE NUMBERS.
R  INDICATES RECORD WAS SET OR TIED.
MM INDICATES DATA IS MISSING.
T  INDICATES TRACE AMOUNT.




$$
