964
CDUS41 KPHI 240547
CLITTN


CLIMATE REPORT
NATIONAL WEATHER SERVICE MOUNT HOLLY NJ
145 AM EDT THU AUG 24 2017


...................................

...THE TRENTON NJ CLIMATE SUMMARY FOR AUGUST 23 2017...

CLIMATE NORMAL PERIOD 1981 TO 2010
CLIMATE RECORD PERIOD 1865 TO 2017


WEATHER ITEM   OBSERVED TIME   RECORD YEAR NORMAL DEPARTURE LAST
                VALUE   (LST)  VALUE       VALUE  FROM      YEAR
                                                  NORMAL
..................................................................
TEMPERATURE (F)
 YESTERDAY
  MAXIMUM         81    407 PM  95    1936  83     -2       83
  MINIMUM         63   1144 PM  48    1923  63      0       56
  AVERAGE         72                        73     -1       70

PRECIPITATION (IN)
  YESTERDAY        0.00          2.76 1893   0.13  -0.13     0.00
  MONTH TO DATE    2.57                      3.19  -0.62     1.19
  SINCE JUN 1     12.89                     12.55   0.34    10.76
  SINCE JAN 1     30.65                     30.07   0.58    24.80

DEGREE DAYS
 HEATING
  YESTERDAY        0                         0      0        0
  MONTH TO DATE    0                         0      0        0
  SINCE JUN 1     25                        24      1        8
  SINCE JUL 1      0                         0      0        0

 COOLING
  YESTERDAY        7                         8     -1        5
  MONTH TO DATE  221                       219      2      307
  SINCE JUN 1    811                       739     72      955
  SINCE JAN 1    894                       796     98     1047
..................................................................


WIND (MPH)
  HIGHEST WIND SPEED    15   HIGHEST WIND DIRECTION     N (350)
  HIGHEST GUST SPEED    19   HIGHEST GUST DIRECTION    NW (310)
  AVERAGE WIND SPEED     5.8


SKY COVER
  POSSIBLE SUNSHINE  MM
  AVERAGE SKY COVER 0.3


WEATHER CONDITIONS
 THE FOLLOWING WEATHER WAS RECORDED YESTERDAY.
  NO SIGNIFICANT WEATHER WAS OBSERVED.


RELATIVE HUMIDITY (PERCENT)
 HIGHEST    93           100 AM
 LOWEST     39           300 PM
 AVERAGE    66

..........................................................


THE TRENTON NJ CLIMATE NORMALS FOR TODAY
                         NORMAL    RECORD    YEAR
 MAXIMUM TEMPERATURE (F)   83        93      1898
                                             1895
 MINIMUM TEMPERATURE (F)   63        50      1994


SUNRISE AND SUNSET
AUGUST 24 2017........SUNRISE   619 AM EDT   SUNSET   743 PM EDT
AUGUST 25 2017........SUNRISE   620 AM EDT   SUNSET   742 PM EDT


-  INDICATES NEGATIVE NUMBERS.
R  INDICATES RECORD WAS SET OR TIED.
MM INDICATES DATA IS MISSING.
T  INDICATES TRACE AMOUNT.




$$
