000
CDUS44 KTSA 032230
CLITUL

CLIMATE REPORT
NATIONAL WEATHER SERVICE TULSA OK
430 PM CST TUE MAR 3 2015


...................................

...THE TULSA OKLAHOMA CLIMATE SUMMARY FOR MARCH 3 2015...
VALID TODAY AS OF 0400 PM LOCAL TIME.

CLIMATE NORMAL PERIOD 1981 TO 2010
CLIMATE RECORD PERIOD 1882 TO 2015


WEATHER ITEM   OBSERVED TIME   RECORD YEAR NORMAL DEPARTURE LAST
                VALUE   (LST)  VALUE       VALUE  FROM      YEAR
                                                  NORMAL
..................................................................
TEMPERATURE (F)
 TODAY
  MAXIMUM         58    249 PM  82    1955  58      0       20
  MINIMUM         36    122 AM   3    1943  36      0        4
  AVERAGE         47                        47      0       12

PRECIPITATION (IN)
  TODAY            T             2.30 2004   0.10  -0.10     0.04
  MONTH TO DATE    T                         0.28  -0.28     0.38
  SINCE MAR 1      T                         0.28  -0.28     0.38
  SINCE JAN 1      2.32                      3.79  -1.47     0.83

SNOWFALL (IN)
  TODAY            0.0                                        T
  MONTH TO DATE    0.0                                       2.4
  SINCE MAR 1      0.0                                       2.4
  SINCE JUL 1      8.2                                      12.4

DEGREE DAYS
 HEATING
  TODAY           18                        18      0       53
  MONTH TO DATE   87                        55     32      131
  SINCE MAR 1     87                        55     32      131
  SINCE JUL 1   3102                      2966    136     3432

 COOLING
  TODAY            0                         0      0        0
  MONTH TO DATE    0                         0      0        0
  SINCE MAR 1      0                         0      0        0
  SINCE JAN 1      0                         1     -1        0
..................................................................


WIND (MPH)
  HIGHEST WIND SPEED    24   HIGHEST WIND DIRECTION     S (180)
  HIGHEST GUST SPEED    30   HIGHEST GUST DIRECTION     S (180)
  AVERAGE WIND SPEED    11.1


SKY COVER
  POSSIBLE SUNSHINE  MM
  AVERAGE SKY COVER 1.0


WEATHER CONDITIONS
 THE FOLLOWING WEATHER WAS RECORDED TODAY.
  LIGHT RAIN
  FOG
  FOG W/VISIBILITY <= 1/4 MILE


RELATIVE HUMIDITY (PERCENT)
 HIGHEST   100          1200 AM
 LOWEST     67           400 PM
 AVERAGE    84

..........................................................


THE TULSA OKLAHOMA CLIMATE NORMALS FOR TOMORROW
                         NORMAL    RECORD    YEAR
 MAXIMUM TEMPERATURE (F)   59        83      1938
 MINIMUM TEMPERATURE (F)   37         6      1960


SUNRISE AND SUNSET
MARCH  3 2015.........SUNRISE   651 AM CST   SUNSET   620 PM CST
MARCH  4 2015.........SUNRISE   650 AM CST   SUNSET   621 PM CST


-  INDICATES NEGATIVE NUMBERS.
R  INDICATES RECORD WAS SET OR TIED.
MM INDICATES DATA IS MISSING.
T  INDICATES TRACE AMOUNT.




$$

&&
...........................................................

TULSA RECORD LOW MAX AND HIGH MIN TEMPERATURES FOR TOMORROW
                      RECORD        YEAR
  LOW MAXIMUM           18          1960
  HIGH MINIMUM          57          *1992
...........................................................
ALL DATA MEASURED AT THE TULSA INTERNATIONAL AIRPORT...
EXCEPT SNOWFALL...WHICH IS MEASURED AT THE NWS OFFICE.
