000
CDUS44 KTSA 280714
CLITUL

CLIMATE REPORT
NATIONAL WEATHER SERVICE TULSA OK
1247 AM CST WED JAN 28 2015


...................................

...THE TULSA OKLAHOMA CLIMATE SUMMARY FOR JANUARY 27 2015...

CLIMATE NORMAL PERIOD 1981 TO 2010
CLIMATE RECORD PERIOD 1882 TO 2015


WEATHER ITEM   OBSERVED TIME   RECORD YEAR NORMAL DEPARTURE LAST
                VALUE   (LST)  VALUE       VALUE  FROM      YEAR
                                                  NORMAL
..................................................................
TEMPERATURE (F)
 YESTERDAY
  MAXIMUM         72    438 PM  74    1914  49     23       37
  MINIMUM         34    742 AM   1    1963  28      6       18
  AVERAGE         53                        38     15       28

PRECIPITATION (IN)
  YESTERDAY        0.00          1.01 1916   0.06  -0.06     0.00
  MONTH TO DATE    0.41                      1.43  -1.02     0.13
  SINCE DEC 1      2.38                      3.92  -1.54     1.91
  SINCE JAN 1      0.41                      1.43  -1.02     0.13

SNOWFALL (IN)
  YESTERDAY        0.0                                       0.0
  MONTH TO DATE    T                                         1.1
  SINCE DEC 1      2.0                                       6.1
  SINCE JUL 1      2.4                                       6.1

DEGREE DAYS
 HEATING
  YESTERDAY       12                        27    -15       37
  MONTH TO DATE  752                       744      8      770
  SINCE DEC 1   1444                      1536    -92     1683
  SINCE JUL 1   2145                      2172    -27     2384
..................................................................


WIND (MPH)
  HIGHEST WIND SPEED    12   HIGHEST WIND DIRECTION     S (170)
  HIGHEST GUST SPEED    15   HIGHEST GUST DIRECTION    SE (150)
  AVERAGE WIND SPEED     4.7


SKY COVER
  POSSIBLE SUNSHINE  MM
  AVERAGE SKY COVER 0.1


WEATHER CONDITIONS
 THE FOLLOWING WEATHER WAS RECORDED YESTERDAY.
  NO SIGNIFICANT WEATHER WAS OBSERVED.


RELATIVE HUMIDITY (PERCENT)
 HIGHEST    85           500 AM
 LOWEST     27           400 PM
 AVERAGE    56

..........................................................


THE TULSA OKLAHOMA CLIMATE NORMALS FOR TODAY
                         NORMAL    RECORD    YEAR
 MAXIMUM TEMPERATURE (F)   49        82      1909
 MINIMUM TEMPERATURE (F)   28         3      1948


SUNRISE AND SUNSET
JANUARY 28 2015.......SUNRISE   728 AM CST   SUNSET   546 PM CST
JANUARY 29 2015.......SUNRISE   727 AM CST   SUNSET   547 PM CST


-  INDICATES NEGATIVE NUMBERS.
R  INDICATES RECORD WAS SET OR TIED.
MM INDICATES DATA IS MISSING.
T  INDICATES TRACE AMOUNT.




$$

&&
...........................................................

THE TULSA PRECIPITATION NORMALS FOR TODAY
                       NORMAL    RECORD      YEAR
  TODAY                 0.05      1.07       2001
  MONTH TO DATE         1.48
  YEAR TO DATE          1.48
...........................................................
ALL DATA MEASURED AT THE TULSA INTERNATIONAL AIRPORT...
EXCEPT SNOWFALL...WHICH IS MEASURED AT THE NWS OFFICE.
