000
CDUS44 KTSA 180653
CLITUL

CLIMATE REPORT
NATIONAL WEATHER SERVICE TULSA OK
1247 AM CST THU DEC 18 2014


...................................

...THE TULSA OKLAHOMA CLIMATE SUMMARY FOR DECEMBER 17 2014...

CLIMATE NORMAL PERIOD 1981 TO 2010
CLIMATE RECORD PERIOD 1882 TO 2014


WEATHER ITEM   OBSERVED TIME   RECORD YEAR NORMAL DEPARTURE LAST
                VALUE   (LST)  VALUE       VALUE  FROM      YEAR
                                                  NORMAL
..................................................................
TEMPERATURE (F)
 YESTERDAY
  MAXIMUM         37   1159 PM  78    1908  49    -12       61
  MINIMUM         30    405 AM   2    1932  29      1       29
  AVERAGE         34                        39     -5       45

PRECIPITATION (IN)
  YESTERDAY        0.37          2.60 1895   0.08   0.29     0.00
  MONTH TO DATE    1.78                      1.45   0.33     0.58
  SINCE DEC 1      1.78                      1.45   0.33     0.58
  SINCE JAN 1     29.41                     39.93 -10.52    31.89

SNOWFALL (IN)
  YESTERDAY        T                                       0.0
MONTH TO DATE    0.0                                       5.0
SINCE DEC 1      0.0                                       5.0
SINCE JUL 1      0.4                                       5.0

DEGREE DAYS
 HEATING
  YESTERDAY       31                        26      5       20
  MONTH TO DATE  330                       413    -83      522
  SINCE DEC 1    330                       413    -83      522
  SINCE JUL 1   1031                      1049    -18     1223
..................................................................


WIND (MPH)
  HIGHEST WIND SPEED    13   HIGHEST WIND DIRECTION    SE (130)
  HIGHEST GUST SPEED    14   HIGHEST GUST DIRECTION    SE (130)
  AVERAGE WIND SPEED     5.5


SKY COVER
  POSSIBLE SUNSHINE  MM
  AVERAGE SKY COVER 1.0


WEATHER CONDITIONS
 THE FOLLOWING WEATHER WAS RECORDED YESTERDAY.
  RAIN
  LIGHT RAIN
  FOG


RELATIVE HUMIDITY (PERCENT)
 HIGHEST   100           500 PM
 LOWEST     75           600 AM
 AVERAGE    88

..........................................................


THE TULSA OKLAHOMA CLIMATE NORMALS FOR TODAY
                         NORMAL    RECORD    YEAR
 MAXIMUM TEMPERATURE (F)   48        72      1939
 MINIMUM TEMPERATURE (F)   29         4      1964


SUNRISE AND SUNSET
DECEMBER 18 2014......SUNRISE   729 AM CST   SUNSET   511 PM CST
DECEMBER 19 2014......SUNRISE   730 AM CST   SUNSET   512 PM CST


-  INDICATES NEGATIVE NUMBERS.
R  INDICATES RECORD WAS SET OR TIED.
MM INDICATES DATA IS MISSING.
T  INDICATES TRACE AMOUNT.




$$

&&
...........................................................

THE TULSA PRECIPITATION NORMALS FOR TODAY
                       NORMAL    RECORD      YEAR
  TODAY                 0.08      2.30       1895
  MONTH TO DATE         1.53
  YEAR TO DATE         40.01
...........................................................
ALL DATA MEASURED AT THE TULSA INTERNATIONAL AIRPORT...
EXCEPT SNOWFALL...WHICH IS MEASURED AT THE NWS OFFICE.
