000
CDUS44 KTSA 270652
CLITUL

CLIMATE REPORT
NATIONAL WEATHER SERVICE TULSA OK
147 AM CDT THU APR 27 2017


...................................

...THE TULSA OKLAHOMA CLIMATE SUMMARY FOR APRIL 26 2017...

CLIMATE NORMAL PERIOD 1981 TO 2010
CLIMATE RECORD PERIOD 1882 TO 2017


WEATHER ITEM   OBSERVED TIME   RECORD YEAR NORMAL DEPARTURE LAST
                VALUE   (LST)  VALUE       VALUE  FROM      YEAR
                                                  NORMAL
..................................................................
TEMPERATURE (F)
 YESTERDAY
  MAXIMUM         61    134 AM  91    1987  75    -14       83
  MINIMUM         45   1159 PM  35    1910  53     -8       60
  AVERAGE         53                        64    -11       72

PRECIPITATION (IN)
  YESTERDAY        0.02          2.09 1915   0.15  -0.13     0.83
  MONTH TO DATE    6.98                      3.15   3.83     5.26
  SINCE MAR 1      8.75                      6.44   2.31     8.12
  SINCE JAN 1     13.35                      9.95   3.40     9.32

SNOWFALL (IN)
  YESTERDAY       MM                                         0.0
  MONTH TO DATE    T                                         0.0
  SINCE MAR 1      T                                         0.0
  SINCE JUL 1      0.7                                       3.0

DEGREE DAYS
 HEATING
  YESTERDAY       12                         4      8        0
  MONTH TO DATE   95                       174    -79       77
  SINCE MAR 1    389                       612   -223      344
  SINCE JUL 1   2610                      3523   -913     2676

 COOLING
  YESTERDAY        0                         2     -2        7
  MONTH TO DATE   62                        41     21       38
  SINCE MAR 1    102                        52     50       47
  SINCE JAN 1    118                        53     65       53
..................................................................


WIND (MPH)
  HIGHEST WIND SPEED    22   HIGHEST WIND DIRECTION     N (360)
  HIGHEST GUST SPEED    30   HIGHEST GUST DIRECTION    NW (330)
  AVERAGE WIND SPEED    12.3


SKY COVER
  POSSIBLE SUNSHINE  MM
  AVERAGE SKY COVER 0.9


WEATHER CONDITIONS
 THE FOLLOWING WEATHER WAS RECORDED YESTERDAY.
  LIGHT RAIN
  FOG


RELATIVE HUMIDITY (PERCENT)
 HIGHEST    97           100 AM
 LOWEST     71           400 PM
 AVERAGE    84

..........................................................


THE TULSA OKLAHOMA CLIMATE NORMALS FOR TODAY
                         NORMAL    RECORD    YEAR
 MAXIMUM TEMPERATURE (F)   75        92      1966
 MINIMUM TEMPERATURE (F)   53        36      1920
                                             1910


SUNRISE AND SUNSET
APRIL 27 2017.........SUNRISE   635 AM CDT   SUNSET   808 PM CDT
APRIL 28 2017.........SUNRISE   634 AM CDT   SUNSET   809 PM CDT


-  INDICATES NEGATIVE NUMBERS.
R  INDICATES RECORD WAS SET OR TIED.
MM INDICATES DATA IS MISSING.
T  INDICATES TRACE AMOUNT.




$$

&&
...........................................................

THE TULSA PRECIPITATION NORMALS FOR TODAY
                       NORMAL    RECORD      YEAR
  TODAY                 0.15      2.33       1998
  MONTH TO DATE         3.30
  YEAR TO DATE         10.10
...........................................................
ALL DATA MEASURED AT THE TULSA INTERNATIONAL AIRPORT...
EXCEPT SNOWFALL...WHICH IS MEASURED AT THE NWS OFFICE.
