210
CDUS44 KTSA 222133
CLITUL

CLIMATE REPORT
NATIONAL WEATHER SERVICE TULSA OK
418 PM CDT FRI SEP 22 2017


...................................

...THE TULSA OKLAHOMA CLIMATE SUMMARY FOR SEPTEMBER 22 2017...
VALID TODAY AS OF 0400 PM LOCAL TIME.

CLIMATE NORMAL PERIOD 1981 TO 2010
CLIMATE RECORD PERIOD 1882 TO 2017


WEATHER ITEM   OBSERVED TIME   RECORD YEAR NORMAL DEPARTURE LAST
                VALUE   (LST)  VALUE       VALUE  FROM      YEAR
                                                  NORMAL
..................................................................
TEMPERATURE (F)
 TODAY
  MAXIMUM         92    226 PM  99    1921  81     11       94
  MINIMUM         74    636 AM  37    1995  59     15       68
  AVERAGE         83                        70     13       81

PRECIPITATION (IN)
  TODAY            0.00          3.78 1970   0.15  -0.15     0.00
  MONTH TO DATE    0.57                      3.15  -2.58     1.63
  SINCE SEP 1      0.57                      3.15  -2.58     1.63
  SINCE JAN 1     35.57                     30.63   4.94    22.33

DEGREE DAYS
 HEATING
  TODAY            0                         1     -1        0
  MONTH TO DATE    0                         8     -8        0
  SINCE SEP 1      0                         8     -8        0
  SINCE JUL 1      0                         8     -8        0

 COOLING
  TODAY           18                         6     12       16
  MONTH TO DATE  247                       221     26      323
  SINCE SEP 1    247                       221     26      323
  SINCE JAN 1   1948                      1922     26     2263
..................................................................


WIND (MPH)
  HIGHEST WIND SPEED    22   HIGHEST WIND DIRECTION     S (180)
  HIGHEST GUST SPEED    28   HIGHEST GUST DIRECTION     S (180)
  AVERAGE WIND SPEED    13.1


SKY COVER
  POSSIBLE SUNSHINE  MM
  AVERAGE SKY COVER 0.1


WEATHER CONDITIONS
 THE FOLLOWING WEATHER WAS RECORDED TODAY.
  NO SIGNIFICANT WEATHER WAS OBSERVED.


RELATIVE HUMIDITY (PERCENT)
 HIGHEST    82           300 AM
 LOWEST     44           200 PM
 AVERAGE    63

..........................................................


THE TULSA OKLAHOMA CLIMATE NORMALS FOR TOMORROW
                         NORMAL    RECORD    YEAR
 MAXIMUM TEMPERATURE (F)   81       101      1931
 MINIMUM TEMPERATURE (F)   59        37      1995


SUNRISE AND SUNSET
SEPTEMBER 22 2017.....SUNRISE   712 AM CDT   SUNSET   720 PM CDT
SEPTEMBER 23 2017.....SUNRISE   712 AM CDT   SUNSET   718 PM CDT


-  INDICATES NEGATIVE NUMBERS.
R  INDICATES RECORD WAS SET OR TIED.
MM INDICATES DATA IS MISSING.
T  INDICATES TRACE AMOUNT.




$$

&&
...........................................................

TULSA RECORD LOW MAX AND HIGH MIN TEMPERATURES FOR TOMORROW
                      RECORD        YEAR
  LOW MAXIMUM           60          1994
  HIGH MINIMUM          74          1931
...........................................................
ALL DATA MEASURED AT THE TULSA INTERNATIONAL AIRPORT...
EXCEPT SNOWFALL...WHICH IS MEASURED AT THE NWS OFFICE.
