000
CDUS44 KTSA 310648
CLITUL

CLIMATE REPORT
NATIONAL WEATHER SERVICE TULSA OK
147 AM CDT THU JUL 31 2014


...................................

...THE TULSA OKLAHOMA CLIMATE SUMMARY FOR JULY 30 2014...

CLIMATE NORMAL PERIOD 1981 TO 2010
CLIMATE RECORD PERIOD 1882 TO 2014


WEATHER ITEM   OBSERVED TIME   RECORD YEAR NORMAL DEPARTURE LAST
                VALUE   (LST)  VALUE       VALUE  FROM      YEAR
                                                  NORMAL
..................................................................
TEMPERATURE (F)
 YESTERDAY
  MAXIMUM         78    726 AM 110    1986  94    -16       90
  MINIMUM         67   1159 PM  55    1971  73     -6       72
  AVERAGE         73                        84    -11       81

PRECIPITATION (IN)
  YESTERDAY        1.77          3.78 1981   0.09   1.68     0.50
  MONTH TO DATE    4.25                      3.26   0.99     4.93
  SINCE JUN 1      8.92                      7.98   0.94     6.62
  SINCE JAN 1     17.37                     24.48  -7.11    20.50

DEGREE DAYS
 COOLING
  YESTERDAY        8                        19    -11       16
  MONTH TO DATE  411                       537   -126      492
  SINCE JUN 1    814                       916   -102      923
  SINCE JAN 1   1085                      1150    -65     1115
..................................................................


WIND (MPH)
  HIGHEST WIND SPEED    17   HIGHEST WIND DIRECTION    SW (230)
  HIGHEST GUST SPEED    22   HIGHEST GUST DIRECTION    SW (230)
  AVERAGE WIND SPEED     6.2


SKY COVER
  POSSIBLE SUNSHINE  MM
  AVERAGE SKY COVER 1.0


WEATHER CONDITIONS
 THE FOLLOWING WEATHER WAS RECORDED YESTERDAY.
  HEAVY RAIN
  RAIN
  LIGHT RAIN
  FOG


RELATIVE HUMIDITY (PERCENT)
 HIGHEST   100          1100 AM
 LOWEST     69           700 AM
 AVERAGE    85

..........................................................


THE TULSA OKLAHOMA CLIMATE NORMALS FOR TODAY
                         NORMAL    RECORD    YEAR
 MAXIMUM TEMPERATURE (F)   94       112      2012
 MINIMUM TEMPERATURE (F)   73        51      1971


SUNRISE AND SUNSET
JULY 31 2014..........SUNRISE   630 AM CDT   SUNSET   830 PM CDT
AUGUST  1 2014........SUNRISE   631 AM CDT   SUNSET   829 PM CDT


-  INDICATES NEGATIVE NUMBERS.
R  INDICATES RECORD WAS SET OR TIED.
MM INDICATES DATA IS MISSING.
T  INDICATES TRACE AMOUNT.




$$

&&
...........................................................

THE TULSA PRECIPITATION NORMALS FOR TODAY
                       NORMAL    RECORD      YEAR
  TODAY                 0.10      3.60       1898
  MONTH TO DATE         3.36
  YEAR TO DATE         24.58
...........................................................
ALL DATA MEASURED AT THE TULSA INTERNATIONAL AIRPORT...
EXCEPT SNOWFALL...WHICH IS MEASURED AT THE NWS OFFICE.
