000
CDUS44 KTSA 211512
CLITUL

CLIMATE REPORT
NATIONAL WEATHER SERVICE TULSA OK
912 AM CST TUE FEB 21 2017


...................................

...THE TULSA OKLAHOMA CLIMATE SUMMARY FOR FEBRUARY 21 2017...
VALID AS OF 0900 AM LOCAL TIME.

CLIMATE NORMAL PERIOD 1981 TO 2010
CLIMATE RECORD PERIOD 1882 TO 2017


WEATHER ITEM   OBSERVED TIME   RECORD YEAR NORMAL DEPARTURE LAST
                VALUE   (LST)  VALUE       VALUE  FROM      YEAR
                                                  NORMAL
..................................................................
TEMPERATURE (F)
 TODAY
  MAXIMUM         52    127 AM  82    1996  55     -3       67
  MINIMUM         44    717 AM   7    1939  33     11       50
  AVERAGE         48                        44      4       59

PRECIPITATION (IN)
  TODAY            0.00          1.43 1913   0.08  -0.08     0.00
  MONTH TO DATE    1.18                      1.31  -0.13     0.11
  SINCE DEC 1      5.04                      5.46  -0.42     9.32
  SINCE JAN 1      4.60                      2.97   1.63     0.72

SNOWFALL (IN)
  TODAY            0.0                                       0.0
  MONTH TO DATE    0.0                                       0.0
  SINCE DEC 1      0.7                                       3.0
  SINCE JUL 1      0.7                                       3.0

DEGREE DAYS
 HEATING
  TODAY           17                        21     -4        6
  MONTH TO DATE  326                       499   -173      348
  SINCE DEC 1   1815                      2136   -321     1735
  SINCE JUL 1   2154                      2772   -618     2210
..................................................................


WIND (MPH)
  HIGHEST WIND SPEED     9   HIGHEST WIND DIRECTION    NW (300)
  HIGHEST GUST SPEED    10   HIGHEST GUST DIRECTION    NW (300)
  AVERAGE WIND SPEED     3.1


SKY COVER
  POSSIBLE SUNSHINE  MM
  AVERAGE SKY COVER 0.7


WEATHER CONDITIONS
 THE FOLLOWING WEATHER WAS RECORDED TODAY.
  FOG
  FOG W/VISIBILITY <= 1/4 MILE


RELATIVE HUMIDITY (PERCENT)
 HIGHEST   100          1200 AM
 LOWEST     96           900 AM
 AVERAGE    98

..........................................................


THE TULSA OKLAHOMA CLIMATE NORMALS FOR TOMORROW
                         NORMAL    RECORD    YEAR
 MAXIMUM TEMPERATURE (F)   55        90      1996
 MINIMUM TEMPERATURE (F)   33        11      1963


SUNRISE AND SUNSET
FEBRUARY 21 2017......SUNRISE   704 AM CST   SUNSET   611 PM CST
FEBRUARY 22 2017......SUNRISE   702 AM CST   SUNSET   612 PM CST


-  INDICATES NEGATIVE NUMBERS.
R  INDICATES RECORD WAS SET OR TIED.
MM INDICATES DATA IS MISSING.
T  INDICATES TRACE AMOUNT.




$$

&&
ALL DATA MEASURED AT THE TULSA INTERNATIONAL AIRPORT...
EXCEPT SNOWFALL...WHICH IS MEASURED AT THE NWS OFFICE.
