162
CDUS44 KTSA 190653
CLITUL

CLIMATE REPORT
NATIONAL WEATHER SERVICE TULSA OK
1253 AM CST SUN NOV 19 2017


...................................

...THE TULSA OKLAHOMA CLIMATE SUMMARY FOR NOVEMBER 18 2017...

CLIMATE NORMAL PERIOD 1981 TO 2010
CLIMATE RECORD PERIOD 1882 TO 2017


WEATHER ITEM   OBSERVED TIME   RECORD YEAR NORMAL DEPARTURE LAST
                VALUE   (LST)  VALUE       VALUE  FROM      YEAR
                                                  NORMAL
..................................................................
TEMPERATURE (F)
 YESTERDAY
  MAXIMUM         75    443 AM  82    1930  60     15       72
  MINIMUM         37   1159 PM  14    2014  39     -2       37
  AVERAGE         56                        49      7       55

PRECIPITATION (IN)
  YESTERDAY        T             1.26 1964   0.08  -0.08     0.00
  MONTH TO DATE    0.02                      1.83  -1.81     1.56
  SINCE SEP 1      8.98                     10.02  -1.04     6.73
  SINCE JAN 1     43.98                     37.50   6.48    27.43

SNOWFALL (IN)
  YESTERDAY       MM                                         0.0
  MONTH TO DATE    0.0                                       0.0
  SINCE SEP 1      0.0                                       0.0
  SINCE JUL 1      0.0                                       0.0

DEGREE DAYS
 HEATING
  YESTERDAY        9                        16     -7       10
  MONTH TO DATE  193                       223    -30       91
  SINCE SEP 1    352                       409    -57      141
  SINCE JUL 1    352                       409    -57      141
..................................................................


WIND (MPH)
  HIGHEST WIND SPEED    36   HIGHEST WIND DIRECTION     N (340)
  HIGHEST GUST SPEED    42   HIGHEST GUST DIRECTION     N (350)
  AVERAGE WIND SPEED    16.5


SKY COVER
  POSSIBLE SUNSHINE  MM
  AVERAGE SKY COVER 0.6


WEATHER CONDITIONS
 THE FOLLOWING WEATHER WAS RECORDED YESTERDAY.
  NO SIGNIFICANT WEATHER WAS OBSERVED.


RELATIVE HUMIDITY (PERCENT)
 HIGHEST    77           800 AM
 LOWEST     38           300 PM
 AVERAGE    58

..........................................................


THE TULSA OKLAHOMA CLIMATE NORMALS FOR TODAY
                         NORMAL    RECORD    YEAR
 MAXIMUM TEMPERATURE (F)   59        81      1908
 MINIMUM TEMPERATURE (F)   38        14      1937


SUNRISE AND SUNSET
NOVEMBER 19 2017......SUNRISE   705 AM CST   SUNSET   513 PM CST
NOVEMBER 20 2017......SUNRISE   706 AM CST   SUNSET   512 PM CST


-  INDICATES NEGATIVE NUMBERS.
R  INDICATES RECORD WAS SET OR TIED.
MM INDICATES DATA IS MISSING.
T  INDICATES TRACE AMOUNT.




$$

&&
...........................................................

THE TULSA PRECIPITATION NORMALS FOR TODAY
                       NORMAL    RECORD      YEAR
  TODAY                 0.08      1.70       1900
  MONTH TO DATE         1.91
  YEAR TO DATE         37.58
...........................................................
ALL DATA MEASURED AT THE TULSA INTERNATIONAL AIRPORT...
EXCEPT SNOWFALL...WHICH IS MEASURED AT THE NWS OFFICE.
