000
CDUS44 KMEG 272147
CLITUP


CLIMATE REPORT
NATIONAL WEATHER SERVICE MEMPHIS TN
446 PM CDT FRI MAY 27 2016


...................................

...THE TUPELO CLIMATE SUMMARY FOR MAY 27 2016...
VALID TODAY AS OF 0400 PM LOCAL TIME.

CLIMATE NORMAL PERIOD 1981 TO 2010
CLIMATE RECORD PERIOD 1930 TO 2016


WEATHER ITEM   OBSERVED TIME   RECORD YEAR NORMAL DEPARTURE LAST
                VALUE   (LST)  VALUE       VALUE  FROM      YEAR
                                                  NORMAL
..................................................................
TEMPERATURE (F)
 TODAY
  MAXIMUM         87    336 PM  95    2012  85      2       82
                                      1964
  MINIMUM         71    536 AM  42    1961  63      8       66
  AVERAGE         79                        74      5       74

PRECIPITATION (IN)
  TODAY            0.00          1.38 1997   0.16  -0.16     1.12
  MONTH TO DATE    0.90                      4.90  -4.00     6.76
  SINCE MAR 1     14.64                     14.50   0.14    20.92
  SINCE JAN 1     21.81                     23.94  -2.13    30.08

SNOWFALL (IN)
  TODAY            0.0

DEGREE DAYS
 HEATING
  TODAY            0                         0      0        0
  MONTH TO DATE   21                        23     -2       21
  SINCE MAR 1    345                       524   -179      435
  SINCE JUL 1   2282                      2955   -673     3153

 COOLING
  TODAY           14                         9      5        9
  MONTH TO DATE  138                       163    -25      190
  SINCE MAR 1    228                       237     -9      266
  SINCE JAN 1    228                       239    -11      266
..................................................................


WIND (MPH)
  HIGHEST WIND SPEED    23   HIGHEST WIND DIRECTION    SE (140)
  HIGHEST GUST SPEED    31   HIGHEST GUST DIRECTION    SE (130)
  AVERAGE WIND SPEED    10.6


SKY COVER
  POSSIBLE SUNSHINE  MM
  AVERAGE SKY COVER 0.1


WEATHER CONDITIONS
 THE FOLLOWING WEATHER WAS RECORDED TODAY.
  NO SIGNIFICANT WEATHER WAS OBSERVED.


RELATIVE HUMIDITY (PERCENT)
 HIGHEST    79           600 AM
 LOWEST     37           200 PM
 AVERAGE    58

..........................................................


THE TUPELO CLIMATE NORMALS FOR TOMORROW
                         NORMAL    RECORD    YEAR
 MAXIMUM TEMPERATURE (F)   85        95      1962
                                             1941
 MINIMUM TEMPERATURE (F)   63        47      1961


SUNRISE AND SUNSET
MAY 27 2016...........SUNRISE   546 AM CDT   SUNSET   759 PM CDT
MAY 28 2016...........SUNRISE   545 AM CDT   SUNSET   800 PM CDT


-  INDICATES NEGATIVE NUMBERS.
R  INDICATES RECORD WAS SET OR TIED.
MM INDICATES DATA IS MISSING.
T  INDICATES TRACE AMOUNT.




$$
