000
CDUS44 KMEG 040644
CLITUP


CLIMATE REPORT
NATIONAL WEATHER SERVICE MEMPHIS TN
144 AM CDT FRI SEP 4 2015


...................................

...THE TUPELO CLIMATE SUMMARY FOR SEPTEMBER 3 2015...

CLIMATE NORMAL PERIOD 1981 TO 2010
CLIMATE RECORD PERIOD 1930 TO 2015


WEATHER ITEM   OBSERVED TIME   RECORD YEAR NORMAL DEPARTURE LAST
                VALUE   (LST)  VALUE       VALUE  FROM      YEAR
                                                  NORMAL
..................................................................
TEMPERATURE (F)
 YESTERDAY
  MAXIMUM         92    235 PM 100    1990  89      3       89
                                      1954
                                      1939
  MINIMUM         72    557 AM  54    1952  67      5       71
  AVERAGE         82                        78      4       80

PRECIPITATION (IN)
  YESTERDAY        0.00          1.75 1932   0.09  -0.09     0.00
  MONTH TO DATE    0.00                      0.27  -0.27     0.05
  SINCE SEP 1      0.00                      0.27  -0.27     0.05
  SINCE JAN 1     52.57                     36.74  15.83    35.98

SNOWFALL (IN)
  YESTERDAY        0.0          MM      MM   0.0    0.0      0.0
  MONTH TO DATE    0.0                       0.0    0.0      0.0
  SINCE SEP 1      0.0                       0.0    0.0      0.0
  SINCE JUL 1      0.0                       0.0    0.0      0.0
  SNOW DEPTH       0

DEGREE DAYS
 HEATING
  YESTERDAY        0                         0      0        0
  MONTH TO DATE    0                         0      0        0
  SINCE SEP 1      0                         0      0        0
  SINCE JUL 1      0                         0      0        0

 COOLING
  YESTERDAY       17                        13      4       15
  MONTH TO DATE   44                        41      3       49
  SINCE SEP 1     44                        41      3       49
  SINCE JAN 1   1783                      1713     70     1596
..................................................................


WIND (MPH)
  HIGHEST WIND SPEED     8   HIGHEST WIND DIRECTION     E (80)
  HIGHEST GUST SPEED    11   HIGHEST GUST DIRECTION     E (80)
  AVERAGE WIND SPEED     1.7


SKY COVER
  POSSIBLE SUNSHINE  MM
  AVERAGE SKY COVER 0.1


WEATHER CONDITIONS
 THE FOLLOWING WEATHER WAS RECORDED YESTERDAY.
  FOG


RELATIVE HUMIDITY (PERCENT)
 HIGHEST   100          1200 AM
 LOWEST     47           200 PM
 AVERAGE    74

..........................................................


THE TUPELO CLIMATE NORMALS FOR TODAY
                         NORMAL    RECORD    YEAR
 MAXIMUM TEMPERATURE (F)   89       103      1954
 MINIMUM TEMPERATURE (F)   67        43      1974


SUNRISE AND SUNSET
SEPTEMBER  4 2015.....SUNRISE   630 AM CDT   SUNSET   717 PM CDT
SEPTEMBER  5 2015.....SUNRISE   631 AM CDT   SUNSET   716 PM CDT


-  INDICATES NEGATIVE NUMBERS.
R  INDICATES RECORD WAS SET OR TIED.
MM INDICATES DATA IS MISSING.
T  INDICATES TRACE AMOUNT.




$$
