541
CDUS44 KMEG 260636
CLITUP


CLIMATE REPORT
NATIONAL WEATHER SERVICE MEMPHIS TN
135 AM CDT FRI AUG 26 2016


...................................

...THE TUPELO CLIMATE SUMMARY FOR AUGUST 25 2016...

CLIMATE NORMAL PERIOD 1981 TO 2010
CLIMATE RECORD PERIOD 1930 TO 2016


WEATHER ITEM   OBSERVED TIME   RECORD YEAR NORMAL DEPARTURE LAST
                VALUE   (LST)  VALUE       VALUE  FROM      YEAR
                                                  NORMAL
..................................................................
TEMPERATURE (F)
 YESTERDAY
  MAXIMUM         97    126 PM 105    1943  91      6       83
                                      1938
  MINIMUM         76    553 AM  57    1969  69      7       58
  AVERAGE         87                        80      7       71

PRECIPITATION (IN)
  YESTERDAY        0.00          3.08 1976   0.10  -0.10     0.00
  MONTH TO DATE    4.03                      2.90   1.13     6.50
  SINCE JUN 1     12.43                     11.32   1.11    20.16
  SINCE JAN 1     34.53                     35.92  -1.39    52.57

SNOWFALL (IN)
  YESTERDAY        0.0          MM      MM   0.0    0.0      0.0
  MONTH TO DATE    0.0                       0.0    0.0      0.0
  SINCE JUN 1      0.0                       0.0    0.0      0.0
  SINCE JUL 1      0.0                       0.0    0.0      0.0
  SNOW DEPTH       0

DEGREE DAYS
 HEATING
  YESTERDAY        0                         0      0        0
  MONTH TO DATE    0                         0      0        0
  SINCE JUN 1      0                         0      0        0
  SINCE JUL 1      0                         0      0        0

 COOLING
  YESTERDAY       22                        15      7        6
  MONTH TO DATE  468                       401     67      377
  SINCE JUN 1   1528                      1306    222     1373
  SINCE JAN 1   1814                      1583    231     1678
..................................................................


WIND (MPH)
  HIGHEST WIND SPEED    12   HIGHEST WIND DIRECTION     E (70)
  HIGHEST GUST SPEED    16   HIGHEST GUST DIRECTION     E (80)
  AVERAGE WIND SPEED     3.6


SKY COVER
  POSSIBLE SUNSHINE  MM
  AVERAGE SKY COVER 0.1


WEATHER CONDITIONS
 THE FOLLOWING WEATHER WAS RECORDED YESTERDAY.
  NO SIGNIFICANT WEATHER WAS OBSERVED.


RELATIVE HUMIDITY (PERCENT)
 HIGHEST    87           300 AM
 LOWEST     35           400 PM
 AVERAGE    61

..........................................................


THE TUPELO CLIMATE NORMALS FOR TODAY
                         NORMAL    RECORD    YEAR
 MAXIMUM TEMPERATURE (F)   91       105      1943
 MINIMUM TEMPERATURE (F)   69        56      1966


SUNRISE AND SUNSET
AUGUST 26 2016........SUNRISE   625 AM CDT   SUNSET   728 PM CDT
AUGUST 27 2016........SUNRISE   625 AM CDT   SUNSET   727 PM CDT


-  INDICATES NEGATIVE NUMBERS.
R  INDICATES RECORD WAS SET OR TIED.
MM INDICATES DATA IS MISSING.
T  INDICATES TRACE AMOUNT.




$$
