000
CDUS44 KMEG 210738
CLITUP


CLIMATE REPORT
NATIONAL WEATHER SERVICE MEMPHIS TN
137 AM CST TUE FEB 21 2017


...................................

...THE TUPELO CLIMATE SUMMARY FOR FEBRUARY 20 2017...

CLIMATE NORMAL PERIOD 1981 TO 2010
CLIMATE RECORD PERIOD 1930 TO 2017


WEATHER ITEM   OBSERVED TIME   RECORD YEAR NORMAL DEPARTURE LAST
                VALUE   (LST)  VALUE       VALUE  FROM      YEAR
                                                  NORMAL
..................................................................
TEMPERATURE (F)
 YESTERDAY
  MAXIMUM         77    406 PM  78    1986  58     19       68
  MINIMUM         46    649 AM  13    1978  37      9       58
  AVERAGE         62                        47     15       63

PRECIPITATION (IN)
  YESTERDAY        0.00          3.54 1989   0.19  -0.19     0.00
  MONTH TO DATE    1.09                      3.42  -2.33     2.28
  SINCE DEC 1     11.76                     14.18  -2.42    13.48
  SINCE JAN 1      6.86                      7.90  -1.04     6.12

SNOWFALL (IN)
  YESTERDAY        0.0           2.0  1941   0.0    0.0      0.0
  MONTH TO DATE    0.0                       0.5   -0.5      0.0
  SINCE DEC 1      T                         1.7   -1.7       T
  SINCE JUL 1      T                         1.7   -1.7       T
  SNOW DEPTH       0

DEGREE DAYS
 HEATING
  YESTERDAY        3                        18    -15        2
  MONTH TO DATE  247                       403   -156      377
  SINCE DEC 1   1266                      1777   -511     1485
  SINCE JUL 1   1560                      2299   -739     1826

 COOLING
  YESTERDAY        0                         0      0        0
  MONTH TO DATE    0                         0      0        0
  SINCE DEC 1     15                         3     12       27
  SINCE JAN 1      8                         1      7        0
..................................................................


WIND (MPH)
  HIGHEST WIND SPEED    18   HIGHEST WIND DIRECTION     S (160)
  HIGHEST GUST SPEED    22   HIGHEST GUST DIRECTION     S (160)
  AVERAGE WIND SPEED     6.0


SKY COVER
  POSSIBLE SUNSHINE  MM
  AVERAGE SKY COVER 0.0


WEATHER CONDITIONS
 THE FOLLOWING WEATHER WAS RECORDED YESTERDAY.
  NO SIGNIFICANT WEATHER WAS OBSERVED.


RELATIVE HUMIDITY (PERCENT)
 HIGHEST    93           400 AM
 LOWEST     38           200 PM
 AVERAGE    66

..........................................................


THE TUPELO CLIMATE NORMALS FOR TODAY
                         NORMAL    RECORD    YEAR
 MAXIMUM TEMPERATURE (F)   58        77      2007
                                             1981
 MINIMUM TEMPERATURE (F)   37        14      1977


SUNRISE AND SUNSET
FEBRUARY 21 2017......SUNRISE   633 AM CST   SUNSET   544 PM CST
FEBRUARY 22 2017......SUNRISE   632 AM CST   SUNSET   545 PM CST


-  INDICATES NEGATIVE NUMBERS.
R  INDICATES RECORD WAS SET OR TIED.
MM INDICATES DATA IS MISSING.
T  INDICATES TRACE AMOUNT.


$$
