000
CDUS44 KMEG 220731
CLITUP


CLIMATE REPORT
NATIONAL WEATHER SERVICE MEMPHIS TN
131 AM CST MON DEC 22 2014


...................................

...THE TUPELO CLIMATE SUMMARY FOR DECEMBER 21 2014...

CLIMATE NORMAL PERIOD 1981 TO 2010
CLIMATE RECORD PERIOD 1930 TO 2014


WEATHER ITEM   OBSERVED TIME   RECORD YEAR NORMAL DEPARTURE LAST
                VALUE   (LST)  VALUE       VALUE  FROM      YEAR
                                                  NORMAL
..................................................................
TEMPERATURE (F)
 YESTERDAY
  MAXIMUM         56    238 PM  78    2013  52      4       78
  MINIMUM         28    711 AM   7    1989  33     -5       61
  AVERAGE         42                        43     -1       70

PRECIPITATION (IN)
  YESTERDAY        0.00          2.62 1990   0.18  -0.18     1.32
  MONTH TO DATE    2.16                      4.50  -2.34     5.41
  SINCE DEC 1      2.16                      4.50  -2.34     5.41
  SINCE JAN 1     54.16                     53.23   0.93    52.28

SNOWFALL (IN)
  YESTERDAY        0.0           T    2004   0.0    0.0      0.0
                                      1989
  MONTH TO DATE    0.0                       0.1   -0.1       T
  SINCE DEC 1      0.0                       0.1   -0.1       T
  SINCE JUL 1      0.0                       0.1   -0.1       T
  SNOW DEPTH       0

DEGREE DAYS
 HEATING
  YESTERDAY       23                        22      1        0
  MONTH TO DATE  371                       423    -52      416
  SINCE DEC 1    371                       423    -52      416
  SINCE JUL 1   1008                       945     63     1039

 COOLING
  YESTERDAY        0                         0      0        5
  MONTH TO DATE    0                         0      0        9
  SINCE DEC 1      0                         0      0        9
  SINCE JAN 1   1974                      2044    -70     2036
..................................................................


WIND (MPH)
  HIGHEST WIND SPEED    12   HIGHEST WIND DIRECTION     S (190)
  HIGHEST GUST SPEED    16   HIGHEST GUST DIRECTION     S (200)
  AVERAGE WIND SPEED     5.8


SKY COVER
  POSSIBLE SUNSHINE  MM
  AVERAGE SKY COVER 0.2


WEATHER CONDITIONS
 THE FOLLOWING WEATHER WAS RECORDED YESTERDAY.
  NO SIGNIFICANT WEATHER WAS OBSERVED.


RELATIVE HUMIDITY (PERCENT)
 HIGHEST    93          1100 PM
 LOWEST     50           100 PM
 AVERAGE    72

..........................................................


THE TUPELO CLIMATE NORMALS FOR TODAY
                         NORMAL    RECORD    YEAR
 MAXIMUM TEMPERATURE (F)   52        71      1933
 MINIMUM TEMPERATURE (F)   33        -1      1989


SUNRISE AND SUNSET
DECEMBER 22 2014......SUNRISE   658 AM CST   SUNSET   450 PM CST
DECEMBER 23 2014......SUNRISE   658 AM CST   SUNSET   450 PM CST


-  INDICATES NEGATIVE NUMBERS.
R  INDICATES RECORD WAS SET OR TIED.
MM INDICATES DATA IS MISSING.
T  INDICATES TRACE AMOUNT.




$$
