000
CDUS44 KMEG 190632
CLITUP


CLIMATE REPORT
NATIONAL WEATHER SERVICE MEMPHIS TN
132 AM CDT SAT AUG 19 2017


...................................

...THE TUPELO CLIMATE SUMMARY FOR AUGUST 18 2017...

CLIMATE NORMAL PERIOD 1981 TO 2010
CLIMATE RECORD PERIOD 1930 TO 2017


WEATHER ITEM   OBSERVED TIME   RECORD YEAR NORMAL DEPARTURE LAST
                VALUE   (LST)  VALUE       VALUE  FROM      YEAR
                                                  NORMAL
..................................................................
TEMPERATURE (F)
 YESTERDAY
  MAXIMUM         92    404 PM 103    1936  92      0       90
  MINIMUM         73   1157 PM  60    1992  70      3       75
  AVERAGE         83                        81      2       83

PRECIPITATION (IN)
  YESTERDAY        0.00          1.50 1940   0.12  -0.12     0.84
  MONTH TO DATE    1.72                      2.18  -0.46     3.89
  SINCE JUN 1     11.71                     10.60   1.11    12.29
  SINCE JAN 1     33.47                     35.20  -1.73    34.39

SNOWFALL (IN)
  YESTERDAY        0.0          MM      MM   0.0    0.0      0.0
  MONTH TO DATE    0.0                       0.0    0.0      0.0
  SINCE JUN 1      0.0                       0.0    0.0      0.0
  SINCE JUL 1      0.0                       0.0    0.0      0.0
  SNOW DEPTH       0

DEGREE DAYS
 HEATING
  YESTERDAY        0                         0      0        0
  MONTH TO DATE    0                         0      0        0
  SINCE JUN 1      0                         0      0        0
  SINCE JUL 1      0                         0      0        0

 COOLING
  YESTERDAY       18                        16      2       18
  MONTH TO DATE  283                       292     -9      346
  SINCE JUN 1   1183                      1197    -14     1406
  SINCE JAN 1   1519                      1474     45     1692
..................................................................


WIND (MPH)
  HIGHEST WIND SPEED    12   HIGHEST WIND DIRECTION    SW (230)
  HIGHEST GUST SPEED    14   HIGHEST GUST DIRECTION     W (290)
  AVERAGE WIND SPEED     3.6


SKY COVER
  POSSIBLE SUNSHINE  MM
  AVERAGE SKY COVER 0.2


WEATHER CONDITIONS
 THE FOLLOWING WEATHER WAS RECORDED YESTERDAY.
  NO SIGNIFICANT WEATHER WAS OBSERVED.


RELATIVE HUMIDITY (PERCENT)
 HIGHEST    94           100 AM
 LOWEST     41           200 PM
 AVERAGE    68

..........................................................


THE TUPELO CLIMATE NORMALS FOR TODAY
                         NORMAL    RECORD    YEAR
 MAXIMUM TEMPERATURE (F)   92       104      1999
 MINIMUM TEMPERATURE (F)   70        59      1977


SUNRISE AND SUNSET
AUGUST 19 2017........SUNRISE   619 AM CDT   SUNSET   737 PM CDT
AUGUST 20 2017........SUNRISE   620 AM CDT   SUNSET   736 PM CDT


-  INDICATES NEGATIVE NUMBERS.
R  INDICATES RECORD WAS SET OR TIED.
MM INDICATES DATA IS MISSING.
T  INDICATES TRACE AMOUNT.




$$
