000
CDUS45 KTWC 030044
CLITUS

CLIMATE REPORT
NATIONAL WEATHER SERVICE TUCSON AZ
544 PM MST MON MAR 2 2015


...................................

...THE TUCSON AZ CLIMATE SUMMARY FOR MARCH 2 2015...
VALID TODAY AS OF 0500 PM LOCAL TIME.

CLIMATE NORMAL PERIOD 1981 TO 2010
CLIMATE RECORD PERIOD 1895 TO 2015


WEATHER ITEM   OBSERVED TIME   RECORD YEAR NORMAL DEPARTURE LAST
                VALUE   (LST)  VALUE       VALUE  FROM      YEAR
                                                  NORMAL
..................................................................
TEMPERATURE (F)
 TODAY
  MAXIMUM         69    139 PM  91    2009  71     -2       65
                                      1910
  MINIMUM         51    459 PM  24    1971  44      7       47
                                      1906
  AVERAGE         60                        58      2       56

PRECIPITATION (IN)
  TODAY            0.17          0.68 1981   0.02   0.15     0.13
  MONTH TO DATE    0.17                      0.05   0.12     0.58
  SINCE OCT 1      6.62                      4.24   2.38     3.64
  SINCE JAN 1      3.12                      1.85   1.27     0.59

DEGREE DAYS
 HEATING
  TODAY            5                         8     -3        9
  MONTH TO DATE    5                        16    -11       13
  SINCE MAR 1      5                        16    -11       13
  SINCE JUL 1    847                      1283   -436      846

 COOLING
  TODAY            0                         0      0        0
  MONTH TO DATE    0                         0      0        0
  SINCE MAR 1      0                         0      0        0
  SINCE JAN 1      8                         4      4       24
..................................................................


WIND (MPH)
  HIGHEST WIND SPEED    35   HIGHEST WIND DIRECTION     S (200)
  HIGHEST GUST SPEED    47   HIGHEST GUST DIRECTION     S (200)
  AVERAGE WIND SPEED    11.4


SKY COVER
  POSSIBLE SUNSHINE  MM
  AVERAGE SKY COVER 0.6


WEATHER CONDITIONS
 THE FOLLOWING WEATHER WAS RECORDED TODAY.
  HEAVY RAIN
  FOG


RELATIVE HUMIDITY (PERCENT)
 HIGHEST    60
 LOWEST     42
 AVERAGE    51

..........................................................


THE TUCSON AZ CLIMATE NORMALS FOR TOMORROW
                         NORMAL    RECORD    YEAR
 MAXIMUM TEMPERATURE (F)   71        90      1910
 MINIMUM TEMPERATURE (F)   44        22      1971
                                             1965


SUNRISE AND SUNSET
MARCH  2 2015.........SUNRISE   650 AM MST   SUNSET   622 PM MST
MARCH  3 2015.........SUNRISE   649 AM MST   SUNSET   623 PM MST


-  INDICATES NEGATIVE NUMBERS.
R  INDICATES RECORD WAS SET OR TIED.
MM INDICATES DATA IS MISSING.
T  INDICATES TRACE AMOUNT.




$$
