000
CDUS45 KTWC 300732
CLITUS

CLIMATE REPORT
NATIONAL WEATHER SERVICE TUCSON AZ
1230 AM MST SAT AUG 30 2014


...................................

...THE TUCSON AZ CLIMATE SUMMARY FOR AUGUST 29 2014...

CLIMATE NORMAL PERIOD 1981 TO 2010
CLIMATE RECORD PERIOD 1895 TO 2014


WEATHER ITEM   OBSERVED TIME   RECORD YEAR NORMAL DEPARTURE LAST
                VALUE   (LST)  VALUE       VALUE  FROM      YEAR
                                                  NORMAL
..................................................................
TEMPERATURE (F)
 YESTERDAY
  MAXIMUM        102    332 PM 107    1985  98      4       87
                                      1905
  MINIMUM         72    621 AM  58    1917  73     -1       73
  AVERAGE         87                        85      2       80

PRECIPITATION (IN)
  YESTERDAY        0.00          1.73 1910   0.06  -0.06     0.15
  MONTH TO DATE    1.89                      2.26  -0.37     0.48
  SINCE OCT 1      6.98                     10.17  -3.19     6.06
  SINCE JAN 1      3.93                      7.78  -3.85     4.85

DEGREE DAYS
 HEATING
  YESTERDAY        0                         0      0        0
  MONTH TO DATE    0                         0      0        0
  SINCE JUN 1      0                         0      0        0
  SINCE JUL 1      0                         0      0        0

 COOLING
  YESTERDAY       22                        20      2       15
  MONTH TO DATE  586                       586      0      663
  SINCE JUN 1   2041                      1863    178     2124
  SINCE JAN 1   2644                      2365    279     2835
..................................................................


WIND (MPH)
  HIGHEST WIND SPEED    15   HIGHEST WIND DIRECTION    SE (150)
  HIGHEST GUST SPEED    19   HIGHEST GUST DIRECTION     W (290)
  AVERAGE WIND SPEED     6.0


SKY COVER
  POSSIBLE SUNSHINE  MM
  AVERAGE SKY COVER 0.0


WEATHER CONDITIONS
 THE FOLLOWING WEATHER WAS RECORDED YESTERDAY.
  NO SIGNIFICANT WEATHER WAS OBSERVED.


RELATIVE HUMIDITY (PERCENT)
 HIGHEST    46
 LOWEST     10
 AVERAGE    28

..........................................................


THE TUCSON AZ CLIMATE NORMALS FOR TODAY
                         NORMAL    RECORD    YEAR
 MAXIMUM TEMPERATURE (F)   98       107      2011
 MINIMUM TEMPERATURE (F)   72        61      1920
                                             1906


SUNRISE AND SUNSET
AUGUST 30 2014........SUNRISE   558 AM MST   SUNSET   650 PM MST
AUGUST 31 2014........SUNRISE   558 AM MST   SUNSET   649 PM MST


-  INDICATES NEGATIVE NUMBERS.
R  INDICATES RECORD WAS SET OR TIED.
MM INDICATES DATA IS MISSING.
T  INDICATES TRACE AMOUNT.

$$
