000
CDUS45 KTWC 231428
CLITUS

CLIMATE REPORT
NATIONAL WEATHER SERVICE TUCSON AZ
726 AM MST FRI FEB 23 2018


...................................

...THE TUCSON AZ CLIMATE SUMMARY FOR FEBRUARY 23 2018...
VALID AS OF 0700 AM LOCAL TIME.

CLIMATE NORMAL PERIOD 1981 TO 2010
CLIMATE RECORD PERIOD 1895 TO 2018


WEATHER ITEM   OBSERVED TIME   RECORD YEAR NORMAL DEPARTURE LAST
                VALUE   (LST)  VALUE       VALUE  FROM      YEAR
                                                  NORMAL
..................................................................
TEMPERATURE (F)
 TODAY
  MINIMUM         35    659 AM  25    1975  43     -8       46
                                      1955

PRECIPITATION (IN)
  TODAY            0.00          0.29 1948   0.03  -0.03     0.00
  MONTH TO DATE    1.76                      0.72   1.04     0.17
  SINCE OCT 1      2.37                      4.05  -1.68     3.03
  SINCE JAN 1      1.78                      1.66   0.12     1.35

DEGREE DAYS
 HEATING
  TODAY           26                         9     17        9

 COOLING
  TODAY            0                         0      0        0
..................................................................


WIND (MPH)
  HIGHEST WIND SPEED     8   HIGHEST WIND DIRECTION    SE (150)
  HIGHEST GUST SPEED    10   HIGHEST GUST DIRECTION    SE (140)
  AVERAGE WIND SPEED    MM


SKY COVER
  POSSIBLE SUNSHINE  MM
  AVERAGE SKY COVER  MM


WEATHER CONDITIONS
 THE FOLLOWING WEATHER WAS RECORDED TODAY.
  NO SIGNIFICANT WEATHER WAS OBSERVED.


RELATIVE HUMIDITY (PERCENT)
 HIGHEST    MM

..........................................................


THE TUCSON AZ CLIMATE NORMALS FOR TOMORROW
                         NORMAL    RECORD    YEAR
 MAXIMUM TEMPERATURE (F)   70        91      1904
 MINIMUM TEMPERATURE (F)   43        26      1909


SUNRISE AND SUNSET
FEBRUARY 23 2018......SUNRISE   658 AM MST   SUNSET   617 PM MST
FEBRUARY 24 2018......SUNRISE   657 AM MST   SUNSET   618 PM MST


-  INDICATES NEGATIVE NUMBERS.
R  INDICATES RECORD WAS SET OR TIED.
MM INDICATES DATA IS MISSING.
T  INDICATES TRACE AMOUNT.




$$
