000
CDUS45 KTWC 070028 RRA
CLITUS

CLIMATE REPORT
NATIONAL WEATHER SERVICE TUCSON AZ
527 PM MST FRI MAY 6 2016


...................................

...THE TUCSON AZ CLIMATE SUMMARY FOR MAY 6 2016...
VALID TODAY AS OF 0500 PM LOCAL TIME.

CLIMATE NORMAL PERIOD 1981 TO 2010
CLIMATE RECORD PERIOD 1895 TO 2016


WEATHER ITEM   OBSERVED TIME   RECORD YEAR NORMAL DEPARTURE LAST
                VALUE   (LST)  VALUE       VALUE  FROM      YEAR
                                                  NORMAL
..................................................................
TEMPERATURE (F)
 TODAY
  MAXIMUM         81   1250 PM 104    1989  88     -7       88
  MINIMUM         62    604 AM  39    1917  58      4       60
                                      1915
                                      1912
  AVERAGE         72                        73     -1       74

PRECIPITATION (IN)
  TODAY            0.00          0.48 1978   0.01  -0.01     0.00
  MONTH TO DATE    0.00                      0.04  -0.04     0.03
  SINCE OCT 1      5.41                      5.27   0.14     7.14
  SINCE JAN 1      2.53                      2.88  -0.35     3.64

DEGREE DAYS
 HEATING
  TODAY            0                         0      0        0
  MONTH TO DATE    0                         3     -3        0
  SINCE MAR 1     89                       242   -153       60
  SINCE JUL 1   1217                      1509   -292      902

 COOLING
  TODAY            7                         8     -1        9
  MONTH TO DATE   49                        46      3       61
  SINCE MAR 1    264                       196     68      296
  SINCE JAN 1    298                       200     98      304
..................................................................


WIND (MPH)
  HIGHEST WIND SPEED    26   HIGHEST WIND DIRECTION    SW (220)
  HIGHEST GUST SPEED    51   HIGHEST GUST DIRECTION     W (250)
  AVERAGE WIND SPEED    12.8


SKY COVER
  POSSIBLE SUNSHINE  MM
  AVERAGE SKY COVER 0.0


WEATHER CONDITIONS
 THE FOLLOWING WEATHER WAS RECORDED TODAY.
  NO SIGNIFICANT WEATHER WAS OBSERVED.


RELATIVE HUMIDITY (PERCENT)
 HIGHEST    34
 LOWEST      7
 AVERAGE    21

..........................................................


THE TUCSON AZ CLIMATE NORMALS FOR TOMORROW
                         NORMAL    RECORD    YEAR
 MAXIMUM TEMPERATURE (F)   89       105      1989
 MINIMUM TEMPERATURE (F)   58        37      1915


SUNRISE AND SUNSET
MAY  6 2016...........SUNRISE   533 AM MST   SUNSET   708 PM MST
MAY  7 2016...........SUNRISE   532 AM MST   SUNSET   709 PM MST


-  INDICATES NEGATIVE NUMBERS.
R  INDICATES RECORD WAS SET OR TIED.
MM INDICATES DATA IS MISSING.
T  INDICATES TRACE AMOUNT.




$$
