000
CDUS45 KTWC 111437 CCA
CLITUS

CLIMATE REPORT...CORRECTED
NATIONAL WEATHER SERVICE TUCSON AZ
732 AM MST FRI JUL 11 2014

...................................

...THE TUCSON AZ CLIMATE SUMMARY FOR JULY 11 2014...
VALID AS OF 0700 AM LOCAL TIME.

CLIMATE NORMAL PERIOD 1981 TO 2010
CLIMATE RECORD PERIOD 1895 TO 2014


WEATHER ITEM   OBSERVED TIME   RECORD YEAR NORMAL DEPARTURE LAST
                VALUE   (LST)  VALUE       VALUE  FROM      YEAR
                                                  NORMAL
..................................................................
TEMPERATURE (F)
 TODAY
  MINIMUM         78    608 AM  68    1937  75      3       74
                                      1930
                                      1921

PRECIPITATION (IN)
  TODAY            0.02          1.73 2008   0.06  -0.04     0.10
  MONTH TO DATE    0.69                      0.53   0.16     1.06
  SINCE OCT 1      4.35                      6.19  -1.84     4.04
  SINCE JAN 1      1.30                      3.80  -2.50     2.83

DEGREE DAYS
 HEATING
  TODAY            0                         0      0        0

 COOLING
  TODAY           16                        23     -7       18
..................................................................


WIND (MPH)
  HIGHEST WIND SPEED    23   HIGHEST WIND DIRECTION    SE (120)
  HIGHEST GUST SPEED    28   HIGHEST GUST DIRECTION    SE (130)
  AVERAGE WIND SPEED     8.2


SKY COVER
  POSSIBLE SUNSHINE  MM
  AVERAGE SKY COVER 0.1


WEATHER CONDITIONS
 THE FOLLOWING WEATHER WAS RECORDED TODAY.
  LIGHT RAIN


RELATIVE HUMIDITY (PERCENT)
 HIGHEST    58           500 AM

..........................................................


THE TUCSON AZ CLIMATE NORMALS FOR TOMORROW
                         NORMAL    RECORD    YEAR
 MAXIMUM TEMPERATURE (F)  100       110      2005
 MINIMUM TEMPERATURE (F)   75        63      1960


SUNRISE AND SUNSET
JULY 11 2014..........SUNRISE   526 AM MST   SUNSET   732 PM MST
JULY 12 2014..........SUNRISE   526 AM MST   SUNSET   732 PM MST


-  INDICATES NEGATIVE NUMBERS.
R  INDICATES RECORD WAS SET OR TIED.
MM INDICATES DATA IS MISSING.
T  INDICATES TRACE AMOUNT.




$$
