000
CDUS45 KTWC 020730
CLITUS

CLIMATE REPORT
NATIONAL WEATHER SERVICE TUCSON AZ
1229 AM MST WED SEP 2 2015


...................................

...THE TUCSON AZ CLIMATE SUMMARY FOR SEPTEMBER 1 2015...

CLIMATE NORMAL PERIOD 1981 TO 2010
CLIMATE RECORD PERIOD 1895 TO 2015


WEATHER ITEM   OBSERVED TIME   RECORD YEAR NORMAL DEPARTURE LAST
                VALUE   (LST)  VALUE       VALUE  FROM      YEAR
                                                  NORMAL
..................................................................
TEMPERATURE (F)
 YESTERDAY
  MAXIMUM         98    355 PM 107    1950  97      1      103
  MINIMUM         71    159 AM  58    1914  72     -1       73
  AVERAGE         85                        85      0       88

PRECIPITATION (IN)
  YESTERDAY        0.47          1.28 1954   0.06   0.41     0.00
  MONTH TO DATE    0.47                      0.06   0.41     0.00
  SINCE OCT 1     12.11                     10.36   1.75     6.98
  SINCE JAN 1      8.61                      7.97   0.64     3.93

DEGREE DAYS
 HEATING
  YESTERDAY        0                         0      0        0
  MONTH TO DATE    0                         0      0        0
  SINCE SEP 1      0                         0      0        0
  SINCE JUL 1      0                         0      0        0

 COOLING
  YESTERDAY       20                        20      0       23
  MONTH TO DATE   20                        20      0       23
  SINCE SEP 1     20                        20      0       23
  SINCE JAN 1   2700                      2430    270     2714
..................................................................


WIND (MPH)
  HIGHEST WIND SPEED    21   HIGHEST WIND DIRECTION    SW (230)
  HIGHEST GUST SPEED    25   HIGHEST GUST DIRECTION    SW (230)
  AVERAGE WIND SPEED     6.3


SKY COVER
  POSSIBLE SUNSHINE  MM
  AVERAGE SKY COVER 0.3


WEATHER CONDITIONS
 THE FOLLOWING WEATHER WAS RECORDED YESTERDAY.
  THUNDERSTORM
  RAIN
  LIGHT RAIN
  FOG


RELATIVE HUMIDITY (PERCENT)
 HIGHEST    90
 LOWEST     26
 AVERAGE    58

..........................................................


THE TUCSON AZ CLIMATE NORMALS FOR TODAY
                         NORMAL    RECORD    YEAR
 MAXIMUM TEMPERATURE (F)   97       107      1899
 MINIMUM TEMPERATURE (F)   72        57      1914


SUNRISE AND SUNSET
SEPTEMBER  2 2015.....SUNRISE   559 AM MST   SUNSET   647 PM MST
SEPTEMBER  3 2015.....SUNRISE   600 AM MST   SUNSET   646 PM MST


-  INDICATES NEGATIVE NUMBERS.
R  INDICATES RECORD WAS SET OR TIED.
MM INDICATES DATA IS MISSING.
T  INDICATES TRACE AMOUNT.




$$
