000
CDUS43 KAPX 202129
CLITVC


CLIMATE REPORT
NATIONAL WEATHER SERVICE GAYLORD MI
529 PM EDT WED AUG 20 2014


...................................

...THE TRAVERSE CITY MI CLIMATE SUMMARY FOR AUGUST 20 2014...
VALID TODAY AS OF 0500 PM LOCAL TIME.

CLIMATE NORMAL PERIOD 1981 TO 2010
CLIMATE RECORD PERIOD 1896 TO 2014


WEATHER ITEM   OBSERVED TIME   RECORD YEAR NORMAL DEPARTURE LAST
                VALUE   (LST)  VALUE       VALUE  FROM      YEAR
                                                  NORMAL
..................................................................
TEMPERATURE (F)
 TODAY
  MAXIMUM         72    200 PM  98    1916  78     -6       87
  MINIMUM         62    832 AM  38    1977  57      5       67
  AVERAGE         67                        67      0       77

PRECIPITATION (IN)
  TODAY            0.00          1.75 1996   0.11  -0.11     0.00
  MONTH TO DATE    1.61                      2.18  -0.57     0.56
  SINCE JUN 1      6.38                      8.36  -1.98     4.77
  SINCE JAN 1     16.06                     19.91  -3.85    17.15

DEGREE DAYS
 HEATING
  TODAY            0                         1     -1        0
  MONTH TO DATE   14                        20     -6       22
  SINCE JUN 1    141                       160    -19      152
  SINCE JUL 1     69                        48     21       50

 COOLING
  TODAY            2                         3     -1       12
  MONTH TO DATE   62                        84    -22       48
  SINCE JUN 1    260                       317    -57      341
  SINCE JAN 1    269                       337    -68      383
..................................................................


WIND (MPH)
  RESULTANT WIND SPEED   5   RESULTANT WIND DIRECTION   W (260)
  HIGHEST WIND SPEED    13   HIGHEST WIND DIRECTION     W (260)
  HIGHEST GUST SPEED    17   HIGHEST GUST DIRECTION     W (290)
  AVERAGE WIND SPEED     5.9


SKY COVER
  POSSIBLE SUNSHINE  MM
  AVERAGE SKY COVER 1.0


WEATHER CONDITIONS
 THE FOLLOWING WEATHER WAS RECORDED TODAY.
  LIGHT RAIN


RELATIVE HUMIDITY (PERCENT)
 HIGHEST    87          1200 AM
 LOWEST     68           200 PM
 AVERAGE    78

..........................................................




SUNRISE AND SUNSET
AUGUST 20 2014........SUNRISE   650 AM EDT   SUNSET   840 PM EDT
AUGUST 21 2014........SUNRISE   652 AM EDT   SUNSET   838 PM EDT


-  INDICATES NEGATIVE NUMBERS.
R  INDICATES RECORD WAS SET OR TIED.
MM INDICATES DATA IS MISSING.
T  INDICATES TRACE AMOUNT.




$$
