000
CDUS43 KAPX 020713
CLITVC


CLIMATE REPORT
NATIONAL WEATHER SERVICE GAYLORD MI
213 AM EST FRI DEC 2 2016


...................................

...THE TRAVERSE CITY MI CLIMATE SUMMARY FOR DECEMBER 1 2016...

CLIMATE NORMAL PERIOD 1981 TO 2010
CLIMATE RECORD PERIOD 1896 TO 2016


WEATHER ITEM   OBSERVED TIME   RECORD YEAR NORMAL DEPARTURE LAST
                VALUE   (LST)  VALUE       VALUE  FROM      YEAR
                                                  NORMAL
..................................................................
TEMPERATURE (F)
 YESTERDAY
  MAXIMUM         42    136 PM  63    1962  37      5       43
  MINIMUM         37   1145 PM   1    1936  26     11       34
  AVERAGE         40                        31      9       39

PRECIPITATION (IN)
  YESTERDAY        0.02          1.30 1985   0.08  -0.06     0.15
  MONTH TO DATE    0.02                      0.08  -0.06     0.15
  SINCE DEC 1      0.02                      0.08  -0.06     0.15
  SINCE JAN 1     25.19                     30.64  -5.45    21.62

DEGREE DAYS
 HEATING
  YESTERDAY       25                        34     -9       26
  MONTH TO DATE   25                        34     -9       26
  SINCE DEC 1     25                        34     -9       26
  SINCE JUL 1    984                      1653   -669     1206
..................................................................


WIND (MPH)
  HIGHEST WIND SPEED    21   HIGHEST WIND DIRECTION     W (280)
  HIGHEST GUST SPEED    26   HIGHEST GUST DIRECTION     W (280)
  AVERAGE WIND SPEED     7.5




RELATIVE HUMIDITY (PERCENT)
 HIGHEST    92
 LOWEST     70
 AVERAGE    81

..........................................................


THE TRAVERSE CITY MI CLIMATE NORMALS FOR TODAY
                         NORMAL    RECORD    YEAR
 MAXIMUM TEMPERATURE (F)   37        62      1982
 MINIMUM TEMPERATURE (F)   25         3      1976


SUNRISE AND SUNSET
DECEMBER  2 2016......SUNRISE   801 AM EST   SUNSET   503 PM EST
DECEMBER  3 2016......SUNRISE   802 AM EST   SUNSET   502 PM EST


-  INDICATES NEGATIVE NUMBERS.
R  INDICATES RECORD WAS SET OR TIED.
MM INDICATES DATA IS MISSING.
T  INDICATES TRACE AMOUNT.




$$
