000
CDUS43 KAPX 260527
CLITVC


CLIMATE REPORT
NATIONAL WEATHER SERVICE GAYLORD MI
126 AM EDT FRI AUG 26 2016


...................................

...THE TRAVERSE CITY MI CLIMATE SUMMARY FOR AUGUST 25 2016...

CLIMATE NORMAL PERIOD 1981 TO 2010
CLIMATE RECORD PERIOD 1896 TO 2016


WEATHER ITEM   OBSERVED TIME   RECORD YEAR NORMAL DEPARTURE LAST
                VALUE   (LST)  VALUE       VALUE  FROM      YEAR
                                                  NORMAL
..................................................................
TEMPERATURE (F)
 YESTERDAY
  MAXIMUM         81    150 PM  98    1909  77      4       61
  MINIMUM         67   1159 PM  37    1977  56     11       54
  AVERAGE         74                        66      8       58

PRECIPITATION (IN)
  YESTERDAY        0.00          0.78 1962   0.11  -0.11     0.09
  MONTH TO DATE    3.51                      2.72   0.79     1.68
  SINCE JUN 1      7.72                      8.90  -1.18     4.77
  SINCE JAN 1     17.58                     20.45  -2.87    11.25

DEGREE DAYS
 HEATING
  YESTERDAY        0                         2     -2        7
  MONTH TO DATE    0                        27    -27       13
  SINCE JUN 1     73                       167    -94      129
  SINCE JUL 1      9                        55    -46       41

 COOLING
  YESTERDAY        9                         3      6        0
  MONTH TO DATE  232                        99    133      157
  SINCE JUN 1    574                       332    242      378
  SINCE JAN 1    624                       352    272      413
..................................................................


WIND (MPH)
  HIGHEST WIND SPEED    17   HIGHEST WIND DIRECTION     W (280)
  HIGHEST GUST SPEED    20   HIGHEST GUST DIRECTION     W (270)
  AVERAGE WIND SPEED     5.5




RELATIVE HUMIDITY (PERCENT)
 HIGHEST    93
 LOWEST     39
 AVERAGE    66

..........................................................


THE TRAVERSE CITY MI CLIMATE NORMALS FOR TODAY
                         NORMAL    RECORD    YEAR
 MAXIMUM TEMPERATURE (F)   77        98      1909
 MINIMUM TEMPERATURE (F)   56        40      1917


SUNRISE AND SUNSET
AUGUST 26 2016........SUNRISE   658 AM EDT   SUNSET   829 PM EDT
AUGUST 27 2016........SUNRISE   659 AM EDT   SUNSET   827 PM EDT


-  INDICATES NEGATIVE NUMBERS.
R  INDICATES RECORD WAS SET OR TIED.
MM INDICATES DATA IS MISSING.
T  INDICATES TRACE AMOUNT.




$$
