000
CDUS43 KAPX 160539
CLITVC


CLIMATE REPORT
NATIONAL WEATHER SERVICE GAYLORD MI
1239 AM EST SAT DEC 16 2017


...................................

...THE TRAVERSE CITY MI CLIMATE SUMMARY FOR DECEMBER 15 2017...

CLIMATE NORMAL PERIOD 1981 TO 2010
CLIMATE RECORD PERIOD 1896 TO 2017


WEATHER ITEM   OBSERVED TIME   RECORD YEAR NORMAL DEPARTURE LAST
                VALUE   (LST)  VALUE       VALUE  FROM      YEAR
                                                  NORMAL
..................................................................
TEMPERATURE (F)
 YESTERDAY
  MAXIMUM         25    344 PM  54    1997  32     -7       18
  MINIMUM         20   1256 AM  -6    1901  21     -1        8
  AVERAGE         23                        27     -4       13

PRECIPITATION (IN)
  YESTERDAY        0.06          1.21 1971   0.07  -0.01      T
  MONTH TO DATE    1.04                      1.20  -0.16     0.57
  SINCE DEC 1      1.04                      1.20  -0.16     0.57
  SINCE JAN 1     32.33                     31.76   0.57    25.74

DEGREE DAYS
 HEATING
  YESTERDAY       42                        38      4       52
  MONTH TO DATE  535                       541     -6      540
  SINCE DEC 1    535                       541     -6      540
  SINCE JUL 1   1829                      2160   -331     1499
..................................................................


WIND (MPH)
  HIGHEST WIND SPEED    18   HIGHEST WIND DIRECTION     W (270)
  HIGHEST GUST SPEED    24   HIGHEST GUST DIRECTION     W (270)
  AVERAGE WIND SPEED     6.8




RELATIVE HUMIDITY (PERCENT)
 HIGHEST    92
 LOWEST     68
 AVERAGE    80

..........................................................


THE TRAVERSE CITY MI CLIMATE NORMALS FOR TODAY
                         NORMAL    RECORD    YEAR
 MAXIMUM TEMPERATURE (F)   32        60      1984
 MINIMUM TEMPERATURE (F)   21        -3      1973


SUNRISE AND SUNSET
DECEMBER 16 2017......SUNRISE   814 AM EST   SUNSET   503 PM EST
DECEMBER 17 2017......SUNRISE   814 AM EST   SUNSET   503 PM EST


-  INDICATES NEGATIVE NUMBERS.
R  INDICATES RECORD WAS SET OR TIED.
MM INDICATES DATA IS MISSING.
T  INDICATES TRACE AMOUNT.




$$
