000
CDUS43 KAPX 290536
CLITVC


CLIMATE REPORT
NATIONAL WEATHER SERVICE GAYLORD MI
136 AM EDT FRI MAY 29 2015


...................................

...THE TRAVERSE CITY MI CLIMATE SUMMARY FOR MAY 28 2015...

CLIMATE NORMAL PERIOD 1981 TO 2010
CLIMATE RECORD PERIOD 1896 TO 2015


WEATHER ITEM   OBSERVED TIME   RECORD YEAR NORMAL DEPARTURE LAST
                VALUE   (LST)  VALUE       VALUE  FROM      YEAR
                                                  NORMAL
..................................................................
TEMPERATURE (F)
 YESTERDAY
  MAXIMUM         76    344 PM  95    1978  70      6       68
  MINIMUM         55    517 AM  29    2008  46      9       44
  AVERAGE         66                        58      8       56

PRECIPITATION (IN)
  YESTERDAY        0.05          0.64 1973   0.08  -0.03     0.00
  MONTH TO DATE    2.82                      2.33   0.49     3.18
  SINCE MAR 1      4.75                      6.97  -2.22     8.26
  SINCE JAN 1      5.53                     11.29  -5.76     9.68

DEGREE DAYS
 HEATING
  YESTERDAY        0                         8     -8        9
  MONTH TO DATE  249                       347    -98      318
  SINCE MAR 1   1982                      2074    -92     2350
  SINCE JUL 1   7714                      7414    300     8072

 COOLING
  YESTERDAY        1                         1      0        0
  MONTH TO DATE   32                        11     21        4
  SINCE MAR 1     32                        14     18        4
  SINCE JAN 1     32                        14     18        4
..................................................................


WIND (MPH)
  HIGHEST WIND SPEED    10   HIGHEST WIND DIRECTION     N (20)
  HIGHEST GUST SPEED    15   HIGHEST GUST DIRECTION    SW (210)
  AVERAGE WIND SPEED     3.0




RELATIVE HUMIDITY (PERCENT)
 HIGHEST    93
 LOWEST     57
 AVERAGE    75

..........................................................


THE TRAVERSE CITY MI CLIMATE NORMALS FOR TODAY
                         NORMAL    RECORD    YEAR
 MAXIMUM TEMPERATURE (F)   70        93      2006
 MINIMUM TEMPERATURE (F)   46        31      1964


SUNRISE AND SUNSET
MAY 29 2015...........SUNRISE   602 AM EDT   SUNSET   918 PM EDT
MAY 30 2015...........SUNRISE   601 AM EDT   SUNSET   919 PM EDT


-  INDICATES NEGATIVE NUMBERS.
R  INDICATES RECORD WAS SET OR TIED.
MM INDICATES DATA IS MISSING.
T  INDICATES TRACE AMOUNT.




$$
