000
CDUS43 KAPX 310538
CLITVC


CLIMATE REPORT
NATIONAL WEATHER SERVICE GAYLORD MI
138 AM EDT TUE MAY 31 2016


...................................

...THE TRAVERSE CITY MI CLIMATE SUMMARY FOR MAY 30 2016...

CLIMATE NORMAL PERIOD 1981 TO 2010
CLIMATE RECORD PERIOD 1896 TO 2016


WEATHER ITEM   OBSERVED TIME   RECORD YEAR NORMAL DEPARTURE LAST
                VALUE   (LST)  VALUE       VALUE  FROM      YEAR
                                                  NORMAL
..................................................................
TEMPERATURE (F)
 YESTERDAY
  MAXIMUM         78    600 PM  92    1937  70      8       69
  MINIMUM         58   1159 PM  28    1961  47     11       43
  AVERAGE         68                        58     10       56

PRECIPITATION (IN)
  YESTERDAY        0.00          1.41 1975   0.08  -0.08     0.39
  MONTH TO DATE    1.51                      2.50  -0.99     3.77
  SINCE MAR 1      7.07                      7.14  -0.07     5.70
  SINCE JAN 1      9.86                     11.46  -1.60     6.48

DEGREE DAYS
 HEATING
  YESTERDAY        0                         8     -8        9
  MONTH TO DATE  298                       363    -65      258
  SINCE MAR 1   1857                      2090   -233     1991
  SINCE JUL 1   6167                      7430  -1263     7723

 COOLING
  YESTERDAY        3                         1      2        0
  MONTH TO DATE   50                        13     37       35
  SINCE MAR 1     50                        16     34       35
  SINCE JAN 1     50                        16     34       35
..................................................................


WIND (MPH)
  HIGHEST WIND SPEED    20   HIGHEST WIND DIRECTION     W (280)
  HIGHEST GUST SPEED    25   HIGHEST GUST DIRECTION     W (280)
  AVERAGE WIND SPEED     6.9




RELATIVE HUMIDITY (PERCENT)
 HIGHEST    93
 LOWEST     32
 AVERAGE    63

..........................................................


THE TRAVERSE CITY MI CLIMATE NORMALS FOR TODAY
                         NORMAL    RECORD    YEAR
 MAXIMUM TEMPERATURE (F)   71        95      1934
 MINIMUM TEMPERATURE (F)   47        28      1966


SUNRISE AND SUNSET
MAY 31 2016...........SUNRISE   600 AM EDT   SUNSET   920 PM EDT
JUNE  1 2016..........SUNRISE   600 AM EDT   SUNSET   921 PM EDT


-  INDICATES NEGATIVE NUMBERS.
R  INDICATES RECORD WAS SET OR TIED.
MM INDICATES DATA IS MISSING.
T  INDICATES TRACE AMOUNT.




$$
