000
CDUS43 KAPX 230538
CLITVC


CLIMATE REPORT
NATIONAL WEATHER SERVICE GAYLORD MI
1238 AM EST SUN NOV 23 2014


...................................

...THE TRAVERSE CITY MI CLIMATE SUMMARY FOR NOVEMBER 22 2014...

CLIMATE NORMAL PERIOD 1981 TO 2010
CLIMATE RECORD PERIOD 1896 TO 2014


WEATHER ITEM   OBSERVED TIME   RECORD YEAR NORMAL DEPARTURE LAST
                VALUE   (LST)  VALUE       VALUE  FROM      YEAR
                                                  NORMAL
..................................................................
TEMPERATURE (F)
 YESTERDAY
  MAXIMUM         41        MM  65    2012  41      0       42
  MINIMUM         30        MM  11    1946  29      1       28
  AVERAGE         36                        35      1       35

PRECIPITATION (IN)
  YESTERDAY        T             1.28 1934   0.09  -0.09     0.07
  MONTH TO DATE    1.94                      2.02  -0.08     4.35
  SINCE SEP 1     13.57                      8.77   4.80    14.21
  SINCE JAN 1     30.37                     29.88   0.49    34.78

DEGREE DAYS
 HEATING
  YESTERDAY       29                        30     -1       30
  MONTH TO DATE  703                       575    128      527
  SINCE SEP 1   1344                      1293     51     1117
  SINCE JUL 1   1423                      1362     61     1167
..................................................................


WIND (MPH)
  HIGHEST WIND SPEED    13   HIGHEST WIND DIRECTION    SW (210)
  HIGHEST GUST SPEED    27   HIGHEST GUST DIRECTION    SW (210)
  AVERAGE WIND SPEED     6.9




RELATIVE HUMIDITY (PERCENT)
 HIGHEST    93
 LOWEST     58
 AVERAGE    76

..........................................................


THE TRAVERSE CITY MI CLIMATE NORMALS FOR TODAY
                         NORMAL    RECORD    YEAR
 MAXIMUM TEMPERATURE (F)   41        66      1931
 MINIMUM TEMPERATURE (F)   28         7      1950


SUNRISE AND SUNSET
NOVEMBER 23 2014......SUNRISE   750 AM EST   SUNSET   507 PM EST
NOVEMBER 24 2014......SUNRISE   751 AM EST   SUNSET   507 PM EST


-  INDICATES NEGATIVE NUMBERS.
R  INDICATES RECORD WAS SET OR TIED.
MM INDICATES DATA IS MISSING.
T  INDICATES TRACE AMOUNT.




$$
