000
CDUS43 KAPX 252125
CLITVC


CLIMATE REPORT
NATIONAL WEATHER SERVICE GAYLORD MI
525 PM EDT SUN SEP 25 2016


...................................

...THE TRAVERSE CITY MI CLIMATE SUMMARY FOR SEPTEMBER 25 2016...
VALID TODAY AS OF 0500 PM LOCAL TIME.

CLIMATE NORMAL PERIOD 1981 TO 2010
CLIMATE RECORD PERIOD 1896 TO 2016


WEATHER ITEM   OBSERVED TIME   RECORD YEAR NORMAL DEPARTURE LAST
                VALUE   (LST)  VALUE       VALUE  FROM      YEAR
                                                  NORMAL
..................................................................
TEMPERATURE (F)
 TODAY
  MAXIMUM         75    359 PM  89    1908  66      9       76
  MINIMUM         53    549 AM  27    1947  46      7       59
  AVERAGE         64                        56      8       68

PRECIPITATION (IN)
  TODAY            0.00          1.34 1941   0.11  -0.11     0.00
  MONTH TO DATE    2.47                      2.97  -0.50     3.74
  SINCE SEP 1      2.47                      2.97  -0.50     3.74
  SINCE JAN 1     20.21                     24.08  -3.87    15.39

DEGREE DAYS
 HEATING
  TODAY            1                         9     -8        0
  MONTH TO DATE   25                       141   -116       44
  SINCE SEP 1     25                       141   -116       44
  SINCE JUL 1     34                       210   -176       91

 COOLING
  TODAY            0                         1     -1        3
  MONTH TO DATE   99                        37     62      125
  SINCE SEP 1     99                        37     62      125
  SINCE JAN 1    759                       406    353      558
..................................................................


WIND (MPH)
  RESULTANT WIND SPEED   5   RESULTANT WIND DIRECTION  SE (120)
  HIGHEST WIND SPEED    13   HIGHEST WIND DIRECTION    SE (150)
  HIGHEST GUST SPEED    21   HIGHEST GUST DIRECTION    SE (140)
  AVERAGE WIND SPEED     5.7


SKY COVER
  POSSIBLE SUNSHINE  MM
  AVERAGE SKY COVER 0.5


WEATHER CONDITIONS
 THE FOLLOWING WEATHER WAS RECORDED TODAY.
  NO SIGNIFICANT WEATHER WAS OBSERVED.


RELATIVE HUMIDITY (PERCENT)
 HIGHEST    77          1200 AM
 LOWEST     50           200 PM
 AVERAGE    64

..........................................................




SUNRISE AND SUNSET
SEPTEMBER 25 2016.....SUNRISE   734 AM EDT   SUNSET   733 PM EDT
SEPTEMBER 26 2016.....SUNRISE   735 AM EDT   SUNSET   731 PM EDT


-  INDICATES NEGATIVE NUMBERS.
R  INDICATES RECORD WAS SET OR TIED.
MM INDICATES DATA IS MISSING.
T  INDICATES TRACE AMOUNT.




$$
