000
CDUS44 KJAN 270645
CLITVR


CLIMATE REPORT
NATIONAL WEATHER SERVICE JACKSON MS
144 AM CDT WED JUL 27 2016


...................................

...THE VICKSBURG CLIMATE SUMMARY FOR JULY 26 2016...

CLIMATE NORMAL PERIOD 1981 TO 2010
CLIMATE RECORD PERIOD 1948 TO 2016


WEATHER ITEM   OBSERVED TIME   RECORD YEAR NORMAL DEPARTURE LAST
                VALUE   (LST)  VALUE       VALUE  FROM      YEAR
                                                  NORMAL
..................................................................
TEMPERATURE (F)
 YESTERDAY
  MAXIMUM         96    306 PM 101    2008  93      3       97
  MINIMUM         73    337 AM  63    2013  71      2       71
  AVERAGE         85                        82      3       84

PRECIPITATION (IN)
  YESTERDAY        0.10          1.76 1975   0.10   0.00     0.00
  MONTH TO DATE    1.91                      3.07  -1.16     1.72
  SINCE JUN 1      5.42                      7.06  -1.64     6.97
  SINCE JAN 1     40.89                     32.36   8.53    37.24

SNOWFALL (IN)
  YESTERDAY        0.0

DEGREE DAYS
 HEATING
  YESTERDAY        0                         0      0        0
  MONTH TO DATE    0                         0      0        0
  SINCE JUN 1      0                         0      0        0
  SINCE JUL 1      0                         0      0        0

 COOLING
  YESTERDAY       20                        17      3       19
  MONTH TO DATE  520                       428     92      487
  SINCE JUN 1   1039                       846    193      971
  SINCE JAN 1   1554                      1216    338     1417
..................................................................


WIND (MPH)
  HIGHEST WIND SPEED    21   HIGHEST WIND DIRECTION    NE (60)
  HIGHEST GUST SPEED    26   HIGHEST GUST DIRECTION     E (70)
  AVERAGE WIND SPEED     4.8


SKY COVER
  POSSIBLE SUNSHINE  MM
  AVERAGE SKY COVER 0.1


WEATHER CONDITIONS
 THE FOLLOWING WEATHER WAS RECORDED YESTERDAY.
  THUNDERSTORM
  HEAVY RAIN
  RAIN
  LIGHT RAIN


RELATIVE HUMIDITY (PERCENT)
 HIGHEST    94          1200 AM
 LOWEST     48           300 PM
 AVERAGE    71

..........................................................


THE VICKSBURG CLIMATE NORMALS FOR TODAY
                         NORMAL    RECORD    YEAR
 MAXIMUM TEMPERATURE (F)   93       102      2008
 MINIMUM TEMPERATURE (F)   71        64      2004


SUNRISE AND SUNSET
JULY 27 2016..........SUNRISE   616 AM CDT   SUNSET   805 PM CDT
JULY 28 2016..........SUNRISE   617 AM CDT   SUNSET   804 PM CDT


-  INDICATES NEGATIVE NUMBERS.
R  INDICATES RECORD WAS SET OR TIED.
MM INDICATES DATA IS MISSING.
T  INDICATES TRACE AMOUNT.




$$
