000
CDUS44 KJAN 250702
CLITVR


CLIMATE REPORT
NATIONAL WEATHER SERVICE JACKSON MS
101 AM CST SAT FEB 25 2017


...................................

...THE VICKSBURG CLIMATE SUMMARY FOR FEBRUARY 24 2017...

CLIMATE NORMAL PERIOD 1981 TO 2010
CLIMATE RECORD PERIOD 1948 TO 2017


WEATHER ITEM   OBSERVED TIME   RECORD YEAR NORMAL DEPARTURE LAST
                VALUE   (LST)  VALUE       VALUE  FROM      YEAR
                                                  NORMAL
..................................................................
TEMPERATURE (F)
 YESTERDAY
  MAXIMUM         78    422 PM  83    1982  63     15       55
  MINIMUM         56    313 AM  20    1989  42     14       40
  AVERAGE         67                        52     15       48

PRECIPITATION (IN)
  YESTERDAY        0.17          3.50 1985   0.18  -0.01     0.02
  MONTH TO DATE    1.34                      4.54  -3.20     4.30
  SINCE DEC 1     11.84                     15.22  -3.38    15.55
  SINCE JAN 1      5.57                      9.61  -4.04    10.00

SNOWFALL (IN)
  YESTERDAY        0.0

DEGREE DAYS
 HEATING
  YESTERDAY        0                        13    -13       17
  MONTH TO DATE  166                       381   -215      266
  SINCE DEC 1    965                      1523   -558     1129
  SINCE JUL 1   1242                      1925   -683     1318

 COOLING
  YESTERDAY        2                         0      2        0
  MONTH TO DATE   28                         0     28       11
  SINCE DEC 1     70                         9     61       74
  SINCE JAN 1     42                         3     39       12
..................................................................


WIND (MPH)
  HIGHEST WIND SPEED    18   HIGHEST WIND DIRECTION     S (190)
  HIGHEST GUST SPEED    27   HIGHEST GUST DIRECTION    SW (230)
  AVERAGE WIND SPEED     8.8


SKY COVER
  POSSIBLE SUNSHINE  MM
  AVERAGE SKY COVER 0.4


WEATHER CONDITIONS
 THE FOLLOWING WEATHER WAS RECORDED YESTERDAY.
  THUNDERSTORM
  HEAVY RAIN
  LIGHT RAIN
  FOG


RELATIVE HUMIDITY (PERCENT)
 HIGHEST    90           600 AM
 LOWEST     45           400 PM
 AVERAGE    68

..........................................................


THE VICKSBURG CLIMATE NORMALS FOR TODAY
                         NORMAL    RECORD    YEAR
 MAXIMUM TEMPERATURE (F)   63        80      2000
 MINIMUM TEMPERATURE (F)   42        22      1965


SUNRISE AND SUNSET
FEBRUARY 25 2017......SUNRISE   636 AM CST   SUNSET   559 PM CST
FEBRUARY 26 2017......SUNRISE   635 AM CST   SUNSET   600 PM CST


-  INDICATES NEGATIVE NUMBERS.
R  INDICATES RECORD WAS SET OR TIED.
MM INDICATES DATA IS MISSING.
T  INDICATES TRACE AMOUNT.




$$
