000
CDUS44 KJAN 020635
CLITVR


CLIMATE REPORT
NATIONAL WEATHER SERVICE JACKSON MS
1234 AM CST FRI DEC 2 2016


...................................

...THE VICKSBURG CLIMATE SUMMARY FOR DECEMBER 1 2016...

CLIMATE NORMAL PERIOD 1981 TO 2010
CLIMATE RECORD PERIOD 1948 TO 2016


WEATHER ITEM   OBSERVED TIME   RECORD YEAR NORMAL DEPARTURE LAST
                VALUE   (LST)  VALUE       VALUE  FROM      YEAR
                                                  NORMAL
..................................................................
TEMPERATURE (F)
 YESTERDAY
  MAXIMUM         63    319 PM  80    1981  62      1       61
                                      1950
  MINIMUM         28    613 AM  19    1965  40    -12       52
  AVERAGE         46                        51     -5       57

PRECIPITATION (IN)
  YESTERDAY        0.00          3.58 1982   0.20  -0.20     0.26
  MONTH TO DATE    0.00                      0.20  -0.20     0.26
  SINCE DEC 1      0.00                      0.20  -0.20     0.26
  SINCE JAN 1     54.82                     49.33   5.49    58.48

SNOWFALL (IN)
  YESTERDAY        0.0

DEGREE DAYS
 HEATING
  YESTERDAY       19                        14      5        8
  MONTH TO DATE   19                        14      5        8
  SINCE DEC 1     19                        14      5        8
  SINCE JUL 1    296                       416   -120      197

 COOLING
  YESTERDAY        0                         0      0        0
  MONTH TO DATE    0                         0      0        0
  SINCE DEC 1      0                         0      0        0
  SINCE JAN 1   2919                      2225    694     2603
..................................................................


WIND (MPH)
  HIGHEST WIND SPEED     8   HIGHEST WIND DIRECTION     N (360)
  HIGHEST GUST SPEED    10   HIGHEST GUST DIRECTION     N (360)
  AVERAGE WIND SPEED     2.1


SKY COVER
  POSSIBLE SUNSHINE  MM
  AVERAGE SKY COVER 0.0


WEATHER CONDITIONS
 THE FOLLOWING WEATHER WAS RECORDED YESTERDAY.
  NO SIGNIFICANT WEATHER WAS OBSERVED.


RELATIVE HUMIDITY (PERCENT)
 HIGHEST   100           500 AM
 LOWEST     21           300 PM
 AVERAGE    61

..........................................................


THE VICKSBURG CLIMATE NORMALS FOR TODAY
                         NORMAL    RECORD    YEAR
 MAXIMUM TEMPERATURE (F)   62        81      2012
 MINIMUM TEMPERATURE (F)   40        17      1960


SUNRISE AND SUNSET
DECEMBER  2 2016......SUNRISE   649 AM CST   SUNSET   459 PM CST
DECEMBER  3 2016......SUNRISE   650 AM CST   SUNSET   459 PM CST


-  INDICATES NEGATIVE NUMBERS.
R  INDICATES RECORD WAS SET OR TIED.
MM INDICATES DATA IS MISSING.
T  INDICATES TRACE AMOUNT.




$$
