000
CDUS44 KJAN 250703
CLITVR


CLIMATE REPORT
NATIONAL WEATHER SERVICE JACKSON MS
159 AM CDT SUN JUN 25 2017


...................................

...THE VICKSBURG CLIMATE SUMMARY FOR JUNE 24 2017...

CLIMATE NORMAL PERIOD 1981 TO 2010
CLIMATE RECORD PERIOD 1948 TO 2017


WEATHER ITEM   OBSERVED TIME   RECORD YEAR NORMAL DEPARTURE LAST
                VALUE   (LST)  VALUE       VALUE  FROM      YEAR
                                                  NORMAL
..................................................................
TEMPERATURE (F)
 YESTERDAY
  MAXIMUM         87    224 PM 100    2012  91     -4       95
  MINIMUM         70    336 AM  62    1974  69      1       75
  AVERAGE         79                        80     -1       85

PRECIPITATION (IN)
  YESTERDAY        0.00          2.78 2015   0.15  -0.15     0.00
  MONTH TO DATE    7.11                      3.07   4.04     3.12
  SINCE JUN 1      7.11                      3.07   4.04     3.12
  SINCE JAN 1     34.53                     28.37   6.16    38.59

SNOWFALL (IN)
  YESTERDAY        0.0

DEGREE DAYS
 HEATING
  YESTERDAY        0                         0      0        0
  MONTH TO DATE    0                         0      0        0
  SINCE JUN 1      0                         0      0        0
  SINCE JUL 1   1490                      2351   -861     1507

 COOLING
  YESTERDAY       14                        15     -1       20
  MONTH TO DATE  317                       326     -9      404
  SINCE JUN 1    317                       326     -9      404
  SINCE JAN 1    817                       696    121      919
..................................................................


WIND (MPH)
  HIGHEST WIND SPEED    13   HIGHEST WIND DIRECTION     N (20)
  HIGHEST GUST SPEED    17   HIGHEST GUST DIRECTION     N (350)
  AVERAGE WIND SPEED     6.1


SKY COVER
  POSSIBLE SUNSHINE  MM
  AVERAGE SKY COVER 0.4


WEATHER CONDITIONS
 THE FOLLOWING WEATHER WAS RECORDED YESTERDAY.
  NO SIGNIFICANT WEATHER WAS OBSERVED.


RELATIVE HUMIDITY (PERCENT)
 HIGHEST   100           300 AM
 LOWEST     65           200 PM
 AVERAGE    83

..........................................................


THE VICKSBURG CLIMATE NORMALS FOR TODAY
                         NORMAL    RECORD    YEAR
 MAXIMUM TEMPERATURE (F)   91       101      2012
 MINIMUM TEMPERATURE (F)   70        56      1974


SUNRISE AND SUNSET
JUNE 25 2017..........SUNRISE   559 AM CDT   SUNSET   815 PM CDT
JUNE 26 2017..........SUNRISE   559 AM CDT   SUNSET   815 PM CDT


-  INDICATES NEGATIVE NUMBERS.
R  INDICATES RECORD WAS SET OR TIED.
MM INDICATES DATA IS MISSING.
T  INDICATES TRACE AMOUNT.




$$
