183
CDUS44 KJAN 220644
CLITVR


CLIMATE REPORT
NATIONAL WEATHER SERVICE JACKSON MS
141 AM CDT SUN OCT 22 2017


...................................

...THE VICKSBURG CLIMATE SUMMARY FOR OCTOBER 21 2017...

CLIMATE NORMAL PERIOD 1981 TO 2010
CLIMATE RECORD PERIOD 1948 TO 2017


WEATHER ITEM   OBSERVED TIME   RECORD YEAR NORMAL DEPARTURE LAST
                VALUE   (LST)  VALUE       VALUE  FROM      YEAR
                                                  NORMAL
..................................................................
TEMPERATURE (F)
 YESTERDAY
  MAXIMUM         86    234 PM  89    2003  77      9       71
  MINIMUM         63    551 AM  29    1976  51     12       41
  AVERAGE         75                        64     11       56

PRECIPITATION (IN)
  YESTERDAY        T             2.25 1984   0.17  -0.17     0.00
  MONTH TO DATE    0.57                      3.22  -2.65      T
  SINCE SEP 1      2.30                      6.11  -3.81     0.12
  SINCE JAN 1     51.72                     42.68   9.04    51.67

SNOWFALL (IN)
  YESTERDAY        0.0

DEGREE DAYS
 HEATING
  YESTERDAY        0                         4     -4        9
  MONTH TO DATE   13                        44    -31        9
  SINCE SEP 1     17                        49    -32        9
  SINCE JUL 1     17                        49    -32        9

 COOLING
  YESTERDAY       10                         3      7        0
  MONTH TO DATE  174                        89     85      154
  SINCE SEP 1    520                       397    123      624
  SINCE JAN 1   2442                      2186    256     2871
..................................................................


WIND (MPH)
  HIGHEST WIND SPEED    24   HIGHEST WIND DIRECTION    SE (140)
  HIGHEST GUST SPEED    30   HIGHEST GUST DIRECTION    SE (140)
  AVERAGE WIND SPEED    10.0


SKY COVER
  POSSIBLE SUNSHINE  MM
  AVERAGE SKY COVER 0.3


WEATHER CONDITIONS
 THE FOLLOWING WEATHER WAS RECORDED YESTERDAY.
  THUNDERSTORM
  LIGHT RAIN


RELATIVE HUMIDITY (PERCENT)
 HIGHEST   100           400 AM
 LOWEST     61           100 PM
 AVERAGE    81

..........................................................


THE VICKSBURG CLIMATE NORMALS FOR TODAY
                         NORMAL    RECORD    YEAR
 MAXIMUM TEMPERATURE (F)   77        89      2003
 MINIMUM TEMPERATURE (F)   50        29      1976


SUNRISE AND SUNSET
OCTOBER 22 2017.......SUNRISE   713 AM CDT   SUNSET   623 PM CDT
OCTOBER 23 2017.......SUNRISE   714 AM CDT   SUNSET   622 PM CDT


-  INDICATES NEGATIVE NUMBERS.
R  INDICATES RECORD WAS SET OR TIED.
MM INDICATES DATA IS MISSING.
T  INDICATES TRACE AMOUNT.




$$
