000
CDUS44 KJAN 010631
CLITVR


CLIMATE REPORT
NATIONAL WEATHER SERVICE JACKSON MS
1229 AM CST SUN FEB 1 2015


...................................

...THE VICKSBURG CLIMATE SUMMARY FOR JANUARY 31 2015...

CLIMATE NORMAL PERIOD 1981 TO 2010
CLIMATE RECORD PERIOD 1948 TO 2015


WEATHER ITEM   OBSERVED TIME   RECORD YEAR NORMAL DEPARTURE LAST
                VALUE   (LST)  VALUE       VALUE  FROM      YEAR
                                                  NORMAL
..................................................................
TEMPERATURE (F)
 YESTERDAY
  MAXIMUM         60    425 PM  82    2002  57      3       65
  MINIMUM         34    605 AM  13    1966  36     -2       30
  AVERAGE         47                        47      0       48

PRECIPITATION (IN)
  YESTERDAY        0.00          1.55 1951   0.18  -0.18     0.00
  MONTH TO DATE    5.57                      5.07   0.50     2.26
  SINCE DEC 1     10.16                     10.68  -0.52     6.61
  SINCE JAN 1      5.57                      5.07   0.50     2.26

SNOWFALL (IN)
  YESTERDAY        0.0

DEGREE DAYS
 HEATING
  YESTERDAY       18                        19     -1       17
  MONTH TO DATE  627                       610     17      768
  SINCE DEC 1   1089                      1142    -53     1363
  SINCE JUL 1   1627                      1544     83     1893

 COOLING
  YESTERDAY        0                         0      0        0
  MONTH TO DATE    0                         3     -3        0
  SINCE DEC 1      4                         9     -5       16
  SINCE JAN 1      0                         3     -3        0
..................................................................


WIND (MPH)
  HIGHEST WIND SPEED    13   HIGHEST WIND DIRECTION    SE (120)
  HIGHEST GUST SPEED    16   HIGHEST GUST DIRECTION    SE (120)
  AVERAGE WIND SPEED     7.1


SKY COVER
  POSSIBLE SUNSHINE  MM
  AVERAGE SKY COVER 0.0


WEATHER CONDITIONS
 THE FOLLOWING WEATHER WAS RECORDED YESTERDAY.
  NO SIGNIFICANT WEATHER WAS OBSERVED.


RELATIVE HUMIDITY (PERCENT)
 HIGHEST    76          1200 AM
 LOWEST     27           400 PM
 AVERAGE    52

..........................................................


THE VICKSBURG CLIMATE NORMALS FOR TODAY
                         NORMAL    RECORD    YEAR
 MAXIMUM TEMPERATURE (F)   57        78      1975
 MINIMUM TEMPERATURE (F)   37        10      1951
                                             1949


SUNRISE AND SUNSET
FEBRUARY  1 2015......SUNRISE   658 AM CST   SUNSET   537 PM CST
FEBRUARY  2 2015......SUNRISE   658 AM CST   SUNSET   538 PM CST


-  INDICATES NEGATIVE NUMBERS.
R  INDICATES RECORD WAS SET OR TIED.
MM INDICATES DATA IS MISSING.
T  INDICATES TRACE AMOUNT.




$$
