000
CDUS44 KJAN 160659
CLITVR


CLIMATE REPORT
NATIONAL WEATHER SERVICE JACKSON MS
156 AM CDT WED AUG 16 2017


...................................

...THE VICKSBURG CLIMATE SUMMARY FOR AUGUST 15 2017...

CLIMATE NORMAL PERIOD 1981 TO 2010
CLIMATE RECORD PERIOD 1948 TO 2017


WEATHER ITEM   OBSERVED TIME   RECORD YEAR NORMAL DEPARTURE LAST
                VALUE   (LST)  VALUE       VALUE  FROM      YEAR
                                                  NORMAL
..................................................................
TEMPERATURE (F)
 YESTERDAY
  MAXIMUM         94    233 PM 102    2006  92      2       93
  MINIMUM         75   1159 PM  53    2004  70      5       76
  AVERAGE         85                        81      4       85

PRECIPITATION (IN)
  YESTERDAY        0.09          1.33 1953   0.11  -0.02     0.35
  MONTH TO DATE    4.44                      1.52   2.92     3.09
  SINCE JUN 1     17.05                      9.14   7.91    12.30
  SINCE JAN 1     44.47                     34.44  10.03    47.77

SNOWFALL (IN)
  YESTERDAY        0.0

DEGREE DAYS
 HEATING
  YESTERDAY        0                         0      0        0
  MONTH TO DATE    0                         0      0        0
  SINCE JUN 1      0                         0      0        0
  SINCE JUL 1      0                         0      0        0

 COOLING
  YESTERDAY       20                        16      4       20
  MONTH TO DATE  237                       250    -13      299
  SINCE JUN 1   1177                      1178     -1     1422
  SINCE JAN 1   1677                      1548    129     1937
..................................................................


WIND (MPH)
  HIGHEST WIND SPEED    14   HIGHEST WIND DIRECTION     S (170)
  HIGHEST GUST SPEED    18   HIGHEST GUST DIRECTION     S (180)
  AVERAGE WIND SPEED     4.5


SKY COVER
  POSSIBLE SUNSHINE  MM
  AVERAGE SKY COVER 0.3


WEATHER CONDITIONS
 THE FOLLOWING WEATHER WAS RECORDED YESTERDAY.
  THUNDERSTORM
  HEAVY RAIN
  RAIN
  LIGHT RAIN
  FOG


RELATIVE HUMIDITY (PERCENT)
 HIGHEST   100           600 AM
 LOWEST     52           200 PM
 AVERAGE    76

..........................................................


THE VICKSBURG CLIMATE NORMALS FOR TODAY
                         NORMAL    RECORD    YEAR
 MAXIMUM TEMPERATURE (F)   92       101      1954
 MINIMUM TEMPERATURE (F)   70        55      1963


SUNRISE AND SUNSET
AUGUST 16 2017........SUNRISE   629 AM CDT   SUNSET   747 PM CDT
AUGUST 17 2017........SUNRISE   630 AM CDT   SUNSET   746 PM CDT


-  INDICATES NEGATIVE NUMBERS.
R  INDICATES RECORD WAS SET OR TIED.
MM INDICATES DATA IS MISSING.
T  INDICATES TRACE AMOUNT.




$$
