000
CDUS45 KBOI 260932
CLITWF


CLIMATE REPORT
NATIONAL WEATHER SERVICE BOISE ID
332 AM MDT THU MAR 26 2015


...................................

...THE TWIN FALLS ID CLIMATE SUMMARY FOR MARCH 25 2015...

CLIMATE NORMAL PERIOD 1981 TO 2010
CLIMATE RECORD PERIOD 9999 TO 9999


WEATHER ITEM   OBSERVED TIME   NORMAL DEPARTURE LAST
                VALUE   (LST)  VALUE  FROM      YEAR
                                      NORMAL
......................................................
TEMPERATURE (F)
 YESTERDAY
  MAXIMUM         55    332 PM  56     -1       75
  MINIMUM         32    611 AM  33     -1       39
  AVERAGE         44

PRECIPITATION (IN)
  YESTERDAY        0.00          0.04  -0.04     0.00
  MONTH TO DATE    0.23          0.77  -0.54     1.01
  SINCE OCT 1      4.62          5.81  -1.19     3.72
  SINCE JAN 1      1.62          2.56  -0.94     3.25

DEGREE DAYS
 HEATING
  YESTERDAY       21            21      0        8
  MONTH TO DATE  422           599   -177      477
  SINCE MAR 1    422           599   -177      477
  SINCE JUL 1   4115          5166  -1051     4730

 COOLING
  YESTERDAY        0             0      0        0
  MONTH TO DATE    0             0      0        0
  SINCE MAR 1      0             0      0        0
  SINCE JAN 1      0             0      0        0
......................................................


WIND (MPH)
  HIGHEST WIND SPEED    16   HIGHEST WIND DIRECTION     W (270)
  HIGHEST GUST SPEED    22   HIGHEST GUST DIRECTION    SW (220)
  AVERAGE WIND SPEED    11.8


SKY COVER
  AVERAGE SKY COVER 0.2


WEATHER CONDITIONS
 THE FOLLOWING WEATHER WAS RECORDED YESTERDAY.
  NO SIGNIFICANT WEATHER WAS OBSERVED.


RELATIVE HUMIDITY (PERCENT)
 HIGHEST    70          1100 PM
 LOWEST     32           200 PM
 AVERAGE    51

..........................................................




SUNRISE AND SUNSET
MARCH 26 2015.........SUNRISE   731 AM MDT   SUNSET   757 PM MDT
MARCH 27 2015.........SUNRISE   729 AM MDT   SUNSET   758 PM MDT


-  INDICATES NEGATIVE NUMBERS.
R  INDICATES RECORD WAS SET OR TIED.
MM INDICATES DATA IS MISSING.
T  INDICATES TRACE AMOUNT.




$$
