000
CDUS45 KBOI 230931
CLITWF


CLIMATE REPORT
NATIONAL WEATHER SERVICE BOISE ID
331 AM MDT FRI JUN 23 2017


...................................

...THE TWIN FALLS ID CLIMATE SUMMARY FOR JUNE 22 2017...

CLIMATE NORMAL PERIOD 1981 TO 2010
CLIMATE RECORD PERIOD 9999 TO 9999


WEATHER ITEM   OBSERVED TIME   NORMAL DEPARTURE LAST
                VALUE   (LST)  VALUE  FROM      YEAR
                                      NORMAL
......................................................
TEMPERATURE (F)
 YESTERDAY
  MAXIMUM         80    337 PM  82     -2       89
  MINIMUM         55    521 AM  52      3       52
  AVERAGE         68

PRECIPITATION (IN)
  YESTERDAY        0.00          0.03  -0.03     0.00
  MONTH TO DATE    0.75          0.77  -0.02     0.27
  SINCE OCT 1     11.62          9.35   2.27    10.81
  SINCE JAN 1      7.12          6.10   1.02     6.43

DEGREE DAYS
 HEATING
  YESTERDAY        0             2     -2        0
  MONTH TO DATE   72            79     -7       46
  SINCE JUN 1     72            79     -7       46
  SINCE JUL 1   6370          6163    207     5702

 COOLING
  YESTERDAY        3             4     -1        6
  MONTH TO DATE   66            50     16       81
  SINCE JUN 1     66            50     16       81
  SINCE JAN 1     75            72      3       84
......................................................


WIND (MPH)
  HIGHEST WIND SPEED    25   HIGHEST WIND DIRECTION     W (270)
  HIGHEST GUST SPEED    32   HIGHEST GUST DIRECTION    SW (230)
  AVERAGE WIND SPEED    18.1


SKY COVER
  AVERAGE SKY COVER 0.0


WEATHER CONDITIONS
 THE FOLLOWING WEATHER WAS RECORDED YESTERDAY.
  NO SIGNIFICANT WEATHER WAS OBSERVED.


RELATIVE HUMIDITY (PERCENT)
 HIGHEST    36           100 AM
 LOWEST     12           500 PM
 AVERAGE    24

..........................................................




SUNRISE AND SUNSET
JUNE 23 2017..........SUNRISE   601 AM MDT   SUNSET   919 PM MDT
JUNE 24 2017..........SUNRISE   602 AM MDT   SUNSET   919 PM MDT


-  INDICATES NEGATIVE NUMBERS.
R  INDICATES RECORD WAS SET OR TIED.
MM INDICATES DATA IS MISSING.
T  INDICATES TRACE AMOUNT.




$$
