000
CDUS45 KBOI 180932
CLITWF


CLIMATE REPORT
NATIONAL WEATHER SERVICE BOISE ID
231 AM MST WED JAN 18 2017


...................................

...THE TWIN FALLS ID CLIMATE SUMMARY FOR JANUARY 17 2017...

CLIMATE NORMAL PERIOD 1981 TO 2010
CLIMATE RECORD PERIOD 9999 TO 9999


WEATHER ITEM   OBSERVED TIME   NORMAL DEPARTURE LAST
                VALUE   (LST)  VALUE  FROM      YEAR
                                      NORMAL
......................................................
TEMPERATURE (F)
 YESTERDAY
  MAXIMUM         24    411 PM  38    -14       41
  MINIMUM          4    705 AM  22    -18       29
  AVERAGE         14

PRECIPITATION (IN)
  YESTERDAY        0.00          0.02  -0.02      T
  MONTH TO DATE    0.78          0.65   0.13     0.12
  SINCE OCT 1      5.28          3.90   1.38     4.50
  SINCE JAN 1      0.78          0.65   0.13     0.12

DEGREE DAYS
 HEATING
  YESTERDAY       51            35     16       30
  MONTH TO DATE  785           609    176      659
  SINCE DEC 1   2043          1738    305     1802
  SINCE JUL 1   3345          3176    169     3013

 COOLING
  YESTERDAY        0             0      0        0
  MONTH TO DATE    0             0      0        0
  SINCE DEC 1      0             0      0        0
  SINCE JAN 1      0             0      0        0
......................................................


WIND (MPH)
  HIGHEST WIND SPEED    15   HIGHEST WIND DIRECTION     E (100)
  HIGHEST GUST SPEED    18   HIGHEST GUST DIRECTION     E (100)
  AVERAGE WIND SPEED     7.3


SKY COVER
  AVERAGE SKY COVER 0.0


WEATHER CONDITIONS
 THE FOLLOWING WEATHER WAS RECORDED YESTERDAY.
  FOG
  HAZE


RELATIVE HUMIDITY (PERCENT)
 HIGHEST    88          1200 AM
 LOWEST     62           400 PM
 AVERAGE    75

..........................................................




SUNRISE AND SUNSET
JANUARY 18 2017.......SUNRISE   803 AM MST   SUNSET   534 PM MST
JANUARY 19 2017.......SUNRISE   802 AM MST   SUNSET   536 PM MST


-  INDICATES NEGATIVE NUMBERS.
R  INDICATES RECORD WAS SET OR TIED.
MM INDICATES DATA IS MISSING.
T  INDICATES TRACE AMOUNT.




$$
