000
CDUS45 KBOI 200931
CLITWF


CLIMATE REPORT
NATIONAL WEATHER SERVICE BOISE ID
231 AM MST SAT DEC 20 2014


...................................

...THE TWIN FALLS ID CLIMATE SUMMARY FOR DECEMBER 19 2014...

CLIMATE NORMAL PERIOD 1981 TO 2010
CLIMATE RECORD PERIOD 9999 TO 9999


WEATHER ITEM   OBSERVED TIME   NORMAL DEPARTURE LAST
                VALUE   (LST)  VALUE  FROM      YEAR
                                      NORMAL
......................................................
TEMPERATURE (F)
 YESTERDAY
  MAXIMUM         47   1200 PM  36     11       32
  MINIMUM         36   1159 PM  19     17       23
  AVERAGE         42

PRECIPITATION (IN)
  YESTERDAY        0.14          0.04   0.10     0.00
  MONTH TO DATE    0.32          0.79  -0.47     0.06
  SINCE OCT 1      1.78          2.77  -0.99     0.41
  SINCE JAN 1     14.82         10.22   4.60     4.52

DEGREE DAYS
 HEATING
  YESTERDAY       23            37    -14       37
  MONTH TO DATE  446           686   -240      809
  SINCE DEC 1    446           686   -240      809
  SINCE JUL 1   1638          2124   -486     2165

 COOLING
  YESTERDAY        0             0      0        0
  MONTH TO DATE    0             0      0        0
  SINCE DEC 1      0             0      0        0
  SINCE JAN 1    851           680    171     1138
......................................................


WIND (MPH)
  HIGHEST WIND SPEED    21   HIGHEST WIND DIRECTION     S (180)
  HIGHEST GUST SPEED    28   HIGHEST GUST DIRECTION     S (190)
  AVERAGE WIND SPEED    11.8


SKY COVER
  AVERAGE SKY COVER 0.9


WEATHER CONDITIONS
 THE FOLLOWING WEATHER WAS RECORDED YESTERDAY.
  LIGHT RAIN
  FOG


RELATIVE HUMIDITY (PERCENT)
 HIGHEST    85           300 PM
 LOWEST     49           600 AM
 AVERAGE    67

..........................................................




SUNRISE AND SUNSET
DECEMBER 20 2014......SUNRISE   804 AM MST   SUNSET   508 PM MST
DECEMBER 21 2014......SUNRISE   804 AM MST   SUNSET   508 PM MST


-  INDICATES NEGATIVE NUMBERS.
R  INDICATES RECORD WAS SET OR TIED.
MM INDICATES DATA IS MISSING.
T  INDICATES TRACE AMOUNT.




$$
