000
CDUS45 KBOI 200931
CLITWF


CLIMATE REPORT
NATIONAL WEATHER SERVICE BOISE ID
330 AM MDT WED AUG 20 2014


...................................

...THE TWIN FALLS ID CLIMATE SUMMARY FOR AUGUST 19 2014...

CLIMATE NORMAL PERIOD 1981 TO 2010
CLIMATE RECORD PERIOD 9999 TO 9999


WEATHER ITEM   OBSERVED TIME   NORMAL DEPARTURE LAST
                VALUE   (LST)  VALUE  FROM      YEAR
                                      NORMAL
......................................................
TEMPERATURE (F)
 YESTERDAY
  MAXIMUM         89    133 PM  88      1       90
  MINIMUM         60    505 AM  55      5       67
  AVERAGE         75

PRECIPITATION (IN)
  YESTERDAY        T             0.01  -0.01     0.00
  MONTH TO DATE    4.19          0.20   3.99     0.00
  SINCE OCT 1     11.34         10.01   1.33     6.37
  SINCE JAN 1     10.87          6.76   4.11     3.19

DEGREE DAYS
 HEATING
  YESTERDAY        0             0      0        0
  MONTH TO DATE    2             0      2        0
  SINCE JUN 1     60            93    -33       55
  SINCE JUL 1      2             6     -4        0

 COOLING
  YESTERDAY       10             7      3       14
  MONTH TO DATE  174           164     10      234
  SINCE JUN 1    695           528    167      865
  SINCE JAN 1    728           550    178      890
......................................................


WIND (MPH)
  HIGHEST WIND SPEED    30   HIGHEST WIND DIRECTION     S (170)
  HIGHEST GUST SPEED    42   HIGHEST GUST DIRECTION     S (190)
  AVERAGE WIND SPEED     9.6


SKY COVER
  AVERAGE SKY COVER 0.0


WEATHER CONDITIONS
 THE FOLLOWING WEATHER WAS RECORDED YESTERDAY.
  NO SIGNIFICANT WEATHER WAS OBSERVED.


RELATIVE HUMIDITY (PERCENT)
 HIGHEST    60          1200 AM
 LOWEST     24           100 PM
 AVERAGE    42

..........................................................




SUNRISE AND SUNSET
AUGUST 20 2014........SUNRISE   650 AM MDT   SUNSET   831 PM MDT
AUGUST 21 2014........SUNRISE   651 AM MDT   SUNSET   830 PM MDT


-  INDICATES NEGATIVE NUMBERS.
R  INDICATES RECORD WAS SET OR TIED.
MM INDICATES DATA IS MISSING.
T  INDICATES TRACE AMOUNT.




$$
