000
CDUS45 KBOI 300931
CLITWF


CLIMATE REPORT
NATIONAL WEATHER SERVICE BOISE ID
330 AM MDT SAT APR 30 2016


...................................

...THE TWIN FALLS ID CLIMATE SUMMARY FOR APRIL 29 2016...

CLIMATE NORMAL PERIOD 1981 TO 2010
CLIMATE RECORD PERIOD 9999 TO 9999


WEATHER ITEM   OBSERVED TIME   NORMAL DEPARTURE LAST
                VALUE   (LST)  VALUE  FROM      YEAR
                                      NORMAL
......................................................
TEMPERATURE (F)
 YESTERDAY
  MAXIMUM         61    219 PM  65     -4       76
  MINIMUM         40    540 AM  38      2       53
  AVERAGE         51

PRECIPITATION (IN)
  YESTERDAY        T             0.05  -0.05     0.00
  MONTH TO DATE    1.46          1.10   0.36     0.24
  SINCE OCT 1      8.66          7.18   1.48     4.86
  SINCE JAN 1      4.28          3.93   0.35     1.86

DEGREE DAYS
 HEATING
  YESTERDAY       14            14      0        0
  MONTH TO DATE  385           496   -111      440
  SINCE MAR 1   1062          1218   -156      930
  SINCE JUL 1   5348          5785   -437     4623

 COOLING
  YESTERDAY        0             0      0        0
  MONTH TO DATE    0             0      0        0
  SINCE MAR 1      0             0      0        0
  SINCE JAN 1      0             0      0        0
......................................................


WIND (MPH)
  HIGHEST WIND SPEED    28   HIGHEST WIND DIRECTION     W (260)
  HIGHEST GUST SPEED    33   HIGHEST GUST DIRECTION     W (260)
  AVERAGE WIND SPEED    15.0


SKY COVER
  AVERAGE SKY COVER 0.5


WEATHER CONDITIONS
 THE FOLLOWING WEATHER WAS RECORDED YESTERDAY.
  NO SIGNIFICANT WEATHER WAS OBSERVED.


RELATIVE HUMIDITY (PERCENT)
 HIGHEST    82           700 AM
 LOWEST     36           300 PM
 AVERAGE    59

..........................................................




SUNRISE AND SUNSET
APRIL 30 2016.........SUNRISE   633 AM MDT   SUNSET   837 PM MDT
MAY  1 2016...........SUNRISE   632 AM MDT   SUNSET   838 PM MDT


-  INDICATES NEGATIVE NUMBERS.
R  INDICATES RECORD WAS SET OR TIED.
MM INDICATES DATA IS MISSING.
T  INDICATES TRACE AMOUNT.




$$
