000
CDUS44 KSHV 190733
CLITXK


CLIMATE REPORT
NATIONAL WEATHER SERVICE SHREVEPORT, LA
231 AM CDT SAT APR 19 2014


...................................

...THE TEXARKANA CLIMATE SUMMARY FOR APRIL 18 2014...

CLIMATE NORMAL PERIOD 1981 TO 2010
CLIMATE RECORD PERIOD 1896 TO 2014


WEATHER ITEM   OBSERVED TIME   RECORD YEAR NORMAL DEPARTURE LAST
                VALUE   (LST)  VALUE       VALUE  FROM      YEAR
                                                  NORMAL
..................................................................
TEMPERATURE (F)
 YESTERDAY
  MAXIMUM         74    329 PM  94    2006  76     -2       76
  MINIMUM         50    600 AM  36    1921  53     -3       44
  AVERAGE         62                        64     -2       60

PRECIPITATION (IN)
  YESTERDAY        0.02          1.72 2009   0.13  -0.11     0.95
  MONTH TO DATE    2.26                      2.22   0.04     2.45
  SINCE DEC 1     15.32                     18.86  -3.54    14.96
  SINCE JAN 1      9.49                     13.81  -4.32    10.50

SNOWFALL (IN)
  YESTERDAY        0.0
  MONTH TO DATE    0.0
  SINCE MAR 1      T
  SINCE JUL 1      1.7
  SNOW DEPTH       0

DEGREE DAYS
 HEATING
  YESTERDAY        3                         3      0        5
  MONTH TO DATE  131                        84     47       95
  SINCE MAR 1    525                       384    141      485
  SINCE JUL 1   2993                      2578    415     2431

 COOLING
  YESTERDAY        0                         3     -3        0
  MONTH TO DATE   29                        35     -6       57
  SINCE MAR 1     36                        54    -18       68
  SINCE JAN 1     36                        58    -22       72
..................................................................


WIND (MPH)
  HIGHEST WIND SPEED    12   HIGHEST WIND DIRECTION     N (10)
  HIGHEST GUST SPEED    15   HIGHEST GUST DIRECTION    NE (60)
  AVERAGE WIND SPEED     3.2


SKY COVER
  POSSIBLE SUNSHINE  MM
  AVERAGE SKY COVER 0.2


WEATHER CONDITIONS
 THE FOLLOWING WEATHER WAS RECORDED YESTERDAY.
  THUNDERSTORM
  LIGHT RAIN
  FOG


RELATIVE HUMIDITY (PERCENT)
 HIGHEST    93           600 AM
 LOWEST     41           400 PM
 AVERAGE    67

..........................................................


THE TEXARKANA CLIMATE NORMALS FOR TODAY
                         NORMAL    RECORD    YEAR
 MAXIMUM TEMPERATURE (F)   76        94      1902
 MINIMUM TEMPERATURE (F)   53        33      1953


SUNRISE AND SUNSET
APRIL 19 2014.........SUNRISE   641 AM CDT   SUNSET   750 PM CDT
APRIL 20 2014.........SUNRISE   640 AM CDT   SUNSET   751 PM CDT


-  INDICATES NEGATIVE NUMBERS.
R  INDICATES RECORD WAS SET OR TIED.
MM INDICATES DATA IS MISSING.
T  INDICATES TRACE AMOUNT.




$$
