000
CDUS44 KSHV 290747
CLITXK


CLIMATE REPORT
NATIONAL WEATHER SERVICE SHREVEPORT, LA
247 AM CDT WED JUL 29 2015


...................................

...THE TEXARKANA CLIMATE SUMMARY FOR JULY 28 2015...

CLIMATE NORMAL PERIOD 1981 TO 2010
CLIMATE RECORD PERIOD 1896 TO 2015


WEATHER ITEM   OBSERVED TIME   RECORD YEAR NORMAL DEPARTURE LAST
                VALUE   (LST)  VALUE       VALUE  FROM      YEAR
                                                  NORMAL
..................................................................
TEMPERATURE (F)
 YESTERDAY
  MAXIMUM         99    247 PM 106    1930  94      5       92
  MINIMUM         78    535 AM  61    1994  72      6       70
  AVERAGE         89                        83      6       81

PRECIPITATION (IN)
  YESTERDAY        0.00          2.65 1984   0.09  -0.09     0.00
  MONTH TO DATE    2.13                      3.14  -1.01     2.26
  SINCE DEC 1     42.06                     33.26   8.80    27.59
  SINCE JAN 1     39.38                     28.21  11.17    21.76

SNOWFALL (IN)
  YESTERDAY        0.0
  MONTH TO DATE    0.0
  SINCE JUN 1      0.0
  SINCE JUL 1      0.0
  SNOW DEPTH       0

DEGREE DAYS
 HEATING
  YESTERDAY        0                         0      0        0
  MONTH TO DATE    0                         0      0        0
  SINCE JUN 1      0                         0      0        0
  SINCE JUL 1      0                         0      0        0

 COOLING
  YESTERDAY       24                        18      6       16
  MONTH TO DATE  556                       482     74      393
  SINCE JUN 1   1035                       887    148      822
  SINCE JAN 1   1359                      1207    152     1116
..................................................................


WIND (MPH)
  HIGHEST WIND SPEED    13   HIGHEST WIND DIRECTION     S (170)
  HIGHEST GUST SPEED    17   HIGHEST GUST DIRECTION     S (160)
  AVERAGE WIND SPEED     6.8


SKY COVER
  POSSIBLE SUNSHINE  MM
  AVERAGE SKY COVER 0.0


WEATHER CONDITIONS
 THE FOLLOWING WEATHER WAS RECORDED YESTERDAY.
  NO SIGNIFICANT WEATHER WAS OBSERVED.


RELATIVE HUMIDITY (PERCENT)
 HIGHEST    85           500 AM
 LOWEST     38           400 PM
 AVERAGE    62

..........................................................


THE TEXARKANA CLIMATE NORMALS FOR TODAY
                         NORMAL    RECORD    YEAR
 MAXIMUM TEMPERATURE (F)   94       110      1930
 MINIMUM TEMPERATURE (F)   72        65      1928


SUNRISE AND SUNSET
JULY 29 2015..........SUNRISE   626 AM CDT   SUNSET   818 PM CDT
JULY 30 2015..........SUNRISE   627 AM CDT   SUNSET   817 PM CDT


-  INDICATES NEGATIVE NUMBERS.
R  INDICATES RECORD WAS SET OR TIED.
MM INDICATES DATA IS MISSING.
T  INDICATES TRACE AMOUNT.




$$
