000
CDUS44 KSHV 180753
CLITXK


CLIMATE REPORT
NATIONAL WEATHER SERVICE SHREVEPORT, LA
252 AM CDT WED OCT 18 2017


...................................

...THE TEXARKANA CLIMATE SUMMARY FOR OCTOBER 17 2017...

CLIMATE NORMAL PERIOD 1981 TO 2010
CLIMATE RECORD PERIOD 1896 TO 2017


WEATHER ITEM   OBSERVED TIME   RECORD YEAR NORMAL DEPARTURE LAST
                VALUE   (LST)  VALUE       VALUE  FROM      YEAR
                                                  NORMAL
..................................................................
TEMPERATURE (F)
 YESTERDAY
  MAXIMUM         73    352 PM  93    1897  76     -3       88
  MINIMUM         39    641 AM  38    1952  53    -14       70
  AVERAGE         56                        64     -8       79

PRECIPITATION (IN)
  YESTERDAY        0.00          2.00 1937   0.18  -0.18     0.00
  MONTH TO DATE    0.08                      2.56  -2.48     0.04
  SINCE DEC 1     46.65                     42.46   4.19    45.28
  SINCE JAN 1     40.23                     37.41   2.82    39.30

SNOWFALL (IN)
  YESTERDAY        0.0
  MONTH TO DATE    0.0
  SINCE SEP 1      0.0
  SINCE JUL 1      0.0
  SNOW DEPTH       0

DEGREE DAYS
 HEATING
  YESTERDAY        9                         3      6        0
  MONTH TO DATE   18                        36    -18        4
  SINCE SEP 1     18                        47    -29        4
  SINCE JUL 1     18                        47    -29        4

 COOLING
  YESTERDAY        0                         3     -3       14
  MONTH TO DATE  125                        69     56      124
  SINCE SEP 1    434                       375     59      529
  SINCE JAN 1   2138                      2163    -25     2469
..................................................................


WIND (MPH)
  HIGHEST WIND SPEED     9   HIGHEST WIND DIRECTION    NE (30)
  HIGHEST GUST SPEED    13   HIGHEST GUST DIRECTION    SE (140)
  AVERAGE WIND SPEED     3.0


SKY COVER
  POSSIBLE SUNSHINE  MM
  AVERAGE SKY COVER 0.0


WEATHER CONDITIONS
 THE FOLLOWING WEATHER WAS RECORDED YESTERDAY.
  NO SIGNIFICANT WEATHER WAS OBSERVED.


RELATIVE HUMIDITY (PERCENT)
 HIGHEST   100           500 AM
 LOWEST     29           200 PM
 AVERAGE    65

..........................................................


THE TEXARKANA CLIMATE NORMALS FOR TODAY
                         NORMAL    RECORD    YEAR
 MAXIMUM TEMPERATURE (F)   76        92      2005
                                             1932
 MINIMUM TEMPERATURE (F)   52        34      1948


SUNRISE AND SUNSET
OCTOBER 18 2017.......SUNRISE   723 AM CDT   SUNSET   638 PM CDT
OCTOBER 19 2017.......SUNRISE   724 AM CDT   SUNSET   637 PM CDT


-  INDICATES NEGATIVE NUMBERS.
R  INDICATES RECORD WAS SET OR TIED.
MM INDICATES DATA IS MISSING.
T  INDICATES TRACE AMOUNT.




$$
