000
CDUS44 KSHV 300733
CLITXK


CLIMATE REPORT
NATIONAL WEATHER SERVICE SHREVEPORT, LA
233 AM CDT WED JUL 30 2014


...................................

...THE TEXARKANA CLIMATE SUMMARY FOR JULY 29 2014...

CLIMATE NORMAL PERIOD 1981 TO 2010
CLIMATE RECORD PERIOD 1896 TO 2014


WEATHER ITEM   OBSERVED TIME   RECORD YEAR NORMAL DEPARTURE LAST
                VALUE   (LST)  VALUE       VALUE  FROM      YEAR
                                                  NORMAL
..................................................................
TEMPERATURE (F)
 YESTERDAY
  MAXIMUM         89    311 PM 110    1930  94     -5       93
  MINIMUM         66    557 AM  65    1928  72     -6       71
  AVERAGE         78                        83     -5       82

PRECIPITATION (IN)
  YESTERDAY        0.00          1.83 2009   0.10  -0.10     0.00
  MONTH TO DATE    2.26                      3.24  -0.98     2.81
  SINCE DEC 1     27.59                     33.36  -5.77    23.68
  SINCE JAN 1     21.76                     28.31  -6.55    19.22

SNOWFALL (IN)
  YESTERDAY        0.0
  MONTH TO DATE    0.0
  SINCE JUN 1      0.0
  SINCE JUL 1      0.0
  SNOW DEPTH       0

DEGREE DAYS
 HEATING
  YESTERDAY        0                         0      0        0
  MONTH TO DATE    0                         0      0        0
  SINCE JUN 1      0                         0      0        0
  SINCE JUL 1      0                         0      0        0

 COOLING
  YESTERDAY       13                        18     -5       17
  MONTH TO DATE  406                       500    -94      458
  SINCE JUN 1    835                       905    -70      909
  SINCE JAN 1   1129                      1225    -96     1207
..................................................................


WIND (MPH)
  HIGHEST WIND SPEED    13   HIGHEST WIND DIRECTION    NE (40)
  HIGHEST GUST SPEED    15   HIGHEST GUST DIRECTION    NE (40)
  AVERAGE WIND SPEED     3.9


SKY COVER
  POSSIBLE SUNSHINE  MM
  AVERAGE SKY COVER 0.0


WEATHER CONDITIONS
 THE FOLLOWING WEATHER WAS RECORDED YESTERDAY.
  NO SIGNIFICANT WEATHER WAS OBSERVED.


RELATIVE HUMIDITY (PERCENT)
 HIGHEST    93           600 AM
 LOWEST     40           300 PM
 AVERAGE    67

..........................................................


THE TEXARKANA CLIMATE NORMALS FOR TODAY
                         NORMAL    RECORD    YEAR
 MAXIMUM TEMPERATURE (F)   94       106      1930
 MINIMUM TEMPERATURE (F)   72        62      1965


SUNRISE AND SUNSET
JULY 30 2014..........SUNRISE   627 AM CDT   SUNSET   817 PM CDT
JULY 31 2014..........SUNRISE   628 AM CDT   SUNSET   816 PM CDT


-  INDICATES NEGATIVE NUMBERS.
R  INDICATES RECORD WAS SET OR TIED.
MM INDICATES DATA IS MISSING.
T  INDICATES TRACE AMOUNT.




$$
