000
CDUS44 KSHV 262240
CLITXK


CLIMATE REPORT
NATIONAL WEATHER SERVICE SHREVEPORT, LA
439 PM CST FRI DEC 26 2014


...................................

...THE TEXARKANA CLIMATE SUMMARY FOR DECEMBER 26 2014...
VALID TODAY AS OF 0400 PM LOCAL TIME.

CLIMATE NORMAL PERIOD 1981 TO 2010
CLIMATE RECORD PERIOD 1896 TO 2014


WEATHER ITEM   OBSERVED TIME   RECORD YEAR NORMAL DEPARTURE LAST
                VALUE   (LST)  VALUE       VALUE  FROM      YEAR
                                                  NORMAL
..................................................................
TEMPERATURE (F)
 TODAY
  MAXIMUM         57    156 PM  78    1922  54      3       52
  MINIMUM         43    259 AM  13    1983  34      9       30
  AVERAGE         50                        44      6       41

PRECIPITATION (IN)
  TODAY            0.02          4.62 1987   0.14  -0.12     0.00
  MONTH TO DATE    1.76                      4.42  -2.66     5.83
  SINCE DEC 1      1.76                      4.42  -2.66     5.83
  SINCE JAN 1     34.32                     49.02 -14.70    45.34

SNOWFALL (IN)
  TODAY           MM
  MONTH TO DATE    0.0
  SINCE DEC 1      0.0
  SINCE JUL 1      T
  SNOW DEPTH       0

DEGREE DAYS
 HEATING
  TODAY           15                        21     -6       24
  MONTH TO DATE  423                       501    -78      524
  SINCE DEC 1    423                       501    -78      524
  SINCE JUL 1    933                       959    -26     1049

 COOLING
  TODAY            0                         0      0        0
  MONTH TO DATE    1                         0      1        2
  SINCE DEC 1      1                         0      1        2
  SINCE JAN 1   2134                      2204    -70     2354
..................................................................


WIND (MPH)
  HIGHEST WIND SPEED    16   HIGHEST WIND DIRECTION    SE (150)
  HIGHEST GUST SPEED    21   HIGHEST GUST DIRECTION    SE (150)
  AVERAGE WIND SPEED     7.8


SKY COVER
  POSSIBLE SUNSHINE  MM
  AVERAGE SKY COVER 0.8


WEATHER CONDITIONS
 THE FOLLOWING WEATHER WAS RECORDED TODAY.
  LIGHT RAIN
  FOG


RELATIVE HUMIDITY (PERCENT)
 HIGHEST    96           200 AM
 LOWEST     80           900 AM
 AVERAGE    88

..........................................................


THE TEXARKANA CLIMATE NORMALS FOR TOMORROW
                         NORMAL    RECORD    YEAR
 MAXIMUM TEMPERATURE (F)   54        78      2005
 MINIMUM TEMPERATURE (F)   34        18      2010
                                             1904


SUNRISE AND SUNSET
DECEMBER 26 2014......SUNRISE   718 AM CST   SUNSET   515 PM CST
DECEMBER 27 2014......SUNRISE   719 AM CST   SUNSET   516 PM CST


-  INDICATES NEGATIVE NUMBERS.
R  INDICATES RECORD WAS SET OR TIED.
MM INDICATES DATA IS MISSING.
T  INDICATES TRACE AMOUNT.




$$
