000
CDUS44 KSHV 180743
CLITXK


CLIMATE REPORT
NATIONAL WEATHER SERVICE SHREVEPORT, LA
242 AM CDT FRI AUG 18 2017


...................................

...THE TEXARKANA CLIMATE SUMMARY FOR AUGUST 17 2017...

CLIMATE NORMAL PERIOD 1981 TO 2010
CLIMATE RECORD PERIOD 1896 TO 2017


WEATHER ITEM   OBSERVED TIME   RECORD YEAR NORMAL DEPARTURE LAST
                VALUE   (LST)  VALUE       VALUE  FROM      YEAR
                                                  NORMAL
..................................................................
TEMPERATURE (F)
 YESTERDAY
  MAXIMUM         84    444 PM 107    1939  94    -10       80
  MINIMUM         69    803 AM  54    1992  71     -2       72
  AVERAGE         77                        82     -5       76

PRECIPITATION (IN)
  YESTERDAY        0.91          2.32 1942   0.08   0.83     0.13
  MONTH TO DATE    8.17                      1.49   6.68     3.99
  SINCE DEC 1     45.34                     35.05  10.29    42.80
  SINCE JAN 1     38.92                     30.00   8.92    36.82

SNOWFALL (IN)
  YESTERDAY        0.0
  MONTH TO DATE    0.0
  SINCE JUN 1      0.0
  SINCE JUL 1      0.0
  SNOW DEPTH       0

DEGREE DAYS
 HEATING
  YESTERDAY        0                         0      0        0
  MONTH TO DATE    0                         0      0        0
  SINCE JUN 1      0                         0      0        0
  SINCE JUL 1      0                         0      0        0

 COOLING
  YESTERDAY       12                        17     -5       11
  MONTH TO DATE  238                       304    -66      315
  SINCE JUN 1   1151                      1244    -93     1432
  SINCE JAN 1   1511                      1564    -53     1722
..................................................................


WIND (MPH)
  HIGHEST WIND SPEED    22   HIGHEST WIND DIRECTION    NW (320)
  HIGHEST GUST SPEED    30   HIGHEST GUST DIRECTION    NW (310)
  AVERAGE WIND SPEED     5.5


SKY COVER
  POSSIBLE SUNSHINE  MM
  AVERAGE SKY COVER 0.5


WEATHER CONDITIONS
 THE FOLLOWING WEATHER WAS RECORDED YESTERDAY.
  THUNDERSTORM
  HEAVY RAIN
  RAIN
  LIGHT RAIN
  FOG


RELATIVE HUMIDITY (PERCENT)
 HIGHEST   100           200 AM
 LOWEST     69           300 PM
 AVERAGE    85

..........................................................


THE TEXARKANA CLIMATE NORMALS FOR TODAY
                         NORMAL    RECORD    YEAR
 MAXIMUM TEMPERATURE (F)   94       107      1936
 MINIMUM TEMPERATURE (F)   71        57      1992


SUNRISE AND SUNSET
AUGUST 18 2017........SUNRISE   641 AM CDT   SUNSET   758 PM CDT
AUGUST 19 2017........SUNRISE   641 AM CDT   SUNSET   757 PM CDT


-  INDICATES NEGATIVE NUMBERS.
R  INDICATES RECORD WAS SET OR TIED.
MM INDICATES DATA IS MISSING.
T  INDICATES TRACE AMOUNT.




$$
