000
CDUS44 KSHV 270851
CLITXK


CLIMATE REPORT
NATIONAL WEATHER SERVICE SHREVEPORT, LA
250 AM CST TUE JAN 27 2015


...................................

...THE TEXARKANA CLIMATE SUMMARY FOR JANUARY 26 2015...

CLIMATE NORMAL PERIOD 1981 TO 2010
CLIMATE RECORD PERIOD 1896 TO 2015


WEATHER ITEM   OBSERVED TIME   RECORD YEAR NORMAL DEPARTURE LAST
                VALUE   (LST)  VALUE       VALUE  FROM      YEAR
                                                  NORMAL
..................................................................
TEMPERATURE (F)
 YESTERDAY
  MAXIMUM         63    455 PM  79    1952  55      8       63
  MINIMUM         37    743 AM  10    1904  34      3       39
  AVERAGE         50                        44      6       51

PRECIPITATION (IN)
  YESTERDAY        0.00          1.87 1962   0.11  -0.11     0.00
  MONTH TO DATE    4.24                      2.83   1.41     0.73
  SINCE DEC 1      6.92                      7.88  -0.96     6.56
  SINCE JAN 1      4.24                      2.83   1.41     0.73

SNOWFALL (IN)
  YESTERDAY        0.0
  MONTH TO DATE    T
  SINCE DEC 1      T
  SINCE JUL 1      T
  SNOW DEPTH       0

DEGREE DAYS
 HEATING
  YESTERDAY       15                        21     -6       14
  MONTH TO DATE  608                       559     49      595
  SINCE DEC 1   1159                      1168     -9     1234
  SINCE JUL 1   1669                      1626     43     1759

 COOLING
  YESTERDAY        0                         0      0        0
  MONTH TO DATE    0                         0      0        0
  SINCE DEC 1      1                         3     -2        2
  SINCE JAN 1      0                         0      0        0
..................................................................


WIND (MPH)
  HIGHEST WIND SPEED    14   HIGHEST WIND DIRECTION     W (260)
  HIGHEST GUST SPEED    18   HIGHEST GUST DIRECTION    SW (220)
  AVERAGE WIND SPEED     8.1


SKY COVER
  POSSIBLE SUNSHINE  MM
  AVERAGE SKY COVER 0.0


WEATHER CONDITIONS
 THE FOLLOWING WEATHER WAS RECORDED YESTERDAY.
  NO SIGNIFICANT WEATHER WAS OBSERVED.


RELATIVE HUMIDITY (PERCENT)
 HIGHEST    82           800 AM
 LOWEST     34           300 PM
 AVERAGE    58

..........................................................


THE TEXARKANA CLIMATE NORMALS FOR TODAY
                         NORMAL    RECORD    YEAR
 MAXIMUM TEMPERATURE (F)   55        80      1975
 MINIMUM TEMPERATURE (F)   35        10      1897


SUNRISE AND SUNSET
JANUARY 27 2015.......SUNRISE   715 AM CST   SUNSET   542 PM CST
JANUARY 28 2015.......SUNRISE   715 AM CST   SUNSET   543 PM CST


-  INDICATES NEGATIVE NUMBERS.
R  INDICATES RECORD WAS SET OR TIED.
MM INDICATES DATA IS MISSING.
T  INDICATES TRACE AMOUNT.




$$
