000
CDUS44 KSHV 020746
CLITXK


CLIMATE REPORT
NATIONAL WEATHER SERVICE SHREVEPORT, LA
245 AM CDT MON MAY 2 2016


...................................

...THE TEXARKANA CLIMATE SUMMARY FOR MAY 1 2016...

CLIMATE NORMAL PERIOD 1981 TO 2010
CLIMATE RECORD PERIOD 1896 TO 2016


WEATHER ITEM   OBSERVED TIME   RECORD YEAR NORMAL DEPARTURE LAST
                VALUE   (LST)  VALUE       VALUE  FROM      YEAR
                                                  NORMAL
..................................................................
TEMPERATURE (F)
 YESTERDAY
  MAXIMUM         81    417 PM  93    1901  79      2       78
  MINIMUM         64    647 AM  37    1925  57      7       54
  AVERAGE         73                        68      5       66

PRECIPITATION (IN)
  YESTERDAY        T             3.03 1950   0.17  -0.17     0.00
  MONTH TO DATE    T                         0.17  -0.17     0.00
  SINCE DEC 1     28.38                     20.75   7.63    27.87
  SINCE JAN 1     22.40                     15.70   6.70    25.19

SNOWFALL (IN)
  YESTERDAY        0.0
  MONTH TO DATE    0.0
  SINCE MAR 1      0.0
  SINCE JUL 1      0.0
  SNOW DEPTH       0

DEGREE DAYS
 HEATING
  YESTERDAY        0                         1     -1        0
  MONTH TO DATE    0                         1     -1        0
  SINCE MAR 1    238                       410   -172      422
  SINCE JUL 1   1891                      2604   -713     2803

 COOLING
  YESTERDAY        8                         4      4        1
  MONTH TO DATE    8                         4      4        1
  SINCE MAR 1    117                        97     20       98
  SINCE JAN 1    123                       101     22       98
..................................................................


WIND (MPH)
  HIGHEST WIND SPEED    13   HIGHEST WIND DIRECTION    NE (50)
  HIGHEST GUST SPEED    17   HIGHEST GUST DIRECTION    NE (50)
  AVERAGE WIND SPEED     5.4


SKY COVER
  POSSIBLE SUNSHINE  MM
  AVERAGE SKY COVER 0.3


WEATHER CONDITIONS
 THE FOLLOWING WEATHER WAS RECORDED YESTERDAY.
  LIGHT RAIN
  FOG


RELATIVE HUMIDITY (PERCENT)
 HIGHEST    93           300 AM
 LOWEST     54           200 PM
 AVERAGE    74

..........................................................


THE TEXARKANA CLIMATE NORMALS FOR TODAY
                         NORMAL    RECORD    YEAR
 MAXIMUM TEMPERATURE (F)   79        92      1943
 MINIMUM TEMPERATURE (F)   57        35      1903


SUNRISE AND SUNSET
MAY  2 2016...........SUNRISE   626 AM CDT   SUNSET   800 PM CDT
MAY  3 2016...........SUNRISE   625 AM CDT   SUNSET   801 PM CDT


-  INDICATES NEGATIVE NUMBERS.
R  INDICATES RECORD WAS SET OR TIED.
MM INDICATES DATA IS MISSING.
T  INDICATES TRACE AMOUNT.




$$
