000
CDUS44 KSHV 060902
CLITYR


CLIMATE REPORT
NATIONAL WEATHER SERVICE SHREVEPORT, LA
302 AM CST FRI MAR 6 2015


...................................

...THE TYLER CLIMATE SUMMARY FOR MARCH 5 2015...

CLIMATE NORMAL PERIOD 1981 TO 2010
CLIMATE RECORD PERIOD 1896 TO 2015


WEATHER ITEM   OBSERVED TIME   RECORD YEAR NORMAL DEPARTURE LAST
                VALUE   (LST)  VALUE       VALUE  FROM      YEAR
                                                  NORMAL
..................................................................
TEMPERATURE (F)
 YESTERDAY
  MAXIMUM         43    445 PM  91    1991  65    -22       47
  MINIMUM         28    822 AM  20    1978  45    -17       29
  AVERAGE         36                        55    -19       38

PRECIPITATION (IN)
  YESTERDAY        0.19          2.42 1959   0.14   0.05     0.00
  MONTH TO DATE    1.90                      0.67   1.23     1.19
  SINCE DEC 1     10.69                     11.78  -1.09     8.21
  SINCE JAN 1      9.22                      7.54   1.68     5.19

SNOWFALL (IN)
  YESTERDAY       MM
  MONTH TO DATE    0.0
  SINCE MAR 1      0.0
  SINCE JUL 1      1.6
  SNOW DEPTH       0

DEGREE DAYS
 HEATING
  YESTERDAY       29                        11     18       27
  MONTH TO DATE  101                        56     45      124
  SINCE MAR 1    101                        56     45      124
  SINCE JUL 1   1988                      1948     40     2188

 COOLING
  YESTERDAY        0                         0      0        0
  MONTH TO DATE    0                         0      0        4
  SINCE MAR 1      0                         0      0        4
  SINCE JAN 1      0                        12    -12        7
..................................................................


WIND (MPH)
  HIGHEST WIND SPEED    23   HIGHEST WIND DIRECTION    NE (30)
  HIGHEST GUST SPEED    30   HIGHEST GUST DIRECTION     N (360)
  AVERAGE WIND SPEED    12.0


SKY COVER
  POSSIBLE SUNSHINE  MM
  AVERAGE SKY COVER 0.5


WEATHER CONDITIONS
 THE FOLLOWING WEATHER WAS RECORDED YESTERDAY.
  RAIN
  LIGHT RAIN
  FREEZING RAIN
  LT FREEZING RAIN
  LIGHT SNOW
  FOG


RELATIVE HUMIDITY (PERCENT)
 HIGHEST    92           300 AM
 LOWEST     39           300 PM
 AVERAGE    66

..........................................................


THE TYLER CLIMATE NORMALS FOR TODAY
                         NORMAL    RECORD    YEAR
 MAXIMUM TEMPERATURE (F)   65        92      1991
 MINIMUM TEMPERATURE (F)   45        20      1989


SUNRISE AND SUNSET
MARCH  6 2015.........SUNRISE   643 AM CST   SUNSET   623 PM CST
MARCH  7 2015.........SUNRISE   642 AM CST   SUNSET   624 PM CST


-  INDICATES NEGATIVE NUMBERS.
R  INDICATES RECORD WAS SET OR TIED.
MM INDICATES DATA IS MISSING.
T  INDICATES TRACE AMOUNT.




$$
