000
CDUS44 KSHV 301245
CLITYR


CLIMATE REPORT
NATIONAL WEATHER SERVICE SHREVEPORT, LA
745 AM CDT MON MAR 30 2015


...................................

...THE TYLER CLIMATE SUMMARY FOR MARCH 29 2015...

CLIMATE NORMAL PERIOD 1981 TO 2010
CLIMATE RECORD PERIOD 1896 TO 2015


WEATHER ITEM   OBSERVED TIME   RECORD YEAR NORMAL DEPARTURE LAST
                VALUE   (LST)  VALUE       VALUE  FROM      YEAR
                                                  NORMAL
..................................................................
TEMPERATURE (F)
 YESTERDAY
  MAXIMUM         84    434 PM  88    1967  70     14       74
  MINIMUM         52    621 AM  26    1955  50      2       48
  AVERAGE         68                        60      8       61

PRECIPITATION (IN)
  YESTERDAY        0.00          4.41 1922   0.11  -0.11     0.00
  MONTH TO DATE    6.65                      3.90   2.75     2.30
  SINCE DEC 1     15.44                     15.01   0.43     9.32
  SINCE JAN 1     13.97                     10.77   3.20     6.30

SNOWFALL (IN)
  YESTERDAY        0.0
  MONTH TO DATE    0.5
  SINCE MAR 1      0.5
  SINCE JUL 1      2.1
  SNOW DEPTH       0

DEGREE DAYS
 HEATING
  YESTERDAY        0                         6     -6        4
  MONTH TO DATE  265                       260      5      344
  SINCE MAR 1    265                       260      5      344
  SINCE JUL 1   2152                      2152      0     2408

 COOLING
  YESTERDAY        3                         1      2        0
  MONTH TO DATE   22                        17      5       12
  SINCE MAR 1     22                        17      5       12
  SINCE JAN 1     22                        29     -7       15
..................................................................


WIND (MPH)
  HIGHEST WIND SPEED    26   HIGHEST WIND DIRECTION     S (200)
  HIGHEST GUST SPEED    33   HIGHEST GUST DIRECTION     S (190)
  AVERAGE WIND SPEED    13.4


SKY COVER
  POSSIBLE SUNSHINE  MM
  AVERAGE SKY COVER 0.0


WEATHER CONDITIONS
 THE FOLLOWING WEATHER WAS RECORDED YESTERDAY.
  NO SIGNIFICANT WEATHER WAS OBSERVED.


RELATIVE HUMIDITY (PERCENT)
 HIGHEST    77           500 AM
 LOWEST     31           200 PM
 AVERAGE    54

..........................................................


THE TYLER CLIMATE NORMALS FOR TODAY
                         NORMAL    RECORD    YEAR
 MAXIMUM TEMPERATURE (F)   70        91      1946
 MINIMUM TEMPERATURE (F)   50        30      2003
                                             1975


SUNRISE AND SUNSET
MARCH 30 2015.........SUNRISE   713 AM CDT   SUNSET   740 PM CDT
MARCH 31 2015.........SUNRISE   711 AM CDT   SUNSET   741 PM CDT


-  INDICATES NEGATIVE NUMBERS.
R  INDICATES RECORD WAS SET OR TIED.
MM INDICATES DATA IS MISSING.
T  INDICATES TRACE AMOUNT.




$$
