641
CDUS44 KSHV 250743
CLITYR


CLIMATE REPORT
NATIONAL WEATHER SERVICE SHREVEPORT, LA
243 AM CDT WED MAY 25 2016


...................................

...THE TYLER CLIMATE SUMMARY FOR MAY 24 2016...

CLIMATE NORMAL PERIOD 1981 TO 2010
CLIMATE RECORD PERIOD 1896 TO 2016


WEATHER ITEM   OBSERVED TIME   RECORD YEAR NORMAL DEPARTURE LAST
                VALUE   (LST)  VALUE       VALUE  FROM      YEAR
                                                  NORMAL
..................................................................
TEMPERATURE (F)
 YESTERDAY
  MAXIMUM         89    419 PM  96    1941  84      5       78
  MINIMUM         71    541 AM  47    1910  66      5       69
  AVERAGE         80                        75      5       74

PRECIPITATION (IN)
  YESTERDAY        T             4.75 1905   0.14  -0.14     0.70
  MONTH TO DATE    1.61                      3.57  -1.96     7.21
  SINCE DEC 1     30.45                     21.97   8.48    31.71
  SINCE JAN 1     20.68                     17.73   2.95    30.24

SNOWFALL (IN)
  YESTERDAY        0.0
  MONTH TO DATE    0.0
  SINCE MAR 1      0.0
  SINCE JUL 1      0.0
  SNOW DEPTH       0

DEGREE DAYS
 HEATING
  YESTERDAY        0                         0      0        0
  MONTH TO DATE   12                         6      6        0
  SINCE MAR 1    158                       376   -218      307
  SINCE JUL 1   1467                      2268   -801     2194

 COOLING
  YESTERDAY       15                        10      5        9
  MONTH TO DATE  176                       180     -4      212
  SINCE MAR 1    353                       280     73      385
  SINCE JAN 1    363                       292     71      385
..................................................................


WIND (MPH)
  HIGHEST WIND SPEED    18   HIGHEST WIND DIRECTION     S (160)
  HIGHEST GUST SPEED    25   HIGHEST GUST DIRECTION     S (170)
  AVERAGE WIND SPEED    10.3


SKY COVER
  POSSIBLE SUNSHINE  MM
  AVERAGE SKY COVER 0.5


WEATHER CONDITIONS
 THE FOLLOWING WEATHER WAS RECORDED YESTERDAY.
  NO SIGNIFICANT WEATHER WAS OBSERVED.


RELATIVE HUMIDITY (PERCENT)
 HIGHEST    90           600 AM
 LOWEST     57           200 PM
 AVERAGE    74

..........................................................


THE TYLER CLIMATE NORMALS FOR TODAY
                         NORMAL    RECORD    YEAR
 MAXIMUM TEMPERATURE (F)   85        98      1896
 MINIMUM TEMPERATURE (F)   66        45      1901


SUNRISE AND SUNSET
MAY 25 2016...........SUNRISE   618 AM CDT   SUNSET   820 PM CDT
MAY 26 2016...........SUNRISE   617 AM CDT   SUNSET   820 PM CDT


-  INDICATES NEGATIVE NUMBERS.
R  INDICATES RECORD WAS SET OR TIED.
MM INDICATES DATA IS MISSING.
T  INDICATES TRACE AMOUNT.




$$
