000
CDUS44 KSHV 242132
CLITYR


CLIMATE REPORT
NATIONAL WEATHER SERVICE SHREVEPORT, LA
431 PM CDT MON JUL 24 2017


...................................

...THE TYLER CLIMATE SUMMARY FOR JULY 24 2017...
VALID TODAY AS OF 0400 PM LOCAL TIME.

CLIMATE NORMAL PERIOD 1981 TO 2010
CLIMATE RECORD PERIOD 1896 TO 2017


WEATHER ITEM   OBSERVED TIME   RECORD YEAR NORMAL DEPARTURE LAST
                VALUE   (LST)  VALUE       VALUE  FROM      YEAR
                                                  NORMAL
..................................................................
TEMPERATURE (F)
 TODAY
  MAXIMUM         87    123 PM 105    1943  94     -7      100
  MINIMUM         73    639 AM  58    1915  74     -1       78
  AVERAGE         80                        84     -4       89

PRECIPITATION (IN)
  TODAY            0.05          2.46 1927   0.05   0.00     0.68
  MONTH TO DATE    1.72                      2.24  -0.52     0.95
  SINCE DEC 1     25.34                     30.24  -4.90    35.83
  SINCE JAN 1     22.69                     26.00  -3.31    26.06

DEGREE DAYS
 HEATING
  TODAY            0                         0      0        0
  MONTH TO DATE    0                         0      0        0
  SINCE JUN 1      0                         0      0        0
  SINCE JUL 1      0                         0      0        0

 COOLING
  TODAY           15                        19     -4       24
  MONTH TO DATE  450                       425     25      548
  SINCE JUN 1    913                       858     55     1087
  SINCE JAN 1   1465                      1227    238     1535
..................................................................


WIND (MPH)
  HIGHEST WIND SPEED    18   HIGHEST WIND DIRECTION    SE (130)
  HIGHEST GUST SPEED    22   HIGHEST GUST DIRECTION    SE (130)
  AVERAGE WIND SPEED     6.5


SKY COVER
  POSSIBLE SUNSHINE  MM
  AVERAGE SKY COVER 0.4


WEATHER CONDITIONS
 THE FOLLOWING WEATHER WAS RECORDED TODAY.
  LIGHT RAIN
  FOG


RELATIVE HUMIDITY (PERCENT)
 HIGHEST    93           600 AM
 LOWEST     70          1200 PM
 AVERAGE    82

..........................................................


THE TYLER CLIMATE NORMALS FOR TOMORROW
                         NORMAL    RECORD    YEAR
 MAXIMUM TEMPERATURE (F)   94       108      1954
 MINIMUM TEMPERATURE (F)   74        61      1947


SUNRISE AND SUNSET
JULY 24 2017..........SUNRISE   631 AM CDT   SUNSET   825 PM CDT
JULY 25 2017..........SUNRISE   632 AM CDT   SUNSET   824 PM CDT


-  INDICATES NEGATIVE NUMBERS.
R  INDICATES RECORD WAS SET OR TIED.
MM INDICATES DATA IS MISSING.
T  INDICATES TRACE AMOUNT.




$$
