000
CDUS44 KSHV 220847
CLITYR


CLIMATE REPORT
NATIONAL WEATHER SERVICE SHREVEPORT, LA
247 AM CST WED FEB 22 2017


...................................

...THE TYLER CLIMATE SUMMARY FOR FEBRUARY 21 2017...

CLIMATE NORMAL PERIOD 1981 TO 2010
CLIMATE RECORD PERIOD 1896 TO 2017


WEATHER ITEM   OBSERVED TIME   RECORD YEAR NORMAL DEPARTURE LAST
                VALUE   (LST)  VALUE       VALUE  FROM      YEAR
                                                  NORMAL
..................................................................
TEMPERATURE (F)
 YESTERDAY
  MAXIMUM         73    414 PM  89    1986  62     11       73
  MINIMUM         55   1056 PM  19    1978  42     13       61
  AVERAGE         64                        52     12       67

PRECIPITATION (IN)
  YESTERDAY        0.00          3.82 1994   0.12  -0.12     1.32
  MONTH TO DATE    2.25                      2.82  -0.57     1.69
  SINCE DEC 1     10.44                     10.12   0.32    12.89
  SINCE JAN 1      7.79                      5.88   1.91     3.12

SNOWFALL (IN)
  YESTERDAY        0.0
  MONTH TO DATE    0.0
  SINCE DEC 1      T
  SINCE JUL 1      T
  SNOW DEPTH       0

DEGREE DAYS
 HEATING
  YESTERDAY        1                        13    -12        0
  MONTH TO DATE  135                       325   -190      198
  SINCE DEC 1    915                      1429   -514     1027
  SINCE JUL 1   1046                      1803   -757     1220

 COOLING
  YESTERDAY        0                         0      0        2
  MONTH TO DATE   30                         0     30        8
  SINCE DEC 1     71                        10     61       37
  SINCE JAN 1     49                         4     45       10
..................................................................


WIND (MPH)
  HIGHEST WIND SPEED    20   HIGHEST WIND DIRECTION    NW (310)
  HIGHEST GUST SPEED    25   HIGHEST GUST DIRECTION    NW (300)
  AVERAGE WIND SPEED     6.4


SKY COVER
  POSSIBLE SUNSHINE  MM
  AVERAGE SKY COVER 0.6


WEATHER CONDITIONS
 THE FOLLOWING WEATHER WAS RECORDED YESTERDAY.
  FOG


RELATIVE HUMIDITY (PERCENT)
 HIGHEST   100          1200 AM
 LOWEST     44           500 PM
 AVERAGE    72

..........................................................


THE TYLER CLIMATE NORMALS FOR TODAY
                         NORMAL    RECORD    YEAR
 MAXIMUM TEMPERATURE (F)   62        87      1996
 MINIMUM TEMPERATURE (F)   42        14      1978


SUNRISE AND SUNSET
FEBRUARY 22 2017......SUNRISE   657 AM CST   SUNSET   614 PM CST
FEBRUARY 23 2017......SUNRISE   656 AM CST   SUNSET   615 PM CST


-  INDICATES NEGATIVE NUMBERS.
R  INDICATES RECORD WAS SET OR TIED.
MM INDICATES DATA IS MISSING.
T  INDICATES TRACE AMOUNT.




$$
