000
CDUS44 KSHV 110856
CLITYR


CLIMATE REPORT
NATIONAL WEATHER SERVICE SHREVEPORT, LA
238 AM CST MON DEC 11 2017


...................................

...THE TYLER CLIMATE SUMMARY FOR DECEMBER 10 2017...

CLIMATE NORMAL PERIOD 1981 TO 2010
CLIMATE RECORD PERIOD 1896 TO 2017


WEATHER ITEM   OBSERVED TIME   RECORD YEAR NORMAL DEPARTURE LAST
                VALUE   (LST)  VALUE       VALUE  FROM      YEAR
                                                  NORMAL
..................................................................
TEMPERATURE (F)
 YESTERDAY
  MAXIMUM         65    356 PM  78    1943  58      7       50
  MINIMUM         27    621 AM  12    1898  40    -13       34
  AVERAGE         46                        49     -3       42

PRECIPITATION (IN)
  YESTERDAY        0.00          2.33 1972   0.13  -0.13     0.00
  MONTH TO DATE    0.39                      1.29  -0.90     1.74
  SINCE DEC 1      0.39                      1.29  -0.90     1.74
  SINCE JAN 1     35.27                     42.84  -7.57    35.76

SNOWFALL (IN)
  YESTERDAY        0.0
  MONTH TO DATE    0.0
  SINCE DEC 1      0.0
  SINCE JUL 1      0.0
  SNOW DEPTH       0

DEGREE DAYS
 HEATING
  YESTERDAY       19                        17      2       23
  MONTH TO DATE  133                       157    -24      184
  SINCE DEC 1    133                       157    -24      184
  SINCE JUL 1    405                       531   -126      315

 COOLING
  YESTERDAY        0                         0      0        0
  MONTH TO DATE    6                         0      6        0
  SINCE DEC 1      6                         0      6        0
  SINCE JAN 1   2773                      2411    362     3093
..................................................................


WIND (MPH)
  HIGHEST WIND SPEED    15   HIGHEST WIND DIRECTION    SW (240)
  HIGHEST GUST SPEED    17   HIGHEST GUST DIRECTION     W (280)
  AVERAGE WIND SPEED     5.9


SKY COVER
  POSSIBLE SUNSHINE  MM
  AVERAGE SKY COVER 0.0


WEATHER CONDITIONS
 THE FOLLOWING WEATHER WAS RECORDED YESTERDAY.
  NO SIGNIFICANT WEATHER WAS OBSERVED.


RELATIVE HUMIDITY (PERCENT)
 HIGHEST    92           500 AM
 LOWEST     19           200 PM
 AVERAGE    56

..........................................................


THE TYLER CLIMATE NORMALS FOR TODAY
                         NORMAL    RECORD    YEAR
 MAXIMUM TEMPERATURE (F)   58        82      1939
 MINIMUM TEMPERATURE (F)   39        15      1898


SUNRISE AND SUNSET
DECEMBER 11 2017......SUNRISE   713 AM CST   SUNSET   517 PM CST
DECEMBER 12 2017......SUNRISE   714 AM CST   SUNSET   517 PM CST


-  INDICATES NEGATIVE NUMBERS.
R  INDICATES RECORD WAS SET OR TIED.
MM INDICATES DATA IS MISSING.
T  INDICATES TRACE AMOUNT.




$$
