000
CDUS44 KSHV 270747
CLITYR


CLIMATE REPORT
NATIONAL WEATHER SERVICE SHREVEPORT, LA
246 AM CDT WED AUG 27 2014


...................................

...THE TYLER CLIMATE SUMMARY FOR AUGUST 26 2014...

CLIMATE NORMAL PERIOD 1981 TO 2010
CLIMATE RECORD PERIOD 1896 TO 2014


WEATHER ITEM   OBSERVED TIME   RECORD YEAR NORMAL DEPARTURE LAST
                VALUE   (LST)  VALUE       VALUE  FROM      YEAR
                                                  NORMAL
..................................................................
TEMPERATURE (F)
 YESTERDAY
  MAXIMUM         97    357 PM 104    2011  92      5       96
  MINIMUM         77    415 AM  55    1966  72      5       73
  AVERAGE         87                        82      5       85

PRECIPITATION (IN)
  YESTERDAY        0.00          4.82 1962   0.11  -0.11     0.00
  MONTH TO DATE    0.04                      2.33  -2.29     0.23
  SINCE DEC 1     24.35                     32.97  -8.62    22.50
  SINCE JAN 1     21.33                     28.73  -7.40    19.61

SNOWFALL (IN)
  YESTERDAY        0.0
  MONTH TO DATE    0.0
  SINCE JUN 1      0.0
  SINCE JUL 1      0.0
  SNOW DEPTH       0

DEGREE DAYS
 HEATING
  YESTERDAY        0                         0      0        0
  MONTH TO DATE    0                         0      0        0
  SINCE JUN 1      0                         0      0        0
  SINCE JUL 1      0                         0      0        0

 COOLING
  YESTERDAY       22                        17      5       20
  MONTH TO DATE  490                       482      8      544
  SINCE JUN 1   1477                      1471      6     1609
  SINCE JAN 1   1870                      1840     30     2006
..................................................................


WIND (MPH)
  HIGHEST WIND SPEED    20   HIGHEST WIND DIRECTION     E (100)
  HIGHEST GUST SPEED    24   HIGHEST GUST DIRECTION     E (90)
  AVERAGE WIND SPEED     5.7


SKY COVER
  POSSIBLE SUNSHINE  MM
  AVERAGE SKY COVER 0.1


WEATHER CONDITIONS
 THE FOLLOWING WEATHER WAS RECORDED YESTERDAY.
  NO SIGNIFICANT WEATHER WAS OBSERVED.


RELATIVE HUMIDITY (PERCENT)
 HIGHEST    82           400 AM
 LOWEST     38           400 PM
 AVERAGE    60

..........................................................


THE TYLER CLIMATE NORMALS FOR TODAY
                         NORMAL    RECORD    YEAR
 MAXIMUM TEMPERATURE (F)   92       105      2011
 MINIMUM TEMPERATURE (F)   72        58      1970


SUNRISE AND SUNSET
AUGUST 27 2014........SUNRISE   653 AM CDT   SUNSET   752 PM CDT
AUGUST 28 2014........SUNRISE   654 AM CDT   SUNSET   751 PM CDT


-  INDICATES NEGATIVE NUMBERS.
R  INDICATES RECORD WAS SET OR TIED.
MM INDICATES DATA IS MISSING.
T  INDICATES TRACE AMOUNT.




$$
