607
CDUS44 KSHV 190853
CLITYR


CLIMATE REPORT
NATIONAL WEATHER SERVICE SHREVEPORT, LA
248 AM CST MON FEB 19 2018


...................................

...THE TYLER CLIMATE SUMMARY FOR FEBRUARY 18 2018...

CLIMATE NORMAL PERIOD 1981 TO 2010
CLIMATE RECORD PERIOD 1896 TO 2018


WEATHER ITEM   OBSERVED TIME   RECORD YEAR NORMAL DEPARTURE LAST
                VALUE   (LST)  VALUE       VALUE  FROM      YEAR
                                                  NORMAL
..................................................................
TEMPERATURE (F)
 YESTERDAY
  MAXIMUM         68   1159 PM  86    1986  61      7       81
  MINIMUM         47   1255 AM   5    1910  41      6       54
  AVERAGE         58                        51      7       68

PRECIPITATION (IN)
  YESTERDAY        T             2.16 1988   0.15  -0.15     0.00
  MONTH TO DATE    2.34                      2.43  -0.09     0.90
  SINCE DEC 1      8.90                      9.73  -0.83     9.09
  SINCE JAN 1      3.61                      5.49  -1.88     6.44

SNOWFALL (IN)
  YESTERDAY       MM
  MONTH TO DATE    0.2
  SINCE DEC 1      1.5
  SINCE JUL 1      1.5
  SNOW DEPTH       0

DEGREE DAYS
 HEATING
  YESTERDAY        7                        14     -7        0
  MONTH TO DATE  295                       284     11      130
  SINCE DEC 1   1463                      1388     75      910
  SINCE JUL 1   1735                      1762    -27     1041

 COOLING
  YESTERDAY        0                         0      0        3
  MONTH TO DATE    7                         0      7       26
  SINCE DEC 1     16                        10      6       67
  SINCE JAN 1     10                         4      6       45
..................................................................


WIND (MPH)
  HIGHEST WIND SPEED    21   HIGHEST WIND DIRECTION     S (170)
  HIGHEST GUST SPEED    31   HIGHEST GUST DIRECTION     S (170)
  AVERAGE WIND SPEED     9.8


SKY COVER
  POSSIBLE SUNSHINE  MM
  AVERAGE SKY COVER 0.7


WEATHER CONDITIONS
 THE FOLLOWING WEATHER WAS RECORDED YESTERDAY.
  FOG


RELATIVE HUMIDITY (PERCENT)
 HIGHEST   100           100 AM
 LOWEST     81          1100 PM
 AVERAGE    91

..........................................................


THE TYLER CLIMATE NORMALS FOR TODAY
                         NORMAL    RECORD    YEAR
 MAXIMUM TEMPERATURE (F)   62        87      1986
 MINIMUM TEMPERATURE (F)   42        14      1978


SUNRISE AND SUNSET
FEBRUARY 19 2018......SUNRISE   700 AM CST   SUNSET   611 PM CST
FEBRUARY 20 2018......SUNRISE   659 AM CST   SUNSET   612 PM CST


-  INDICATES NEGATIVE NUMBERS.
R  INDICATES RECORD WAS SET OR TIED.
MM INDICATES DATA IS MISSING.
T  INDICATES TRACE AMOUNT.




$$
