976
CDUS44 KSHV 290830
CLITYR


CLIMATE REPORT
NATIONAL WEATHER SERVICE SHREVEPORT, LA
326 AM CDT FRI JUL 29 2016


...................................

...THE TYLER CLIMATE SUMMARY FOR JULY 28 2016...

CLIMATE NORMAL PERIOD 1981 TO 2010
CLIMATE RECORD PERIOD 1896 TO 2016


WEATHER ITEM   OBSERVED TIME   RECORD YEAR NORMAL DEPARTURE LAST
                VALUE   (LST)  VALUE       VALUE  FROM      YEAR
                                                  NORMAL
..................................................................
TEMPERATURE (F)
 YESTERDAY
  MAXIMUM         88    209 PM 105    1944  94     -6       99
  MINIMUM         75   1159 PM  62    1994  74      1       78
  AVERAGE         82                        84     -2       89

PRECIPITATION (IN)
  YESTERDAY        0.03          2.80 1928   0.05  -0.02     0.00
  MONTH TO DATE    1.24                      2.44  -1.20     0.04
  SINCE DEC 1     36.12                     30.44   5.68    39.97
  SINCE JAN 1     26.35                     26.20   0.15    38.50

SNOWFALL (IN)
  YESTERDAY        0.0
  MONTH TO DATE    0.0
  SINCE JUN 1      0.0
  SINCE JUL 1      0.0
  SNOW DEPTH       0

DEGREE DAYS
 HEATING
  YESTERDAY        0                         0      0        0
  MONTH TO DATE    0                         0      0        0
  SINCE JUN 1      0                         0      0        0
  SINCE JUL 1      0                         0      0        0

 COOLING
  YESTERDAY       17                        19     -2       24
  MONTH TO DATE  628                       501    127      603
  SINCE JUN 1   1167                       934    233     1106
  SINCE JAN 1   1615                      1303    312     1568
..................................................................


WIND (MPH)
  HIGHEST WIND SPEED    18   HIGHEST WIND DIRECTION     S (160)
  HIGHEST GUST SPEED    24   HIGHEST GUST DIRECTION    SE (140)
  AVERAGE WIND SPEED     8.6


SKY COVER
  POSSIBLE SUNSHINE  MM
  AVERAGE SKY COVER 0.3


WEATHER CONDITIONS
 THE FOLLOWING WEATHER WAS RECORDED YESTERDAY.
  THUNDERSTORM
  LIGHT RAIN


RELATIVE HUMIDITY (PERCENT)
 HIGHEST    91           400 AM
 LOWEST     59           200 PM
 AVERAGE    75

..........................................................


THE TYLER CLIMATE NORMALS FOR TODAY
                         NORMAL    RECORD    YEAR
 MAXIMUM TEMPERATURE (F)   94       107      1912
 MINIMUM TEMPERATURE (F)   74        60      1902


SUNRISE AND SUNSET
JULY 29 2016..........SUNRISE   635 AM CDT   SUNSET   821 PM CDT
JULY 30 2016..........SUNRISE   635 AM CDT   SUNSET   820 PM CDT


-  INDICATES NEGATIVE NUMBERS.
R  INDICATES RECORD WAS SET OR TIED.
MM INDICATES DATA IS MISSING.
T  INDICATES TRACE AMOUNT.




$$
