000
CDUS44 KMRX 150837
CLITYS

CLIMATE REPORT
NATIONAL WEATHER SERVICE MORRISTOWN TN
437 AM EDT MON SEP 15 2014


...................................

...THE KNOXVILLE CLIMATE SUMMARY FOR SEPTEMBER 14 2014...

CLIMATE NORMAL PERIOD 1981 TO 2010
CLIMATE RECORD PERIOD 1871 TO 2014


WEATHER ITEM   OBSERVED TIME   RECORD YEAR NORMAL DEPARTURE LAST
                VALUE   (LST)  VALUE       VALUE  FROM      YEAR
                                                  NORMAL
..................................................................
TEMPERATURE (F)
 YESTERDAY
  MAXIMUM         76    531 PM  96    1998  83     -7       76
  MINIMUM         59    637 AM  42    1902  61     -2       52
  AVERAGE         68                        72     -4       64

PRECIPITATION (IN)
  YESTERDAY        0.00          1.30 1945   0.11  -0.11     0.00
  MONTH TO DATE    0.15                      1.48  -1.33     1.62
  SINCE SEP 1      0.15                      1.48  -1.33     1.62
  SINCE JAN 1     29.41                     35.08  -5.67    53.00

SNOWFALL (IN)
  YESTERDAY        0.0                       0.0    0.0      0.0
  MONTH TO DATE    0.0                       0.0    0.0      0.0
  SINCE SEP 1      0.0                       0.0    0.0      0.0
  SINCE JUL 1      0.0                       0.0    0.0      0.0
  SNOW DEPTH       0

DEGREE DAYS
 HEATING
  YESTERDAY        0                         0      0        1
  MONTH TO DATE    0                         0      0        1
  SINCE SEP 1      0                         0      0        1
  SINCE JUL 1      0                         0      0        1

 COOLING
  YESTERDAY        3                         7     -4        0
  MONTH TO DATE  164                       128     36      140
  SINCE SEP 1    164                       128     36      140
  SINCE JAN 1   1363                      1409    -46     1327
..................................................................


WIND (MPH)
  HIGHEST WIND SPEED    12   HIGHEST WIND DIRECTION    NE (30)
  HIGHEST GUST SPEED    13   HIGHEST GUST DIRECTION    NE (30)
  AVERAGE WIND SPEED     4.8


SKY COVER
  POSSIBLE SUNSHINE  MM
  AVERAGE SKY COVER  MM


WEATHER CONDITIONS
 THE FOLLOWING WEATHER WAS RECORDED YESTERDAY.
  NO SIGNIFICANT WEATHER WAS OBSERVED.


RELATIVE HUMIDITY (PERCENT)
 HIGHEST    93          1100 PM
 LOWEST     64           100 PM
 AVERAGE    79

..........................................................


THE KNOXVILLE CLIMATE NORMALS FOR TODAY
                         NORMAL    RECORD    YEAR
 MAXIMUM TEMPERATURE (F)   82        96      1927
 MINIMUM TEMPERATURE (F)   61        41      1985


SUNRISE AND SUNSET
SEPTEMBER 15 2014.....SUNRISE   718 AM EDT   SUNSET   743 PM EDT
SEPTEMBER 16 2014.....SUNRISE   719 AM EDT   SUNSET   742 PM EDT


-  INDICATES NEGATIVE NUMBERS.
R  INDICATES RECORD WAS SET OR TIED.
MM INDICATES DATA IS MISSING.
T  INDICATES TRACE AMOUNT.




$$
