000
CDUS44 KMRX 210947
CLITYS


CLIMATE REPORT
NATIONAL WEATHER SERVICE MORRISTOWN TN
447 AM EST TUE FEB 21 2017


...................................

...THE KNOXVILLE    ASOS CLIMATE SUMMARY FOR FEBRUARY 20 2017...

CLIMATE NORMAL PERIOD 1981 TO 2010
CLIMATE RECORD PERIOD 1871 TO 2017


WEATHER ITEM   OBSERVED TIME   RECORD YEAR NORMAL DEPARTURE LAST
                VALUE   (LST)  VALUE       VALUE  FROM      YEAR
                                                  NORMAL
..................................................................
TEMPERATURE (F)
 YESTERDAY
  MAXIMUM         70    401 PM  75    1986  54     16       59
  MINIMUM         39    717 AM   3    2015  34      5       54
  AVERAGE         55                        44     11       57

PRECIPITATION (IN)
  YESTERDAY        0.00          1.45 1947   0.15  -0.15     0.00
  MONTH TO DATE    1.73                      3.04  -1.31     5.01
  SINCE DEC 1     12.06                     11.86   0.20    15.61
  SINCE JAN 1      5.10                      7.36  -2.26     7.77

SNOWFALL (IN)
  YESTERDAY        0.0                       0.1   -0.1      0.0
  MONTH TO DATE    T                         1.3   -1.3      2.5
  SINCE DEC 1      2.3                       4.8   -2.5      5.1
  SINCE JUL 1      2.3                       4.8   -2.5      5.1
  SNOW DEPTH       0

DEGREE DAYS
 HEATING
  YESTERDAY       10                        21    -11        8
  MONTH TO DATE  342                       473   -131      506
  SINCE DEC 1   1567                      2054   -487     1782
  SINCE JUL 1   1971                      2735   -764     2292

 COOLING
  YESTERDAY        0                         0      0        0
  MONTH TO DATE    0                         0      0        0
  SINCE DEC 1      0                         0      0        5
  SINCE JAN 1      0                         0      0        0
..................................................................


WIND (MPH)
  HIGHEST WIND SPEED     7   HIGHEST WIND DIRECTION     W (260)
  HIGHEST GUST SPEED    11   HIGHEST GUST DIRECTION     W (260)
  AVERAGE WIND SPEED     1.7


SKY COVER
  POSSIBLE SUNSHINE  MM
  AVERAGE SKY COVER 0.7


WEATHER CONDITIONS
 THE FOLLOWING WEATHER WAS RECORDED YESTERDAY.
  FOG
  HAZE


RELATIVE HUMIDITY (PERCENT)
 HIGHEST    92           200 AM
 LOWEST     36           400 PM
 AVERAGE    64

..........................................................


THE KNOXVILLE    ASOS CLIMATE NORMALS FOR TODAY
                         NORMAL    RECORD    YEAR
 MAXIMUM TEMPERATURE (F)   54        75      1922
 MINIMUM TEMPERATURE (F)   34         5      1896


SUNRISE AND SUNSET
FEBRUARY 21 2017......SUNRISE   716 AM EST   SUNSET   624 PM EST
FEBRUARY 22 2017......SUNRISE   714 AM EST   SUNSET   625 PM EST


-  INDICATES NEGATIVE NUMBERS.
R  INDICATES RECORD WAS SET OR TIED.
MM INDICATES DATA IS MISSING.
T  INDICATES TRACE AMOUNT.




$$
