000
CDUS44 KMRX 072159
CLITYS

CLIMATE REPORT
NATIONAL WEATHER SERVICE MORRISTOWN TN
549 PM EDT TUE JUL 7 2015


...................................

...THE KNOXVILLE CLIMATE SUMMARY FOR JULY 7 2015...
VALID TODAY AS OF 0500 PM LOCAL TIME.

CLIMATE NORMAL PERIOD 1981 TO 2010
CLIMATE RECORD PERIOD 1871 TO 2015


WEATHER ITEM   OBSERVED TIME   RECORD YEAR NORMAL DEPARTURE LAST
                VALUE   (LST)  VALUE       VALUE  FROM      YEAR
                                                  NORMAL
..................................................................
TEMPERATURE (F)
 TODAY
  MAXIMUM         88    342 PM  98    2010  88      0       90
                                      1993
  MINIMUM         70    457 AM  55    1972  69      1       64
  AVERAGE         79                        78      1       77

PRECIPITATION (IN)
  TODAY            0.00          2.36 1999   0.16  -0.16     0.00
  MONTH TO DATE    2.07                      1.18   0.89     0.00
  SINCE JUN 1      7.36                      4.99   2.37     4.55
  SINCE JAN 1     24.84                     26.43  -1.59    20.58

SNOWFALL (IN)
  TODAY            0.0                       0.0    0.0      0.0
  MONTH TO DATE    0.0                       0.0    0.0      0.0
  SINCE JUN 1      0.0                       0.0    0.0      0.0
  SINCE JUL 1      0.0                       0.0    0.0      0.0
  SNOW DEPTH       0

DEGREE DAYS
 HEATING
  TODAY            0                         0      0        0
  MONTH TO DATE    0                         0      0        0
  SINCE JUN 1      0                         4     -4        0
  SINCE JUL 1      0                         0      0        0

 COOLING
  TODAY           14                        13      1       12
  MONTH TO DATE   65                        91    -26       78
  SINCE JUN 1    464                       396     68      408
  SINCE JAN 1    698                       558    140      613
..................................................................


WIND (MPH)
  HIGHEST WIND SPEED    20   HIGHEST WIND DIRECTION    SW (220)
  HIGHEST GUST SPEED    24   HIGHEST GUST DIRECTION    SW (220)
  AVERAGE WIND SPEED     8.8


SKY COVER
  POSSIBLE SUNSHINE  MM
  AVERAGE SKY COVER 0.5


WEATHER CONDITIONS
 THE FOLLOWING WEATHER WAS RECORDED TODAY.
  NO SIGNIFICANT WEATHER WAS OBSERVED.


RELATIVE HUMIDITY (PERCENT)
 HIGHEST    90           400 AM
 LOWEST     51           400 PM
 AVERAGE    71

..........................................................


THE KNOXVILLE CLIMATE NORMALS FOR TOMORROW
                         NORMAL    RECORD    YEAR
 MAXIMUM TEMPERATURE (F)   88       101      1988
 MINIMUM TEMPERATURE (F)   69        55      1972


SUNRISE AND SUNSET
JULY  7 2015..........SUNRISE   626 AM EDT   SUNSET   855 PM EDT
JULY  8 2015..........SUNRISE   627 AM EDT   SUNSET   855 PM EDT


-  INDICATES NEGATIVE NUMBERS.
R  INDICATES RECORD WAS SET OR TIED.
MM INDICATES DATA IS MISSING.
T  INDICATES TRACE AMOUNT.




$$
