000
CDUS44 KMRX 280912
CLITYS

CLIMATE REPORT
NATIONAL WEATHER SERVICE MORRISTOWN TN
409 AM EST WED JAN 28 2015


...................................

...THE KNOXVILLE    ASOS CLIMATE SUMMARY FOR JANUARY 27 2015...

CLIMATE NORMAL PERIOD 1981 TO 2010
CLIMATE RECORD PERIOD 1871 TO 2015


WEATHER ITEM   OBSERVED TIME   RECORD YEAR NORMAL DEPARTURE LAST
                VALUE   (LST)  VALUE       VALUE  FROM      YEAR
                                                  NORMAL
..................................................................
TEMPERATURE (F)
 YESTERDAY
  MAXIMUM         36    312 PM  71    1949  48    -12       51
  MINIMUM         30    228 AM   2    1936  29      1       21
  AVERAGE         33                        39     -6       36

PRECIPITATION (IN)
  YESTERDAY        0.03          2.26 1957   0.14  -0.11      T
  MONTH TO DATE    3.37                      3.75  -0.38     2.97
  SINCE DEC 1      7.61                      8.25  -0.64    11.20
  SINCE JAN 1      3.37                      3.75  -0.38     2.97

SNOWFALL (IN)
  YESTERDAY        0.3                       0.0    0.3      0.0
  MONTH TO DATE    1.1                       2.3   -1.2      0.7
  SINCE DEC 1      1.1                       3.1   -2.0      0.7
  SINCE JUL 1      1.1                       3.1   -2.0      1.5
  SNOW DEPTH       0

DEGREE DAYS
 HEATING
  YESTERDAY       32                        26      6       29
  MONTH TO DATE  745                       726     19      853
  SINCE DEC 1   1409                      1478    -69     1522
  SINCE JUL 1   2235                      2159     76     2212

 COOLING
  YESTERDAY        0                         0      0        0
  MONTH TO DATE    0                         0      0        0
  SINCE DEC 1      0                         0      0        4
  SINCE JAN 1      0                         0      0        0
..................................................................


WIND (MPH)
  HIGHEST WIND SPEED    16   HIGHEST WIND DIRECTION     N (10)
  HIGHEST GUST SPEED    19   HIGHEST GUST DIRECTION     N (10)
  AVERAGE WIND SPEED     4.6


SKY COVER
  POSSIBLE SUNSHINE  MM
  AVERAGE SKY COVER 1.0


WEATHER CONDITIONS
 THE FOLLOWING WEATHER WAS RECORDED YESTERDAY.
  MIXED PRECIP
  LT FREEZING RAIN
  SNOW
  LIGHT SNOW
  FOG


RELATIVE HUMIDITY (PERCENT)
 HIGHEST   100           600 AM
 LOWEST     69          1000 PM
 AVERAGE    85

..........................................................


THE KNOXVILLE    ASOS CLIMATE NORMALS FOR TODAY
                         NORMAL    RECORD    YEAR
 MAXIMUM TEMPERATURE (F)   48        74      1876
 MINIMUM TEMPERATURE (F)   30        -3      1940


SUNRISE AND SUNSET
JANUARY 28 2015.......SUNRISE   739 AM EST   SUNSET   559 PM EST
JANUARY 29 2015.......SUNRISE   739 AM EST   SUNSET   600 PM EST


-  INDICATES NEGATIVE NUMBERS.
R  INDICATES RECORD WAS SET OR TIED.
MM INDICATES DATA IS MISSING.
T  INDICATES TRACE AMOUNT.




$$
