000
CDUS44 KMRX 040826
CLITYS


CLIMATE REPORT
NATIONAL WEATHER SERVICE MORRISTOWN TN
426 AM EDT WED MAY 4 2016


...................................

...THE KNOXVILLE    ASOS CLIMATE SUMMARY FOR MAY 3 2016...

CLIMATE NORMAL PERIOD 1981 TO 2010
CLIMATE RECORD PERIOD 1871 TO 2016


WEATHER ITEM   OBSERVED TIME   RECORD YEAR NORMAL DEPARTURE LAST
                VALUE   (LST)  VALUE       VALUE  FROM      YEAR
                                                  NORMAL
..................................................................
TEMPERATURE (F)
 YESTERDAY
  MAXIMUM         72    223 PM  90    1894  75     -3       78
  MINIMUM         59   1159 PM  37    1988  52      7       45
  AVERAGE         66                        64      2       62

PRECIPITATION (IN)
  YESTERDAY        0.13          1.77 2010   0.15  -0.02     0.00
  MONTH TO DATE    0.59                      0.45   0.14     0.00
  SINCE MAR 1      5.91                      8.80  -2.89     8.58
  SINCE JAN 1     15.79                     17.38  -1.59    15.72

SNOWFALL (IN)
  YESTERDAY        0.0                       0.0    0.0      0.0
  MONTH TO DATE    0.0                       0.0    0.0      0.0
  SINCE MAR 1      0.0                       1.4   -1.4       T
  SINCE JUL 1      5.2                       6.5   -1.3      9.3
  SNOW DEPTH       0

DEGREE DAYS
 HEATING
  YESTERDAY        0                         3     -3        3
  MONTH TO DATE    0                        11    -11       22
  SINCE MAR 1    470                       690   -220      572
  SINCE JUL 1   2903                      3586   -683     3837

 COOLING
  YESTERDAY        1                         2     -1        0
  MONTH TO DATE   13                         6      7        0
  SINCE MAR 1     86                        43     43       25
  SINCE JAN 1     86                        43     43       25
..................................................................


WIND (MPH)
  HIGHEST WIND SPEED    16   HIGHEST WIND DIRECTION     W (270)
  HIGHEST GUST SPEED    22   HIGHEST GUST DIRECTION     W (280)
  AVERAGE WIND SPEED     5.8


SKY COVER
  POSSIBLE SUNSHINE  MM
  AVERAGE SKY COVER 0.8


WEATHER CONDITIONS
 THE FOLLOWING WEATHER WAS RECORDED YESTERDAY.
  LIGHT RAIN
  FOG


RELATIVE HUMIDITY (PERCENT)
 HIGHEST    97           700 AM
 LOWEST     49           300 PM
 AVERAGE    73

..........................................................


THE KNOXVILLE    ASOS CLIMATE NORMALS FOR TODAY
                         NORMAL    RECORD    YEAR
 MAXIMUM TEMPERATURE (F)   75        91      1902
 MINIMUM TEMPERATURE (F)   53        32      1986


SUNRISE AND SUNSET
MAY  4 2016...........SUNRISE   640 AM EDT   SUNSET   826 PM EDT
MAY  5 2016...........SUNRISE   639 AM EDT   SUNSET   827 PM EDT


-  INDICATES NEGATIVE NUMBERS.
R  INDICATES RECORD WAS SET OR TIED.
MM INDICATES DATA IS MISSING.
T  INDICATES TRACE AMOUNT.




$$
