000
CDUS44 KMRX 210907
CLITYS


CLIMATE REPORT
NATIONAL WEATHER SERVICE MORRISTOWN TN
407 AM EST WED FEB 21 2018


...................................

...THE KNOXVILLE    ASOS CLIMATE SUMMARY FOR FEBRUARY 20 2018...

CLIMATE NORMAL PERIOD 1981 TO 2010
CLIMATE RECORD PERIOD 1871 TO 2018


WEATHER ITEM   OBSERVED TIME   RECORD YEAR NORMAL DEPARTURE LAST
                VALUE   (LST)  VALUE       VALUE  FROM      YEAR
                                                  NORMAL
..................................................................
TEMPERATURE (F)
 YESTERDAY
  MAXIMUM         79R   223 PM  75    1986  54     25       70
  MINIMUM         53    731 AM   3    2015  34     19       39
  AVERAGE         66                        44     22       55

PRECIPITATION (IN)
  YESTERDAY        0.00          1.45 1947   0.15  -0.15     0.00
  MONTH TO DATE    6.39                      3.04   3.35     1.73
  SINCE DEC 1     11.31                     11.86  -0.55    12.06
  SINCE JAN 1      7.93                      7.36   0.57     5.10

SNOWFALL (IN)
  YESTERDAY        0.0                       0.1   -0.1      0.0
  MONTH TO DATE    T                         1.3   -1.3       T
  SINCE DEC 1      2.6                       4.8   -2.2      2.3
  SINCE JUL 1      2.6                       4.8   -2.2      2.3
  SNOW DEPTH       0

DEGREE DAYS
 HEATING
  YESTERDAY        0                        21    -21       10
  MONTH TO DATE  364                       473   -109      342
  SINCE DEC 1   2068                      2054     14     1567
  SINCE JUL 1   2686                      2735    -49     1971

 COOLING
  YESTERDAY        1                         0      1        0
  MONTH TO DATE    1                         0      1        0
  SINCE DEC 1      1                         0      1        0
  SINCE JAN 1      1                         0      1        0
..................................................................


WIND (MPH)
  HIGHEST WIND SPEED    30   HIGHEST WIND DIRECTION    SW (220)
  HIGHEST GUST SPEED    38   HIGHEST GUST DIRECTION    SW (210)
  AVERAGE WIND SPEED     9.8


SKY COVER
  POSSIBLE SUNSHINE  MM
  AVERAGE SKY COVER 0.6


WEATHER CONDITIONS
 THE FOLLOWING WEATHER WAS RECORDED YESTERDAY.
  FOG


RELATIVE HUMIDITY (PERCENT)
 HIGHEST   100           700 AM
 LOWEST     45           100 PM
 AVERAGE    73

..........................................................


THE KNOXVILLE    ASOS CLIMATE NORMALS FOR TODAY
                         NORMAL    RECORD    YEAR
 MAXIMUM TEMPERATURE (F)   54        75      1922
 MINIMUM TEMPERATURE (F)   34         5      1896


SUNRISE AND SUNSET
FEBRUARY 21 2018......SUNRISE   716 AM EST   SUNSET   624 PM EST
FEBRUARY 22 2018......SUNRISE   715 AM EST   SUNSET   624 PM EST


-  INDICATES NEGATIVE NUMBERS.
R  INDICATES RECORD WAS SET OR TIED.
MM INDICATES DATA IS MISSING.
T  INDICATES TRACE AMOUNT.




$$
