000
CDUS44 KMRX 010830
CLITYS


CLIMATE REPORT
NATIONAL WEATHER SERVICE MORRISTOWN TN
430 AM EDT TUE SEP 1 2015


...................................

...THE KNOXVILLE    ASOS CLIMATE SUMMARY FOR AUGUST 31 2015...

CLIMATE NORMAL PERIOD 1981 TO 2010
CLIMATE RECORD PERIOD 1871 TO 2015


WEATHER ITEM   OBSERVED TIME   RECORD YEAR NORMAL DEPARTURE LAST
                VALUE   (LST)  VALUE       VALUE  FROM      YEAR
                                                  NORMAL
..................................................................
TEMPERATURE (F)
 YESTERDAY
  MAXIMUM         86    559 PM  99    1932  87     -1       83
  MINIMUM         65    751 AM  49    1946  66     -1       68
  AVERAGE         76                        76      0       76

PRECIPITATION (IN)
  YESTERDAY        0.00          1.38 1897   0.09  -0.09     0.03
  MONTH TO DATE    3.66                      3.27   0.39     4.01
  SINCE JUN 1     15.44                     12.16   3.28    13.23
  SINCE JAN 1     32.92                     33.60  -0.68    29.26

SNOWFALL (IN)
  YESTERDAY        0.0                       0.0    0.0      0.0
  MONTH TO DATE    0.0                       0.0    0.0      0.0
  SINCE JUN 1      0.0                       0.0    0.0      0.0
  SINCE JUL 1      0.0                       0.0    0.0      0.0
  SNOW DEPTH       0

DEGREE DAYS
 HEATING
  YESTERDAY        0                         0      0        0
  MONTH TO DATE    0                         0      0        0
  SINCE JUN 1      0                         4     -4        0
  SINCE JUL 1      0                         0      0        0

 COOLING
  YESTERDAY       11                        11      0       11
  MONTH TO DATE  365                       397    -32      347
  SINCE JUN 1   1188                      1119     69      994
  SINCE JAN 1   1422                      1281    141     1199
..................................................................


WIND (MPH)
  HIGHEST WIND SPEED     6   HIGHEST WIND DIRECTION     E (70)
  HIGHEST GUST SPEED     6   HIGHEST GUST DIRECTION     E (70)
  AVERAGE WIND SPEED     2.0


SKY COVER
  POSSIBLE SUNSHINE  MM
  AVERAGE SKY COVER 0.3


WEATHER CONDITIONS
 THE FOLLOWING WEATHER WAS RECORDED YESTERDAY.
  FOG


RELATIVE HUMIDITY (PERCENT)
 HIGHEST   100           300 AM
 LOWEST     42           400 PM
 AVERAGE    71

..........................................................


THE KNOXVILLE    ASOS CLIMATE NORMALS FOR TODAY
                         NORMAL    RECORD    YEAR
 MAXIMUM TEMPERATURE (F)   86       100      1951
 MINIMUM TEMPERATURE (F)   66        50      1946


SUNRISE AND SUNSET
SEPTEMBER  1 2015.....SUNRISE   708 AM EDT   SUNSET   804 PM EDT
SEPTEMBER  2 2015.....SUNRISE   708 AM EDT   SUNSET   802 PM EDT


-  INDICATES NEGATIVE NUMBERS.
R  INDICATES RECORD WAS SET OR TIED.
MM INDICATES DATA IS MISSING.
T  INDICATES TRACE AMOUNT.




$$
