000
CDUS44 KMRX 292127
CLITYS


CLIMATE REPORT
NATIONAL WEATHER SERVICE MORRISTOWN TN
527 PM EDT MON MAY 29 2017


...................................

...THE KNOXVILLE    ASOS CLIMATE SUMMARY FOR MAY 29 2017...
VALID TODAY AS OF 0500 PM LOCAL TIME.

CLIMATE NORMAL PERIOD 1981 TO 2010
CLIMATE RECORD PERIOD 1871 TO 2017


WEATHER ITEM   OBSERVED TIME   RECORD YEAR NORMAL DEPARTURE LAST
                VALUE   (LST)  VALUE       VALUE  FROM      YEAR
                                                  NORMAL
..................................................................
TEMPERATURE (F)
 TODAY
  MAXIMUM         77    359 PM  95    1941  81     -4       85
                                      1914
  MINIMUM         67    623 AM  45    1902  60      7       67
  AVERAGE         72                        71      1       76

PRECIPITATION (IN)
  TODAY            0.01          1.16 1916   0.14  -0.13     0.06
  MONTH TO DATE    4.27                      4.23   0.04     4.04
  SINCE MAR 1     17.61                     12.58   5.03     9.36
  SINCE JAN 1     23.55                     21.16   2.39    19.24

SNOWFALL (IN)
  TODAY            0.0                       0.0    0.0      0.0
  MONTH TO DATE    0.0                       0.0    0.0      0.0
  SINCE MAR 1      T                         1.4   -1.4      0.0
  SINCE JUL 1      2.3                       6.5   -4.2      5.2
  SNOW DEPTH       0

DEGREE DAYS
 HEATING
  TODAY            0                         1     -1        0
  MONTH TO DATE   52                        58     -6       52
  SINCE MAR 1    532                       737   -205      522
  SINCE JUL 1   2591                      3633  -1042     2955

 COOLING
  TODAY            7                         6      1       11
  MONTH TO DATE  138                       111     27      116
  SINCE MAR 1    234                       148     86      189
  SINCE JAN 1    234                       148     86      189
..................................................................


WIND (MPH)
  HIGHEST WIND SPEED    13   HIGHEST WIND DIRECTION     W (250)
  HIGHEST GUST SPEED    16   HIGHEST GUST DIRECTION     W (270)
  AVERAGE WIND SPEED     5.0


SKY COVER
  POSSIBLE SUNSHINE  MM
  AVERAGE SKY COVER 0.9


WEATHER CONDITIONS
 THE FOLLOWING WEATHER WAS RECORDED TODAY.
  LIGHT RAIN


RELATIVE HUMIDITY (PERCENT)
 HIGHEST    87           300 AM
 LOWEST     68           900 AM
 AVERAGE    78

..........................................................


THE KNOXVILLE    ASOS CLIMATE NORMALS FOR TOMORROW
                         NORMAL    RECORD    YEAR
 MAXIMUM TEMPERATURE (F)   82        94      1941
 MINIMUM TEMPERATURE (F)   60        39      1984


SUNRISE AND SUNSET
MAY 29 2017...........SUNRISE   622 AM EDT   SUNSET   845 PM EDT
MAY 30 2017...........SUNRISE   622 AM EDT   SUNSET   846 PM EDT


-  INDICATES NEGATIVE NUMBERS.
R  INDICATES RECORD WAS SET OR TIED.
MM INDICATES DATA IS MISSING.
T  INDICATES TRACE AMOUNT.




$$
