000
CDUS44 KMRX 260830 RRA
CLITYS

CLIMATE REPORT
NATIONAL WEATHER SERVICE MORRISTOWN TN
423 AM EDT SUN OCT 26 2014


...THE KNOXVILLE CLIMATE SUMMARY FOR OCTOBER 25 2014...

CLIMATE NORMAL PERIOD 1981 TO 2010
CLIMATE RECORD PERIOD 1871 TO 2014


WEATHER ITEM   OBSERVED TIME   RECORD YEAR NORMAL DEPARTURE LAST
                VALUE   (LST)  VALUE       VALUE  FROM      YEAR
                                                  NORMAL
..................................................................
TEMPERATURE (F)
 YESTERDAY
  MAXIMUM         70    410 PM  82    1991  68      2       53
                                      1984
  MINIMUM         39    532 AM  30    2006  45     -6       31
                                      1999
                                      1909
  AVERAGE         55                        57     -2       42

PRECIPITATION (IN)
  YESTERDAY        0.00          1.67 1977   0.09  -0.09     0.00
  MONTH TO DATE    4.98                      1.97   3.01     0.91
  SINCE SEP 1      5.17                      5.21  -0.04     5.33
  SINCE JAN 1     34.43                     38.81  -4.38    56.71

SNOWFALL (IN)
  YESTERDAY        0.0                       0.0    0.0      0.0
  MONTH TO DATE    0.0                       0.0    0.0      0.0
  SINCE SEP 1      0.0                       0.0    0.0      0.0
  SINCE JUL 1      0.0                       0.0    0.0      0.0
  SNOW DEPTH       0

DEGREE DAYS
 HEATING
  YESTERDAY       10                         9      1       23
  MONTH TO DATE  130                       137     -7      122
  SINCE SEP 1    131                       160    -29      123
  SINCE JUL 1    131                       160    -29      123

 COOLING
  YESTERDAY        0                         1     -1        0
  MONTH TO DATE   36                        36      0       51
  SINCE SEP 1    287                       242     45      249
  SINCE JAN 1   1486                      1523    -37     1436
..................................................................


WIND (MPH)
  HIGHEST WIND SPEED     8   HIGHEST WIND DIRECTION     W (250)
  HIGHEST GUST SPEED    10   HIGHEST GUST DIRECTION    SW (240)
  AVERAGE WIND SPEED     2.3


SKY COVER
  POSSIBLE SUNSHINE  MM
  AVERAGE SKY COVER  MM


WEATHER CONDITIONS
 THE FOLLOWING WEATHER WAS RECORDED YESTERDAY.
  FOG


RELATIVE HUMIDITY (PERCENT)
 HIGHEST    96           400 AM
 LOWEST     44          1200 PM
 AVERAGE    70

..........................................................


THE KNOXVILLE CLIMATE NORMALS FOR TODAY
                         NORMAL    RECORD    YEAR
 MAXIMUM TEMPERATURE (F)   68        85      2010
 MINIMUM TEMPERATURE (F)   45        27      1962


SUNRISE AND SUNSET
OCTOBER 26 2014.......SUNRISE   752 AM EDT   SUNSET   647 PM EDT
OCTOBER 27 2014.......SUNRISE   753 AM EDT   SUNSET   646 PM EDT


-  INDICATES NEGATIVE NUMBERS.
R  INDICATES RECORD WAS SET OR TIED.
MM INDICATES DATA IS MISSING.
T  INDICATES TRACE AMOUNT.




$$
