000
CDUS43 KLOT 260639
CLIUGN


CLIMATE REPORT
NATIONAL WEATHER SERVICE CHICAGO IL
138 AM CDT THU MAR 26 2015


...................................

...THE WAUKEGAN   CLIMATE SUMMARY FOR MARCH 25 2015...

CLIMATE NORMAL PERIOD 1981 TO 2010
CLIMATE RECORD PERIOD 2000 TO 2015


WEATHER ITEM   OBSERVED TIME   RECORD YEAR NORMAL DEPARTURE LAST
                VALUE   (LST)  VALUE       VALUE  FROM      YEAR
                                                  NORMAL
..................................................................
TEMPERATURE (F)
 YESTERDAY
  MAXIMUM         41    528 PM  78    2007  47     -6       29
  MINIMUM         33    142 AM  14    2014  29      4       14
  AVERAGE         37

PRECIPITATION (IN)
  YESTERDAY        0.33R         0.08 2003   0.09   0.24      T
  MONTH TO DATE    0.60                      1.76  -1.16     0.29
  SINCE MAR 1      0.60                      1.76  -1.16     0.29
  SINCE JAN 1      1.14                      4.81  -3.67     2.31

DEGREE DAYS
 HEATING
  YESTERDAY       28                        27      1       43
  MONTH TO DATE  820                       770     50      972
  SINCE MAR 1    820                       770     50      972
  SINCE JUL 1   6345                      5716    629     6841

 COOLING
  YESTERDAY        0                         0      0        0
  MONTH TO DATE    0                         0      0        0
  SINCE MAR 1      0                         0      0        0
  SINCE JAN 1      0                         0      0        0
..................................................................


WIND (MPH)
  RESULTANT WIND SPEED   5   RESULTANT WIND DIRECTION  SW (230)
  HIGHEST WIND SPEED    18   HIGHEST WIND DIRECTION    SW (230)
  HIGHEST GUST SPEED    31   HIGHEST GUST DIRECTION    SW (230)
  AVERAGE WIND SPEED     8.5


SKY COVER
  POSSIBLE SUNSHINE  MM
  AVERAGE SKY COVER 0.7


WEATHER CONDITIONS
 THE FOLLOWING WEATHER WAS RECORDED YESTERDAY.
  RAIN
  LIGHT RAIN
  FOG
  HAZE


RELATIVE HUMIDITY (PERCENT)
 HIGHEST   100
 LOWEST     70
 AVERAGE    85

..........................................................


THE WAUKEGAN   CLIMATE NORMALS FOR TODAY
                         NORMAL    RECORD    YEAR
 MAXIMUM TEMPERATURE (F)   47        78      2007
 MINIMUM TEMPERATURE (F)   29         9      2014


SUNRISE AND SUNSET
MARCH 26 2015.........SUNRISE   645 AM CDT   SUNSET   710 PM CDT
MARCH 27 2015.........SUNRISE   643 AM CDT   SUNSET   711 PM CDT


-  INDICATES NEGATIVE NUMBERS.
R  INDICATES RECORD WAS SET OR TIED.
MM INDICATES DATA IS MISSING.
T  INDICATES TRACE AMOUNT.




$$
