939
CDUS43 KLOT 260632
CLIUGN


CLIMATE REPORT
NATIONAL WEATHER SERVICE CHICAGO IL
131 AM CDT MON JUN 26 2017


...................................

...THE WAUKEGAN   CLIMATE SUMMARY FOR JUNE 25 2017...

CLIMATE NORMAL PERIOD 1981 TO 2010
CLIMATE RECORD PERIOD 2000 TO 2017


WEATHER ITEM   OBSERVED TIME   RECORD YEAR NORMAL DEPARTURE LAST
                VALUE   (LST)  VALUE       VALUE  FROM      YEAR
                                                  NORMAL
..................................................................
TEMPERATURE (F)
 YESTERDAY
  MAXIMUM         71    240 PM  92    2003  79     -8       83
  MINIMUM         53    436 AM  47    2004  60     -7       60
  AVERAGE         62

PRECIPITATION (IN)
  YESTERDAY        0.08          0.71 2013   0.12  -0.04     0.00
  MONTH TO DATE    2.75                      3.41  -0.66     1.34
  SINCE JUN 1      2.75                      3.41  -0.66     1.34
  SINCE JAN 1     16.86                     16.27   0.59    13.28

DEGREE DAYS
 HEATING
  YESTERDAY        3                         1      2        0
  MONTH TO DATE   30                        81    -51       33
  SINCE JUN 1     30                        81    -51       33
  SINCE JUL 1   5831                      6832  -1001     6090

 COOLING
  YESTERDAY        0                         5     -5        7
  MONTH TO DATE  127                        76     51      102
  SINCE JUN 1    127                        76     51      102
  SINCE JAN 1    148                       101     47      146
..................................................................


WIND (MPH)
  RESULTANT WIND SPEED   0   RESULTANT WIND DIRECTION   S (200)
  HIGHEST WIND SPEED    14   HIGHEST WIND DIRECTION     W (290)
  HIGHEST GUST SPEED    26   HIGHEST GUST DIRECTION     W (290)
  AVERAGE WIND SPEED     6.2


SKY COVER
  POSSIBLE SUNSHINE  MM
  AVERAGE SKY COVER 0.3


WEATHER CONDITIONS
 THE FOLLOWING WEATHER WAS RECORDED YESTERDAY.
  LIGHT RAIN
  FOG


RELATIVE HUMIDITY (PERCENT)
 HIGHEST    93
 LOWEST     47
 AVERAGE    70

..........................................................


THE WAUKEGAN   CLIMATE NORMALS FOR TODAY
                         NORMAL    RECORD    YEAR
 MAXIMUM TEMPERATURE (F)   79        89      2016
 MINIMUM TEMPERATURE (F)   60        48      2012


SUNRISE AND SUNSET
JUNE 26 2017..........SUNRISE   516 AM CDT   SUNSET   833 PM CDT
JUNE 27 2017..........SUNRISE   516 AM CDT   SUNSET   833 PM CDT


-  INDICATES NEGATIVE NUMBERS.
R  INDICATES RECORD WAS SET OR TIED.
MM INDICATES DATA IS MISSING.
T  INDICATES TRACE AMOUNT.




$$
