000
CDUS43 KLOT 300636
CLIUGN


CLIMATE REPORT
NATIONAL WEATHER SERVICE CHICAGO IL
135 AM CDT WED JUL 30 2014


...................................

...THE WAUKEGAN   CLIMATE SUMMARY FOR JULY 29 2014...

CLIMATE NORMAL PERIOD 1981 TO 2010
CLIMATE RECORD PERIOD 2000 TO 2014


WEATHER ITEM   OBSERVED TIME   RECORD YEAR NORMAL DEPARTURE LAST
                VALUE   (LST)  VALUE       VALUE  FROM      YEAR
                                                  NORMAL
..................................................................
TEMPERATURE (F)
 YESTERDAY
  MAXIMUM         78    130 PM  92    2006  80     -2       69
  MINIMUM         53    133 AM  50    2003  62     -9       54
  AVERAGE         66

PRECIPITATION (IN)
  YESTERDAY        0.05R         0.02 2002   0.13  -0.08     0.00
  MONTH TO DATE    1.15                      3.62  -2.47     2.04
  SINCE JUN 1      8.40                      7.50   0.90     6.29
  SINCE JAN 1     19.24                     20.36  -1.12    20.15

DEGREE DAYS
 HEATING
  YESTERDAY        0                         0      0        3
  MONTH TO DATE   33                         3     30       25
  SINCE JUN 1    106                        89     17      122
  SINCE JUL 1     33                         3     30       25

 COOLING
  YESTERDAY        1                         6     -5        0
  MONTH TO DATE   95                       196   -101      183
  SINCE JUN 1    178                       301   -123      273
  SINCE JAN 1    201                       326   -125      320
..................................................................


WIND (MPH)
  RESULTANT WIND SPEED   1   RESULTANT WIND DIRECTION   E (90)
  HIGHEST WIND SPEED    26   HIGHEST WIND DIRECTION     N (350)
  HIGHEST GUST SPEED    46   HIGHEST GUST DIRECTION     N (350)
  AVERAGE WIND SPEED     5.0


SKY COVER
  POSSIBLE SUNSHINE  MM
  AVERAGE SKY COVER 0.2


WEATHER CONDITIONS
 THE FOLLOWING WEATHER WAS RECORDED YESTERDAY.
  THUNDERSTORM
  RAIN
  LIGHT RAIN
  FOG


RELATIVE HUMIDITY (PERCENT)
 HIGHEST    93
 LOWEST     42
 AVERAGE    68

..........................................................


THE WAUKEGAN   CLIMATE NORMALS FOR TODAY
                         NORMAL    RECORD    YEAR
 MAXIMUM TEMPERATURE (F)   80        93      2002
 MINIMUM TEMPERATURE (F)   62        35      2011


SUNRISE AND SUNSET
JULY 30 2014..........SUNRISE   542 AM CDT   SUNSET   813 PM CDT
JULY 31 2014..........SUNRISE   543 AM CDT   SUNSET   812 PM CDT


-  INDICATES NEGATIVE NUMBERS.
R  INDICATES RECORD WAS SET OR TIED.
MM INDICATES DATA IS MISSING.
T  INDICATES TRACE AMOUNT.




$$
