000
CDUS43 KLOT 290635
CLIUGN


CLIMATE REPORT
NATIONAL WEATHER SERVICE CHICAGO IL
134 AM CDT SUN MAY 29 2016


...................................

...THE WAUKEGAN   CLIMATE SUMMARY FOR MAY 28 2016...

CLIMATE NORMAL PERIOD 1981 TO 2010
CLIMATE RECORD PERIOD 2000 TO 2016


WEATHER ITEM   OBSERVED TIME   RECORD YEAR NORMAL DEPARTURE LAST
                VALUE   (LST)  VALUE       VALUE  FROM      YEAR
                                                  NORMAL
..................................................................
TEMPERATURE (F)
 YESTERDAY
  MAXIMUM         81    452 PM  92    2012  70     11       77
  MINIMUM         63    503 AM  -1    2008  48     15       54
  AVERAGE         72

PRECIPITATION (IN)
  YESTERDAY        0.09          0.61 2003   0.13  -0.04     0.00
  MONTH TO DATE    3.93                      3.63   0.30     3.79
  SINCE MAR 1     10.24                      9.43   0.81     8.67
  SINCE JAN 1     11.75                     12.48  -0.73     9.21

DEGREE DAYS
 HEATING
  YESTERDAY        0                         7     -7        0
  MONTH TO DATE  299                       290      9      250
  SINCE MAR 1   1712                      1786    -74     1834
  SINCE JUL 1   6057                      6732   -675     7359

 COOLING
  YESTERDAY        7                         1      6        1
  MONTH TO DATE   31                        15     16       20
  SINCE MAR 1     31                        19     12       20
  SINCE JAN 1     31                        19     12       20
..................................................................


WIND (MPH)
  RESULTANT WIND SPEED  11   RESULTANT WIND DIRECTION   S (190)
  HIGHEST WIND SPEED    23   HIGHEST WIND DIRECTION    SW (210)
  HIGHEST GUST SPEED    30   HIGHEST GUST DIRECTION    SW (210)
  AVERAGE WIND SPEED    12.4


SKY COVER
  POSSIBLE SUNSHINE  MM
  AVERAGE SKY COVER 0.5


WEATHER CONDITIONS
 THE FOLLOWING WEATHER WAS RECORDED YESTERDAY.
  THUNDERSTORM
  LIGHT RAIN
  FOG
  HAZE


RELATIVE HUMIDITY (PERCENT)
 HIGHEST   100
 LOWEST     58
 AVERAGE    79

..........................................................


THE WAUKEGAN   CLIMATE NORMALS FOR TODAY
                         NORMAL    RECORD    YEAR
 MAXIMUM TEMPERATURE (F)   70        86      2006
 MINIMUM TEMPERATURE (F)   49        39      2001


SUNRISE AND SUNSET
MAY 29 2016...........SUNRISE   518 AM CDT   SUNSET   820 PM CDT
MAY 30 2016...........SUNRISE   518 AM CDT   SUNSET   821 PM CDT


-  INDICATES NEGATIVE NUMBERS.
R  INDICATES RECORD WAS SET OR TIED.
MM INDICATES DATA IS MISSING.
T  INDICATES TRACE AMOUNT.




$$
