000
CDUS46 KSEW 300122
CLIUIL


CLIMATE REPORT
NATIONAL WEATHER SERVICE SEATTLE WA
622 PM PDT SAT APR 29 2017


...................................

...THE QUILLAYUTE WA AIRPORT CLIMATE SUMMARY FOR APRIL 29 2017...
VALID TODAY AS OF 0600 PM LOCAL TIME.

CLIMATE NORMAL PERIOD 1981 TO 2010
CLIMATE RECORD PERIOD 1966 TO 2017


WEATHER ITEM   OBSERVED TIME   RECORD YEAR NORMAL DEPARTURE LAST
                VALUE   (LST)  VALUE       VALUE  FROM      YEAR
                                                  NORMAL
..................................................................
TEMPERATURE (F)
 TODAY
  MAXIMUM         50   1204 PM  81    1998  57     -7       58
  MINIMUM         36    341 AM  28    1975  40     -4       44
  AVERAGE         43                        48     -5       51

PRECIPITATION (IN)
  TODAY            0.47          1.91 1992   0.21   0.26      T
  MONTH TO DATE   14.15                      7.64   6.51     2.21
  SINCE OCT 1    117.10                     82.43  34.67    93.49
  SINCE JAN 1     57.17                     43.43  13.74    49.51

DEGREE DAYS
 HEATING
  TODAY           22                        17      5       14
  MONTH TO DATE  515                       533    -18      377
  SINCE MAR 1   1174                      1181     -7      905
  SINCE JUL 1   4996                      5026    -30     4028

 COOLING
  TODAY            0                         0      0        0
  MONTH TO DATE    0                         0      0        0
  SINCE MAR 1      0                         0      0        0
  SINCE JAN 1      0                         0      0        0
..................................................................


WIND (MPH)
  RESULTANT WIND SPEED   4   RESULTANT WIND DIRECTION  SE (140)
  HIGHEST WIND SPEED    16   HIGHEST WIND DIRECTION    SE (150)
  HIGHEST GUST SPEED    26   HIGHEST GUST DIRECTION     S (160)
  AVERAGE WIND SPEED     4.7


SKY COVER
  AVERAGE SKY COVER 0.7


WEATHER CONDITIONS
 THE FOLLOWING WEATHER WAS RECORDED TODAY.
  RAIN
  LIGHT RAIN
  FOG


RELATIVE HUMIDITY (PERCENT)
 HIGHEST   100          1200 AM
 LOWEST     74          1100 AM
 AVERAGE    87

..........................................................


THE QUILLAYUTE WA AIRPORT CLIMATE NORMALS FOR TOMORROW
                         NORMAL    RECORD    YEAR
 MAXIMUM TEMPERATURE (F)   57        84      2014
 MINIMUM TEMPERATURE (F)   40        26      1986


SUNRISE AND SUNSET
APRIL 29 2017.........SUNRISE   603 AM PDT   SUNSET   829 PM PDT
APRIL 30 2017.........SUNRISE   601 AM PDT   SUNSET   830 PM PDT


-  INDICATES NEGATIVE NUMBERS.
R  INDICATES RECORD WAS SET OR TIED.
MM INDICATES DATA IS MISSING.
T  INDICATES TRACE AMOUNT.




$$
