000
CDUS46 KSEW 240838
CLIUIL


CLIMATE REPORT
NATIONAL WEATHER SERVICE SEATTLE WA
138 AM PDT SUN SEP 24 2017


...................................

...THE QUILLAYUTE WA AIRPORT CLIMATE SUMMARY FOR SEPTEMBER 23 2017...

CLIMATE NORMAL PERIOD 1981 TO 2010
CLIMATE RECORD PERIOD 1966 TO 2017


WEATHER ITEM   OBSERVED TIME   RECORD YEAR NORMAL DEPARTURE LAST
                VALUE   (LST)  VALUE       VALUE  FROM      YEAR
                                                  NORMAL
..................................................................
TEMPERATURE (F)
 YESTERDAY
  MAXIMUM         67    104 PM  87    1974  65      2       60
  MINIMUM         47   1155 PM  31    2000  46      1       45
  AVERAGE         57                        55      2       53

PRECIPITATION (IN)
  YESTERDAY        0.01          2.51 1986   0.14  -0.13     0.50
  MONTH TO DATE    2.95                      2.65   0.30     4.15
  SINCE OCT 1    130.48                     98.37  32.11   106.32
  SINCE JAN 1     70.55                     59.37  11.18    62.34

DEGREE DAYS
 HEATING
  YESTERDAY        8                        10     -2       12
  MONTH TO DATE  153                       182    -29      197
  SINCE SEP 1    153                       182    -29      197
  SINCE JUL 1    459                       551    -92      473

 COOLING
  YESTERDAY        0                         0      0        0
  MONTH TO DATE   20                         0     20        0
  SINCE SEP 1     20                         0     20        0
  SINCE JAN 1     73                        17     56       54
..................................................................


WIND (MPH)
  RESULTANT WIND SPEED   1   RESULTANT WIND DIRECTION  SW (220)
  HIGHEST WIND SPEED    12   HIGHEST WIND DIRECTION    SW (240)
  HIGHEST GUST SPEED    15   HIGHEST GUST DIRECTION     W (250)
  AVERAGE WIND SPEED     2.9


SKY COVER
  AVERAGE SKY COVER 0.4


WEATHER CONDITIONS
 THE FOLLOWING WEATHER WAS RECORDED YESTERDAY.
  LIGHT RAIN
  FOG


RELATIVE HUMIDITY (PERCENT)
 HIGHEST   100           200 AM
 LOWEST     63           300 PM
 AVERAGE    82

..........................................................


THE QUILLAYUTE WA AIRPORT CLIMATE NORMALS FOR TODAY
                         NORMAL    RECORD    YEAR
 MAXIMUM TEMPERATURE (F)   65        87      1974
 MINIMUM TEMPERATURE (F)   45        33      2000
                                             1984


SUNRISE AND SUNSET
SEPTEMBER 24 2017.....SUNRISE   708 AM PDT   SUNSET   711 PM PDT
SEPTEMBER 25 2017.....SUNRISE   710 AM PDT   SUNSET   709 PM PDT


-  INDICATES NEGATIVE NUMBERS.
R  INDICATES RECORD WAS SET OR TIED.
MM INDICATES DATA IS MISSING.
T  INDICATES TRACE AMOUNT.




$$
