000
CDUS46 KSEW 230830
CLIUIL


CLIMATE REPORT
NATIONAL WEATHER SERVICE SEATTLE WA
1230 AM PST THU FEB 23 2017


...................................

...THE QUILLAYUTE WA AIRPORT CLIMATE SUMMARY FOR FEBRUARY 22 2017...

CLIMATE NORMAL PERIOD 1981 TO 2010
CLIMATE RECORD PERIOD 1966 TO 2017


WEATHER ITEM   OBSERVED TIME   RECORD YEAR NORMAL DEPARTURE LAST
                VALUE   (LST)  VALUE       VALUE  FROM      YEAR
                                                  NORMAL
..................................................................
TEMPERATURE (F)
 YESTERDAY
  MAXIMUM         45    200 PM  61    2005  50     -5       52
                                      1981
                                      1973
  MINIMUM         29   1159 PM  22    1993  35     -6       35
  AVERAGE         37                        42     -5       44

PRECIPITATION (IN)
  YESTERDAY        0.20          2.50 2013   0.35  -0.15     0.15
  MONTH TO DATE   10.18                      8.17   2.01    14.75
  SINCE OCT 1     78.39                     61.78  16.61    74.45
  SINCE JAN 1     18.46                     22.78  -4.32    30.47

DEGREE DAYS
 HEATING
  YESTERDAY       28                        23      5       21
  MONTH TO DATE  520                       506     14      387
  SINCE DEC 1   2219                      1997    222     1696
  SINCE JUL 1   3646                      3711    -65     3007

 COOLING
  YESTERDAY        0                         0      0        0
  MONTH TO DATE    0                         0      0        0
  SINCE DEC 1      0                         0      0        0
  SINCE JAN 1      0                         0      0        0
..................................................................


WIND (MPH)
  RESULTANT WIND SPEED   1   RESULTANT WIND DIRECTION   W (250)
  HIGHEST WIND SPEED    10   HIGHEST WIND DIRECTION     W (280)
  HIGHEST GUST SPEED    14   HIGHEST GUST DIRECTION     W (280)
  AVERAGE WIND SPEED     2.2


SKY COVER
  AVERAGE SKY COVER 0.4


WEATHER CONDITIONS
 THE FOLLOWING WEATHER WAS RECORDED YESTERDAY.
  LIGHT RAIN
  FREEZING RAIN
  LIGHT SNOW
  FOG


RELATIVE HUMIDITY (PERCENT)
 HIGHEST   100           100 AM
 LOWEST     70           200 PM
 AVERAGE    85

..........................................................


THE QUILLAYUTE WA AIRPORT CLIMATE NORMALS FOR TODAY
                         NORMAL    RECORD    YEAR
 MAXIMUM TEMPERATURE (F)   50        62      2005
                                             1995
 MINIMUM TEMPERATURE (F)   35        26      1987


SUNRISE AND SUNSET
FEBRUARY 23 2017......SUNRISE   710 AM PST   SUNSET   554 PM PST
FEBRUARY 24 2017......SUNRISE   708 AM PST   SUNSET   556 PM PST


-  INDICATES NEGATIVE NUMBERS.
R  INDICATES RECORD WAS SET OR TIED.
MM INDICATES DATA IS MISSING.
T  INDICATES TRACE AMOUNT.




$$
