000
CDUS46 KSEW 251756 CCA
CLIUIL

CLIMATE REPORT...CORRECTED
NATIONAL WEATHER SERVICE SEATTLE WA
126 AM PDT MON JUL 25 2016


...................................

...THE QUILLAYUTE WA AIRPORT CLIMATE SUMMARY FOR JULY 24 2016...

CLIMATE NORMAL PERIOD 1981 TO 2010
CLIMATE RECORD PERIOD 1966 TO 2016


WEATHER ITEM   OBSERVED TIME   RECORD YEAR NORMAL DEPARTURE LAST
                VALUE   (LST)  VALUE       VALUE  FROM      YEAR
                                                  NORMAL
..................................................................
TEMPERATURE (F)
 YESTERDAY
  MAXIMUM         72   1210 PM  92    1984  68      4       64
  MINIMUM         54    559 AM  40    1973  51      3       53
  AVERAGE         63                        60      3       59

PRECIPITATION (IN)
  YESTERDAY        0.00          0.21 2015   0.06  -0.06     0.21
  MONTH TO DATE    2.16                      1.59   0.57     0.84
  SINCE OCT 1    101.49                     92.84   8.65    87.19
  SINCE JAN 1     57.51                     53.84   3.67    42.44

DEGREE DAYS
 HEATING
  YESTERDAY        2                         6     -4        6
  MONTH TO DATE  124                       158    -34       60
  SINCE JUN 1    373                       452    -79      250
  SINCE JUL 1    124                       158    -34       60

 COOLING
  YESTERDAY        0                         0      0        0
  MONTH TO DATE    0                         0      0        9
  SINCE JUN 1     11                         3      8       22
  SINCE JAN 1     11                         4      7       22
..................................................................


WIND (MPH)
  RESULTANT WIND SPEED   4   RESULTANT WIND DIRECTION  NW (320)
  HIGHEST WIND SPEED    15   HIGHEST WIND DIRECTION    NW (320)
  HIGHEST GUST SPEED    21   HIGHEST GUST DIRECTION    NW (330)
  AVERAGE WIND SPEED     5.9


SKY COVER
  AVERAGE SKY COVER 0.6


WEATHER CONDITIONS
 THE FOLLOWING WEATHER WAS RECORDED YESTERDAY.
  NO SIGNIFICANT WEATHER WAS OBSERVED.


RELATIVE HUMIDITY (PERCENT)
 HIGHEST   100           400 AM
 LOWEST     66          1100 AM
 AVERAGE    83

..........................................................


THE QUILLAYUTE WA AIRPORT CLIMATE NORMALS FOR TODAY
                         NORMAL    RECORD    YEAR
 MAXIMUM TEMPERATURE (F)   68        95      1988
 MINIMUM TEMPERATURE (F)   51        41      2010
                                             2001


SUNRISE AND SUNSET
JULY 25 2016..........SUNRISE   547 AM PDT   SUNSET   902 PM PDT
JULY 26 2016..........SUNRISE   548 AM PDT   SUNSET   901 PM PDT


-  INDICATES NEGATIVE NUMBERS.
R  INDICATES RECORD WAS SET OR TIED.
MM INDICATES DATA IS MISSING.
T  INDICATES TRACE AMOUNT.




$$
