000
CDUS46 KSEW 300830
CLIUIL


CLIMATE REPORT
NATIONAL WEATHER SERVICE SEATTLE WA
130 AM PDT SUN AUG 30 2015


...................................

...THE QUILLAYUTE WA AIRPORT CLIMATE SUMMARY FOR AUGUST 29 2015...

CLIMATE NORMAL PERIOD 1981 TO 2010
CLIMATE RECORD PERIOD 1966 TO 2015


WEATHER ITEM   OBSERVED TIME   RECORD YEAR NORMAL DEPARTURE LAST
                VALUE   (LST)  VALUE       VALUE  FROM      YEAR
                                                  NORMAL
..................................................................
TEMPERATURE (F)
 YESTERDAY
  MAXIMUM         63    727 AM  86    1996  68     -5       68
  MINIMUM         57   1159 PM  37    1980  50      7       50
  AVERAGE         60                        59      1       59

PRECIPITATION (IN)
  YESTERDAY        1.58          2.61 1991   0.10   1.48     0.05
  MONTH TO DATE    2.11                      2.27  -0.16     0.57
  SINCE OCT 1     89.43                     95.50  -6.07    72.96
  SINCE JAN 1     44.68                     56.50 -11.82    55.73

DEGREE DAYS
 HEATING
  YESTERDAY        5                         6     -1        6
  MONTH TO DATE   77                       162    -85      107
  SINCE JUN 1    338                       650   -312      492
  SINCE JUL 1    148                       356   -208      243

 COOLING
  YESTERDAY        0                         0      0        0
  MONTH TO DATE   26                         0     26        8
  SINCE JUN 1     56                        10     46       14
  SINCE JAN 1     56                        11     45       18
..................................................................


WIND (MPH)
  RESULTANT WIND SPEED  10   RESULTANT WIND DIRECTION   S (160)
  HIGHEST WIND SPEED    36   HIGHEST WIND DIRECTION     S (160)
  HIGHEST GUST SPEED    62   HIGHEST GUST DIRECTION     S (170)
  AVERAGE WIND SPEED    11.9


SKY COVER
  AVERAGE SKY COVER 0.9


WEATHER CONDITIONS
 THE FOLLOWING WEATHER WAS RECORDED YESTERDAY.
  HEAVY RAIN
  RAIN
  LIGHT RAIN
  FOG
  FOG W/VISIBILITY <= 1/4 MILE


RELATIVE HUMIDITY (PERCENT)
 HIGHEST   100          1100 AM
 LOWEST     84           100 AM
 AVERAGE    92

..........................................................


THE QUILLAYUTE WA AIRPORT CLIMATE NORMALS FOR TODAY
                         NORMAL    RECORD    YEAR
 MAXIMUM TEMPERATURE (F)   68        89      1987
 MINIMUM TEMPERATURE (F)   50        39      1972


SUNRISE AND SUNSET
AUGUST 30 2015........SUNRISE   633 AM PDT   SUNSET   803 PM PDT
AUGUST 31 2015........SUNRISE   635 AM PDT   SUNSET   801 PM PDT


-  INDICATES NEGATIVE NUMBERS.
R  INDICATES RECORD WAS SET OR TIED.
MM INDICATES DATA IS MISSING.
T  INDICATES TRACE AMOUNT.




$$
