000
CDUS46 KSEW 260829
CLIUIL


CLIMATE REPORT
NATIONAL WEATHER SERVICE SEATTLE WA
1228 AM PST WED NOV 26 2014


...................................

...THE QUILLAYUTE WA AIRPORT CLIMATE SUMMARY FOR NOVEMBER 25 2014...

CLIMATE NORMAL PERIOD 1981 TO 2010
CLIMATE RECORD PERIOD 1966 TO 2014


WEATHER ITEM   OBSERVED TIME   RECORD YEAR NORMAL DEPARTURE LAST
                VALUE   (LST)  VALUE       VALUE  FROM      YEAR
                                                  NORMAL
..................................................................
TEMPERATURE (F)
 YESTERDAY
  MAXIMUM         55    938 PM  57    2013  48      7       57
  MINIMUM         48    850 AM  22    1993  37     11       34
  AVERAGE         52                        42     10       46

PRECIPITATION (IN)
  YESTERDAY        0.50          2.62 1977   0.53  -0.03     0.00
  MONTH TO DATE   10.96                     12.91  -1.95     6.78
  SINCE OCT 1     28.32                     23.40   4.92     9.93
  SINCE JAN 1     88.72                     83.94   4.78    81.34

DEGREE DAYS
 HEATING
  YESTERDAY       13                        23    -10       19
  MONTH TO DATE  470                       509    -39      435
  SINCE SEP 1    869                      1230   -361      942
  SINCE JUL 1   1119                      1599   -480     1114

 COOLING
  YESTERDAY        0                         0      0        0
  MONTH TO DATE    0                         0      0        0
  SINCE SEP 1      7                         2      5       14
  SINCE JAN 1     25                        19      6       39
..................................................................


WIND (MPH)
  RESULTANT WIND SPEED   6   RESULTANT WIND DIRECTION  SW (220)
  HIGHEST WIND SPEED    16   HIGHEST WIND DIRECTION    SW (220)
  HIGHEST GUST SPEED    23   HIGHEST GUST DIRECTION    SW (220)
  AVERAGE WIND SPEED     6.3


SKY COVER
  AVERAGE SKY COVER 1.0


WEATHER CONDITIONS
 THE FOLLOWING WEATHER WAS RECORDED YESTERDAY.
  RAIN
  LIGHT RAIN
  FOG


RELATIVE HUMIDITY (PERCENT)
 HIGHEST   100          1200 AM
 LOWEST     93           700 PM
 AVERAGE    97

..........................................................


THE QUILLAYUTE WA AIRPORT CLIMATE NORMALS FOR TODAY
                         NORMAL    RECORD    YEAR
 MAXIMUM TEMPERATURE (F)   48        58      1992
 MINIMUM TEMPERATURE (F)   36        25      1976


SUNRISE AND SUNSET
NOVEMBER 26 2014......SUNRISE   740 AM PST   SUNSET   430 PM PST
NOVEMBER 27 2014......SUNRISE   742 AM PST   SUNSET   430 PM PST


-  INDICATES NEGATIVE NUMBERS.
R  INDICATES RECORD WAS SET OR TIED.
MM INDICATES DATA IS MISSING.
T  INDICATES TRACE AMOUNT.




$$
