000
CDUS46 KSEW 250829
CLIUIL


CLIMATE REPORT
NATIONAL WEATHER SERVICE SEATTLE WA
129 AM PDT THU AUG 25 2016


...................................

...THE QUILLAYUTE WA AIRPORT CLIMATE SUMMARY FOR AUGUST 24 2016...

CLIMATE NORMAL PERIOD 1981 TO 2010
CLIMATE RECORD PERIOD 1966 TO 2016


WEATHER ITEM   OBSERVED TIME   RECORD YEAR NORMAL DEPARTURE LAST
                VALUE   (LST)  VALUE       VALUE  FROM      YEAR
                                                  NORMAL
..................................................................
TEMPERATURE (F)
 YESTERDAY
  MAXIMUM         91R   303 PM  89    1982  69     22       70
  MINIMUM         48    550 AM  39    1973  50     -2       45
  AVERAGE         70                        59     11       58

PRECIPITATION (IN)
  YESTERDAY        0.00          1.10 2008   0.09  -0.09     0.00
  MONTH TO DATE    0.30                      1.77  -1.47     0.21
  SINCE OCT 1    101.80                     95.00   6.80    87.53
  SINCE JAN 1     57.82                     56.00   1.82    42.78

DEGREE DAYS
 HEATING
  YESTERDAY        0                         6     -6        7
  MONTH TO DATE   94                       132    -38       60
  SINCE JUN 1    498                       620   -122      321
  SINCE JUL 1    249                       326    -77      131

 COOLING
  YESTERDAY        5                         0      5        0
  MONTH TO DATE   31                         0     31       25
  SINCE JUN 1     42                        10     32       55
  SINCE JAN 1     42                        11     31       55
..................................................................


WIND (MPH)
  RESULTANT WIND SPEED   5   RESULTANT WIND DIRECTION   N (10)
  HIGHEST WIND SPEED    18   HIGHEST WIND DIRECTION     N (10)
  HIGHEST GUST SPEED    23   HIGHEST GUST DIRECTION     N (10)
  AVERAGE WIND SPEED     6.7


SKY COVER
  AVERAGE SKY COVER 0.0


WEATHER CONDITIONS
 THE FOLLOWING WEATHER WAS RECORDED YESTERDAY.
  NO SIGNIFICANT WEATHER WAS OBSERVED.


RELATIVE HUMIDITY (PERCENT)
 HIGHEST   100           300 AM
 LOWEST     19           200 PM
 AVERAGE    60

..........................................................


THE QUILLAYUTE WA AIRPORT CLIMATE NORMALS FOR TODAY
                         NORMAL    RECORD    YEAR
 MAXIMUM TEMPERATURE (F)   69        84      2005
                                             1967
 MINIMUM TEMPERATURE (F)   50        39      1973


SUNRISE AND SUNSET
AUGUST 25 2016........SUNRISE   628 AM PDT   SUNSET   812 PM PDT
AUGUST 26 2016........SUNRISE   629 AM PDT   SUNSET   810 PM PDT


-  INDICATES NEGATIVE NUMBERS.
R  INDICATES RECORD WAS SET OR TIED.
MM INDICATES DATA IS MISSING.
T  INDICATES TRACE AMOUNT.




$$
