000
CDUS43 KLSX 170728
CLIUIN


CLIMATE REPORT
NATIONAL WEATHER SERVICE ST LOUIS MO
226 AM CDT THU AUG 17 2017


...................................

...THE QUINCY IL CLIMATE SUMMARY FOR AUGUST 16 2017...

CLIMATE NORMAL PERIOD 1981 TO 2010
CLIMATE RECORD PERIOD 1901 TO 2017


WEATHER ITEM   OBSERVED TIME   RECORD YEAR NORMAL DEPARTURE LAST
                VALUE   (LST)  VALUE       VALUE  FROM      YEAR
                                                  NORMAL
..................................................................
TEMPERATURE (F)
 YESTERDAY
  MAXIMUM         83   1238 PM 108    1936  85     -2       86
  MINIMUM         70    557 AM  49    1992  65      5       68
  AVERAGE         77                        75      2

PRECIPITATION (IN)
  YESTERDAY        0.11          2.26 1995   0.12  -0.01      T
  MONTH TO DATE    2.25                      1.90   0.35     2.30
  SINCE JUN 1      7.31                      9.93  -2.62    10.02
  SINCE JAN 1     24.09                     24.02   0.07    18.70

DEGREE DAYS
 HEATING
  YESTERDAY        0                         0      0
  MONTH TO DATE    0                         0      0
  SINCE JUN 1      4                        16    -12
  SINCE JUL 1      0                         0      0

 COOLING
  YESTERDAY       12                        10      2
  MONTH TO DATE  108                       165    -57
  SINCE JUN 1    797                       735     62
  SINCE JAN 1    906                       821     85
..................................................................


WIND (MPH)
  HIGHEST WIND SPEED    32   HIGHEST WIND DIRECTION     S (170)
  HIGHEST GUST SPEED    41   HIGHEST GUST DIRECTION     S (170)
  AVERAGE WIND SPEED    11.0


SKY COVER
  AVERAGE SKY COVER 0.5



RELATIVE HUMIDITY (PERCENT)
 HIGHEST   100           600 AM
 LOWEST     74           200 PM
 AVERAGE    87

..........................................................


THE QUINCY IL CLIMATE NORMALS FOR TODAY
                         NORMAL    RECORD    YEAR
 MAXIMUM TEMPERATURE (F)   85       106      1936
 MINIMUM TEMPERATURE (F)   65        52      2012


SUNRISE AND SUNSET
AUGUST 17 2017........SUNRISE   619 AM CDT   SUNSET   758 PM CDT
AUGUST 18 2017........SUNRISE   620 AM CDT   SUNSET   757 PM CDT


-  INDICATES NEGATIVE NUMBERS.
R  INDICATES RECORD WAS SET OR TIED.
MM INDICATES DATA IS MISSING.
T  INDICATES TRACE AMOUNT.




$$
