000
CDUS43 KLSX 302129
CLIUIN


CLIMATE REPORT
NATIONAL WEATHER SERVICE ST LOUIS MO
429 PM CDT SAT AUG 30 2014


...................................

...THE QUINCY IL CLIMATE SUMMARY FOR AUGUST 30 2014...
VALID TODAY AS OF 0400 PM LOCAL TIME.

CLIMATE NORMAL PERIOD 1981 TO 2010
CLIMATE RECORD PERIOD 1901 TO 2014


WEATHER ITEM   OBSERVED TIME   RECORD YEAR NORMAL DEPARTURE LAST
                VALUE   (LST)  VALUE       VALUE  FROM      YEAR
                                                  NORMAL
..................................................................
TEMPERATURE (F)
 TODAY
  MAXIMUM         86    249 PM 106    1947  83      3      100
  MINIMUM         69    453 AM  46    1911  62      7       74
  AVERAGE         78                        72      6       87

PRECIPITATION (IN)
  TODAY            0.05          2.05 1994   0.11  -0.06     0.00
  MONTH TO DATE    6.17                      3.51   2.66     0.01
  SINCE JUN 1     17.21                     11.54   5.67     2.86
  SINCE JAN 1     25.62                     25.63  -0.01    28.10

DEGREE DAYS
 HEATING
  TODAY            0                         0      0
  MONTH TO DATE    0                         0      0
  SINCE JUN 1      9                        16     -7
  SINCE JUL 1      5                         0      5

 COOLING
  TODAY           13                         8      5
  MONTH TO DATE  308                       290     18
  SINCE JUN 1    773                       860    -87
  SINCE JAN 1    916                       946    -30
..................................................................


WIND (MPH)
  HIGHEST WIND SPEED    16   HIGHEST WIND DIRECTION     W (250)
  HIGHEST GUST SPEED    23   HIGHEST GUST DIRECTION     W (260)
  AVERAGE WIND SPEED     9.1


SKY COVER
  AVERAGE SKY COVER 0.4



RELATIVE HUMIDITY (PERCENT)
 HIGHEST    97           500 AM
 LOWEST     61           100 PM
 AVERAGE    79

..........................................................


THE QUINCY IL CLIMATE NORMALS FOR TOMORROW
                         NORMAL    RECORD    YEAR
 MAXIMUM TEMPERATURE (F)   83       100      2011
                                             1953
 MINIMUM TEMPERATURE (F)   62        45      1915


SUNRISE AND SUNSET
AUGUST 30 2014........SUNRISE   631 AM CDT   SUNSET   739 PM CDT
AUGUST 31 2014........SUNRISE   632 AM CDT   SUNSET   738 PM CDT


-  INDICATES NEGATIVE NUMBERS.
R  INDICATES RECORD WAS SET OR TIED.
MM INDICATES DATA IS MISSING.
T  INDICATES TRACE AMOUNT.




$$
