000
CDUS43 KLSX 260728
CLIUIN


CLIMATE REPORT
NATIONAL WEATHER SERVICE ST LOUIS MO
227 AM CDT SAT JUL 26 2014


...................................

...THE QUINCY IL CLIMATE SUMMARY FOR JULY 25 2014...

CLIMATE NORMAL PERIOD 1981 TO 2010
CLIMATE RECORD PERIOD 1901 TO 2014


WEATHER ITEM   OBSERVED TIME   RECORD YEAR NORMAL DEPARTURE LAST
                VALUE   (LST)  VALUE       VALUE  FROM      YEAR
                                                  NORMAL
..................................................................
TEMPERATURE (F)
 YESTERDAY
  MAXIMUM         77    609 PM 109    1934  86     -9       83
  MINIMUM         60    217 AM  53    1911  66     -6       57
  AVERAGE         69                        76     -7

PRECIPITATION (IN)
  YESTERDAY        0.71          2.07 1948   0.13   0.58     0.00
  MONTH TO DATE    2.78                      3.32  -0.54     0.25
  SINCE JUN 1     10.93                      7.31   3.62     2.03
  SINCE JAN 1     19.34                     21.40  -2.06    27.27

DEGREE DAYS
 HEATING
  YESTERDAY        0                         0      0
  MONTH TO DATE    5                         0      5
  SINCE JUN 1      9                        16     -7
  SINCE JUL 1      5                         0      5

 COOLING
  YESTERDAY        4                        11     -7
  MONTH TO DATE  162                       275   -113
  SINCE JUN 1    429                       502    -73
  SINCE JAN 1    572                       588    -16
..................................................................


WIND (MPH)
  HIGHEST WIND SPEED    26   HIGHEST WIND DIRECTION     S (180)
  HIGHEST GUST SPEED    37   HIGHEST GUST DIRECTION     S (170)
  AVERAGE WIND SPEED     9.7


SKY COVER
  AVERAGE SKY COVER 0.2



RELATIVE HUMIDITY (PERCENT)
 HIGHEST    93          1100 AM
 LOWEST     60           300 PM
 AVERAGE    77

..........................................................


THE QUINCY IL CLIMATE NORMALS FOR TODAY
                         NORMAL    RECORD    YEAR
 MAXIMUM TEMPERATURE (F)   86       107      1934
 MINIMUM TEMPERATURE (F)   66        51      1962


SUNRISE AND SUNSET
JULY 26 2014..........SUNRISE   558 AM CDT   SUNSET   824 PM CDT
JULY 27 2014..........SUNRISE   559 AM CDT   SUNSET   823 PM CDT


-  INDICATES NEGATIVE NUMBERS.
R  INDICATES RECORD WAS SET OR TIED.
MM INDICATES DATA IS MISSING.
T  INDICATES TRACE AMOUNT.




$$
