000
CDUS43 KLSX 100733
CLIUIN


CLIMATE REPORT
NATIONAL WEATHER SERVICE ST LOUIS MO
132 AM CST SAT DEC 10 2016


...................................

...THE QUINCY IL CLIMATE SUMMARY FOR DECEMBER 9 2016...

CLIMATE NORMAL PERIOD 1981 TO 2010
CLIMATE RECORD PERIOD 1901 TO 2016


WEATHER ITEM   OBSERVED TIME   RECORD YEAR NORMAL DEPARTURE LAST
                VALUE   (LST)  VALUE       VALUE  FROM      YEAR
                                                  NORMAL
..................................................................
TEMPERATURE (F)
 YESTERDAY
  MAXIMUM         24   1214 PM  71    1940  39    -15       54
  MINIMUM         14    402 AM  -8    1917  24    -10       35
                                      1909
  AVERAGE         19                        31    -12

PRECIPITATION (IN)
  YESTERDAY        0.00          1.01 2003   0.08  -0.08     0.00
  MONTH TO DATE    0.33                      0.77  -0.44     0.02
  SINCE DEC 1      0.33                      0.77  -0.44     0.02
  SINCE JAN 1     30.18                     35.85  -5.67    33.69

DEGREE DAYS
 HEATING
  YESTERDAY       46                        34     12
  MONTH TO DATE  303                       288     15
  SINCE DEC 1    303                       288     15
  SINCE JUL 1    991                      1388   -397

 COOLING
  YESTERDAY        0                         0      0
  MONTH TO DATE    0                         0      0
  SINCE DEC 1      0                         0      0
  SINCE JAN 1   1472                      1094    378
..................................................................


WIND (MPH)
  HIGHEST WIND SPEED    10   HIGHEST WIND DIRECTION     W (290)
  HIGHEST GUST SPEED    14   HIGHEST GUST DIRECTION    NW (300)
  AVERAGE WIND SPEED     5.0


SKY COVER
  AVERAGE SKY COVER 0.7



RELATIVE HUMIDITY (PERCENT)
 HIGHEST    80          1200 AM
 LOWEST     65           300 PM
 AVERAGE    73

..........................................................


THE QUINCY IL CLIMATE NORMALS FOR TODAY
                         NORMAL    RECORD    YEAR
 MAXIMUM TEMPERATURE (F)   39        63      1979
 MINIMUM TEMPERATURE (F)   23        -7      1917


SUNRISE AND SUNSET
DECEMBER 10 2016......SUNRISE   716 AM CST   SUNSET   440 PM CST
DECEMBER 11 2016......SUNRISE   717 AM CST   SUNSET   440 PM CST


-  INDICATES NEGATIVE NUMBERS.
R  INDICATES RECORD WAS SET OR TIED.
MM INDICATES DATA IS MISSING.
T  INDICATES TRACE AMOUNT.




$$
