000
CDUS43 KLSX 250727
CLIUIN


CLIMATE REPORT
NATIONAL WEATHER SERVICE ST LOUIS MO
126 AM CST SAT FEB 25 2017


...................................

...THE QUINCY IL CLIMATE SUMMARY FOR FEBRUARY 24 2017...

CLIMATE NORMAL PERIOD 1981 TO 2010
CLIMATE RECORD PERIOD 1901 TO 2017


WEATHER ITEM   OBSERVED TIME   RECORD YEAR NORMAL DEPARTURE LAST
                VALUE   (LST)  VALUE       VALUE  FROM      YEAR
                                                  NORMAL
..................................................................
TEMPERATURE (F)
 YESTERDAY
  MAXIMUM         63    205 AM  73    1930  42     21       41
  MINIMUM         28   1159 PM  -2    1989  25      3       35
  AVERAGE         46                        34     12

PRECIPITATION (IN)
  YESTERDAY        0.04          1.59 2001   0.08  -0.04     0.00
  MONTH TO DATE    0.45                      1.56  -1.11     0.22
  SINCE DEC 1      2.66                      5.33  -2.67     6.44
  SINCE JAN 1      1.63                      3.08  -1.45     0.62

DEGREE DAYS
 HEATING
  YESTERDAY       19                        31    -12
  MONTH TO DATE  532                       835   -303
  SINCE DEC 1   2671                      3121   -450
  SINCE JUL 1   3359                      4221   -862

 COOLING
  YESTERDAY        0                         0      0
  MONTH TO DATE    0                         0      0
  SINCE DEC 1      0                         0      0
  SINCE JAN 1      0                         0      0
..................................................................


WIND (MPH)
  HIGHEST WIND SPEED    26   HIGHEST WIND DIRECTION     W (290)
  HIGHEST GUST SPEED    35   HIGHEST GUST DIRECTION     W (290)
  AVERAGE WIND SPEED    15.1


SKY COVER
  AVERAGE SKY COVER 0.8



RELATIVE HUMIDITY (PERCENT)
 HIGHEST   100           700 AM
 LOWEST     76           200 PM
 AVERAGE    88

..........................................................


THE QUINCY IL CLIMATE NORMALS FOR TODAY
                         NORMAL    RECORD    YEAR
 MAXIMUM TEMPERATURE (F)   43        71      2000
 MINIMUM TEMPERATURE (F)   26        -5      1914


SUNRISE AND SUNSET
FEBRUARY 25 2017......SUNRISE   643 AM CST   SUNSET   553 PM CST
FEBRUARY 26 2017......SUNRISE   642 AM CST   SUNSET   554 PM CST


-  INDICATES NEGATIVE NUMBERS.
R  INDICATES RECORD WAS SET OR TIED.
MM INDICATES DATA IS MISSING.
T  INDICATES TRACE AMOUNT.




$$
