000
CDUS43 KLSX 260726
CLIUIN


CLIMATE REPORT
NATIONAL WEATHER SERVICE ST LOUIS MO
226 AM CDT MON JUN 26 2017


...................................

...THE QUINCY IL CLIMATE SUMMARY FOR JUNE 25 2017...

CLIMATE NORMAL PERIOD 1981 TO 2010
CLIMATE RECORD PERIOD 1901 TO 2017


WEATHER ITEM   OBSERVED TIME   RECORD YEAR NORMAL DEPARTURE LAST
                VALUE   (LST)  VALUE       VALUE  FROM      YEAR
                                                  NORMAL
..................................................................
TEMPERATURE (F)
 YESTERDAY
  MAXIMUM         74    448 PM 102    1931  84    -10       93
  MINIMUM         53    446 AM  50    1974  65    -12       71
  AVERAGE         64                        75    -11

PRECIPITATION (IN)
  YESTERDAY        0.00          4.93 1913   0.13  -0.13     0.00
  MONTH TO DATE    2.22                      3.38  -1.16     0.57
  SINCE JUN 1      2.22                      3.38  -1.16     0.57
  SINCE JAN 1     19.00                     17.47   1.53     9.25

DEGREE DAYS
 HEATING
  YESTERDAY        1                         0      1
  MONTH TO DATE    1                        14    -13
  SINCE JUN 1      1                        14    -13
  SINCE JUL 1   4434                      5580  -1146

 COOLING
  YESTERDAY        0                        10    -10
  MONTH TO DATE  240                       178     62
  SINCE JUN 1    240                       178     62
  SINCE JAN 1    349                       264     85
..................................................................


WIND (MPH)
  HIGHEST WIND SPEED    22   HIGHEST WIND DIRECTION    NW (320)
  HIGHEST GUST SPEED    30   HIGHEST GUST DIRECTION    NW (310)
  AVERAGE WIND SPEED     9.8


SKY COVER
  AVERAGE SKY COVER 0.1



RELATIVE HUMIDITY (PERCENT)
 HIGHEST    93           500 AM
 LOWEST     35           500 PM
 AVERAGE    64

..........................................................


THE QUINCY IL CLIMATE NORMALS FOR TODAY
                         NORMAL    RECORD    YEAR
 MAXIMUM TEMPERATURE (F)   84       101      1954
                                             1931
                                             1914
 MINIMUM TEMPERATURE (F)   65        49      1958


SUNRISE AND SUNSET
JUNE 26 2017..........SUNRISE   538 AM CDT   SUNSET   838 PM CDT
JUNE 27 2017..........SUNRISE   538 AM CDT   SUNSET   838 PM CDT


-  INDICATES NEGATIVE NUMBERS.
R  INDICATES RECORD WAS SET OR TIED.
MM INDICATES DATA IS MISSING.
T  INDICATES TRACE AMOUNT.




$$
