000
CDUS43 KLSX 080740
CLIUIN


CLIMATE REPORT
NATIONAL WEATHER SERVICE ST LOUIS MO
138 AM CST MON FEB 8 2016


...................................

...THE QUINCY IL CLIMATE SUMMARY FOR FEBRUARY 7 2016...

CLIMATE NORMAL PERIOD 1981 TO 2010
CLIMATE RECORD PERIOD 1901 TO 2016


WEATHER ITEM   OBSERVED TIME   RECORD YEAR NORMAL DEPARTURE LAST
                VALUE   (LST)  VALUE       VALUE  FROM      YEAR
                                                  NORMAL
..................................................................
TEMPERATURE (F)
 YESTERDAY
  MAXIMUM         50    340 PM  69    2009  37     13       52
  MINIMUM         34    750 PM -11    2014  20     14       34
  AVERAGE         42                        29     13

PRECIPITATION (IN)
  YESTERDAY        T             1.02 1928   0.05  -0.05     0.00
  MONTH TO DATE    0.10                      0.37  -0.27     0.50
  SINCE DEC 1      6.32                      4.14   2.18     2.94
  SINCE JAN 1      0.50                      1.89  -1.39     1.63

DEGREE DAYS
 HEATING
  YESTERDAY       23                        36    -13
  MONTH TO DATE  196                       259    -63
  SINCE DEC 1   2105                      2545   -440
  SINCE JUL 1   2923                      3645   -722

 COOLING
  YESTERDAY        0                         0      0
  MONTH TO DATE    0                         0      0
  SINCE DEC 1      0                         0      0
  SINCE JAN 1      0                         0      0
..................................................................


WIND (MPH)
  HIGHEST WIND SPEED    36   HIGHEST WIND DIRECTION     W (290)
  HIGHEST GUST SPEED    44   HIGHEST GUST DIRECTION    NW (300)
  AVERAGE WIND SPEED    13.3


SKY COVER
  AVERAGE SKY COVER 0.3



RELATIVE HUMIDITY (PERCENT)
 HIGHEST    82           800 PM
 LOWEST     36           400 PM
 AVERAGE    59

..........................................................


THE QUINCY IL CLIMATE NORMALS FOR TODAY
                         NORMAL    RECORD    YEAR
 MAXIMUM TEMPERATURE (F)   37        69      1990
 MINIMUM TEMPERATURE (F)   21       -12      1933


SUNRISE AND SUNSET
FEBRUARY  8 2016......SUNRISE   706 AM CST   SUNSET   532 PM CST
FEBRUARY  9 2016......SUNRISE   705 AM CST   SUNSET   533 PM CST


-  INDICATES NEGATIVE NUMBERS.
R  INDICATES RECORD WAS SET OR TIED.
MM INDICATES DATA IS MISSING.
T  INDICATES TRACE AMOUNT.




$$
