000
CDUS43 KLSX 062228
CLIUIN


CLIMATE REPORT
NATIONAL WEATHER SERVICE ST LOUIS MO
428 PM CST FRI MAR 6 2015


...................................

...THE QUINCY IL CLIMATE SUMMARY FOR MARCH 6 2015...
VALID TODAY AS OF 0400 PM LOCAL TIME.

CLIMATE NORMAL PERIOD 1981 TO 2010
CLIMATE RECORD PERIOD 1901 TO 2015


WEATHER ITEM   OBSERVED TIME   RECORD YEAR NORMAL DEPARTURE LAST
                VALUE   (LST)  VALUE       VALUE  FROM      YEAR
                                                  NORMAL
..................................................................
TEMPERATURE (F)
 TODAY
  MAXIMUM         45    359 PM  81    1956  47     -2       42
  MINIMUM          9    217 AM  -7    1960  29    -20       21
  AVERAGE         27                        38    -11       32

PRECIPITATION (IN)
  TODAY            0.00          2.22 1973   0.07  -0.07     0.00
  MONTH TO DATE    0.18                      0.47  -0.29     0.01
  SINCE MAR 1      0.18                      0.47  -0.29     0.01
  SINCE JAN 1      2.22                      3.87  -1.65     2.13

DEGREE DAYS
 HEATING
  TODAY           38                        27     11
  MONTH TO DATE  245                       169     76
  SINCE MAR 1    245                       169     76
  SINCE JUL 1   4911                      4511    400

 COOLING
  TODAY            0                         0      0
  MONTH TO DATE    0                         0      0
  SINCE MAR 1      0                         0      0
  SINCE JAN 1      0                         0      0
..................................................................


WIND (MPH)
  HIGHEST WIND SPEED    22   HIGHEST WIND DIRECTION    SW (210)
  HIGHEST GUST SPEED    27   HIGHEST GUST DIRECTION    SW (220)
  AVERAGE WIND SPEED    12.3


SKY COVER
  AVERAGE SKY COVER 0.2



RELATIVE HUMIDITY (PERCENT)
 HIGHEST    69          1200 AM
 LOWEST     45           400 PM
 AVERAGE    57

..........................................................


THE QUINCY IL CLIMATE NORMALS FOR TOMORROW
                         NORMAL    RECORD    YEAR
 MAXIMUM TEMPERATURE (F)   47        79      2000
 MINIMUM TEMPERATURE (F)   29        -4      1943


SUNRISE AND SUNSET
MARCH  6 2015.........SUNRISE   631 AM CST   SUNSET   602 PM CST
MARCH  7 2015.........SUNRISE   629 AM CST   SUNSET   603 PM CST


-  INDICATES NEGATIVE NUMBERS.
R  INDICATES RECORD WAS SET OR TIED.
MM INDICATES DATA IS MISSING.
T  INDICATES TRACE AMOUNT.




$$
