000
CDUS43 KLSX 290736
CLIUIN


CLIMATE REPORT
NATIONAL WEATHER SERVICE ST LOUIS MO
235 AM CDT THU SEP 29 2016


...................................

...THE QUINCY IL CLIMATE SUMMARY FOR SEPTEMBER 28 2016...

CLIMATE NORMAL PERIOD 1981 TO 2010
CLIMATE RECORD PERIOD 1901 TO 2016


WEATHER ITEM   OBSERVED TIME   RECORD YEAR NORMAL DEPARTURE LAST
                VALUE   (LST)  VALUE       VALUE  FROM      YEAR
                                                  NORMAL
..................................................................
TEMPERATURE (F)
 YESTERDAY
  MAXIMUM         62   1159 AM 100    1953  72    -10       82
  MINIMUM         52   1159 PM  26    1942  50      2       65
  AVERAGE         57                        61     -4

PRECIPITATION (IN)
  YESTERDAY        0.00          2.00 1911   0.10  -0.10     0.00
  MONTH TO DATE    3.09                      3.09   0.00     1.21
  SINCE SEP 1      3.09                      3.09   0.00     1.21
  SINCE JAN 1     26.78                     28.84  -2.06    29.97

DEGREE DAYS
 HEATING
  YESTERDAY        8                         6      2
  MONTH TO DATE   12                        71    -59
  SINCE SEP 1     12                        71    -59
  SINCE JUL 1     18                        76    -58

 COOLING
  YESTERDAY        0                         2     -2
  MONTH TO DATE  220                       119    101
  SINCE SEP 1    220                       119    101
  SINCE JAN 1   1396                      1072    324
..................................................................


WIND (MPH)
  HIGHEST WIND SPEED    23   HIGHEST WIND DIRECTION     N (360)
  HIGHEST GUST SPEED    29   HIGHEST GUST DIRECTION    NW (330)
  AVERAGE WIND SPEED    11.6


SKY COVER
  AVERAGE SKY COVER 0.6



RELATIVE HUMIDITY (PERCENT)
 HIGHEST    83          1100 PM
 LOWEST     55          1200 PM
 AVERAGE    69

..........................................................


THE QUINCY IL CLIMATE NORMALS FOR TODAY
                         NORMAL    RECORD    YEAR
 MAXIMUM TEMPERATURE (F)   72       100      1953
 MINIMUM TEMPERATURE (F)   50        32      1984
                                             1908


SUNRISE AND SUNSET
SEPTEMBER 29 2016.....SUNRISE   700 AM CDT   SUNSET   649 PM CDT
SEPTEMBER 30 2016.....SUNRISE   701 AM CDT   SUNSET   648 PM CDT


-  INDICATES NEGATIVE NUMBERS.
R  INDICATES RECORD WAS SET OR TIED.
MM INDICATES DATA IS MISSING.
T  INDICATES TRACE AMOUNT.




$$
