000
CDUS43 KLSX 020745
CLIUIN


CLIMATE REPORT
NATIONAL WEATHER SERVICE ST LOUIS MO
245 AM CDT THU OCT 2 2014


...................................

...THE QUINCY IL CLIMATE SUMMARY FOR OCTOBER 1 2014...

CLIMATE NORMAL PERIOD 1981 TO 2010
CLIMATE RECORD PERIOD 1901 TO 2014


WEATHER ITEM   OBSERVED TIME   RECORD YEAR NORMAL DEPARTURE LAST
                VALUE   (LST)  VALUE       VALUE  FROM      YEAR
                                                  NORMAL
..................................................................
TEMPERATURE (F)
 YESTERDAY
  MAXIMUM         69    929 AM  90    1937  71     -2       84
  MINIMUM         54    554 AM  32    1985  49      5       63
                                      1958
                                      1939
  AVERAGE         62                        60      2

PRECIPITATION (IN)
  YESTERDAY        1.90R         1.19 1925   0.10   1.80     0.00
  MONTH TO DATE    1.90                      0.10   1.80     0.00
  SINCE SEP 1      8.17                      3.40   4.77     1.80
  SINCE JAN 1     33.79                     29.15   4.64    29.90

DEGREE DAYS
 HEATING
  YESTERDAY        3                         7     -4
  MONTH TO DATE    3                         7     -4
  SINCE SEP 1     90                        89      1
  SINCE JUL 1     95                        94      1

 COOLING
  YESTERDAY        0                         2     -2
  MONTH TO DATE    0                         2     -2
  SINCE SEP 1     87                       125    -38
  SINCE JAN 1   1016                      1078    -62
..................................................................


WIND (MPH)
  HIGHEST WIND SPEED    17   HIGHEST WIND DIRECTION     E (110)
  HIGHEST GUST SPEED    22   HIGHEST GUST DIRECTION     S (160)
  AVERAGE WIND SPEED     9.0


SKY COVER
  AVERAGE SKY COVER 0.5



RELATIVE HUMIDITY (PERCENT)
 HIGHEST    93           600 AM
 LOWEST     73           900 AM
 AVERAGE    83

..........................................................


THE QUINCY IL CLIMATE NORMALS FOR TODAY
                         NORMAL    RECORD    YEAR
 MAXIMUM TEMPERATURE (F)   70        93      1953
                                             1922
 MINIMUM TEMPERATURE (F)   49        27      1974


SUNRISE AND SUNSET
OCTOBER  2 2014.......SUNRISE   702 AM CDT   SUNSET   645 PM CDT
OCTOBER  3 2014.......SUNRISE   703 AM CDT   SUNSET   644 PM CDT


-  INDICATES NEGATIVE NUMBERS.
R  INDICATES RECORD WAS SET OR TIED.
MM INDICATES DATA IS MISSING.
T  INDICATES TRACE AMOUNT.




$$
