000
CDUS46 KEKA 271236
CLIUKI


CLIMATE REPORT
NATIONAL WEATHER SERVICE EUREKA CA
536 AM PDT WED MAY 27 2015


...................................

...THE UKIAH CA CLIMATE SUMMARY FOR MAY 26 2015...

CLIMATE NORMAL PERIOD 1981 TO 2010
CLIMATE RECORD PERIOD 1903 TO 2015


WEATHER ITEM   OBSERVED TIME   RECORD YEAR NORMAL DEPARTURE LAST
                VALUE   (LST)  VALUE       VALUE  FROM      YEAR
                                                  NORMAL
..................................................................
TEMPERATURE (F)
 YESTERDAY
  MAXIMUM         83    406 PM  99    1951  79      4       86
  MINIMUM         51    649 AM  34    1920  48      3       54
  AVERAGE         67                        63      4       70

PRECIPITATION (IN)
  YESTERDAY        0.00          1.50 1993   0.03  -0.03     0.00
  MONTH TO DATE    0.40                      1.29  -0.89      T
  SINCE OCT 1     25.84                     36.29 -10.45    17.97
  SINCE JAN 1      8.07                     22.91 -14.84    16.63

SNOWFALL (IN)
  YESTERDAY        0.0          MM      MM  MM     MM        0.0
  MONTH TO DATE    0.0                      MM     MM        0.0
  SINCE MAR 1      0.0                      MM     MM        0.0
  SINCE JUL 1      0.0                      MM     MM        0.0
  SNOW DEPTH       0

DEGREE DAYS
 HEATING
  YESTERDAY        0                         3     -3        0
  MONTH TO DATE   80                       126    -46       68
  SINCE MAR 1    483                       839   -356      536
  SINCE JUL 1   1997                      3072  -1075     2543

 COOLING
  YESTERDAY        2                         2      0        5
  MONTH TO DATE   13                        38    -25       71
  SINCE MAR 1     27                        46    -19       83
  SINCE JAN 1     27                        46    -19       83
..................................................................


WIND (MPH)
  HIGHEST WIND SPEED    13   HIGHEST WIND DIRECTION    NE (50)
  HIGHEST GUST SPEED    16   HIGHEST GUST DIRECTION    NE (60)
  AVERAGE WIND SPEED     5.9


SKY COVER
  AVERAGE SKY COVER 0.4


WEATHER CONDITIONS
 THE FOLLOWING WEATHER WAS RECORDED YESTERDAY.
  NO SIGNIFICANT WEATHER WAS OBSERVED.


RELATIVE HUMIDITY (PERCENT)
 HIGHEST    89
 LOWEST     37
 AVERAGE    63

..........................................................


THE UKIAH CA CLIMATE NORMALS FOR TODAY
                         NORMAL    RECORD    YEAR
 MAXIMUM TEMPERATURE (F)   79       101      1984
 MINIMUM TEMPERATURE (F)   48        35      1929


SUNRISE AND SUNSET
MAY 27 2015...........SUNRISE   551 AM PDT   SUNSET   829 PM PDT
MAY 28 2015...........SUNRISE   551 AM PDT   SUNSET   830 PM PDT


-  INDICATES NEGATIVE NUMBERS.
R  INDICATES RECORD WAS SET OR TIED.
MM INDICATES DATA IS MISSING.
T  INDICATES TRACE AMOUNT.




$$
