000
CDUS46 KEKA 291221
CLIUKI


CLIMATE REPORT
NATIONAL WEATHER SERVICE EUREKA CA
514 AM PDT SAT AUG 29 2015


...................................

...THE UKIAH CA CLIMATE SUMMARY FOR AUGUST 28 2015...

CLIMATE NORMAL PERIOD 1981 TO 2010
CLIMATE RECORD PERIOD 1903 TO 2015


WEATHER ITEM   OBSERVED TIME   RECORD YEAR NORMAL DEPARTURE LAST
                VALUE   (LST)  VALUE       VALUE  FROM      YEAR
                                                  NORMAL
..................................................................
TEMPERATURE (F)
 YESTERDAY
  MAXIMUM         96    247 PM 108    2008  90      6      100
  MINIMUM         60    537 AM  40    1921  53      7       59
  AVERAGE         78                        71      7       80

PRECIPITATION (IN)
  YESTERDAY        0.00          0.50 1954   0.01  -0.01     0.00
  MONTH TO DATE    T                         0.07  -0.07     0.01
  SINCE OCT 1     26.00                     36.87 -10.87    17.98
  SINCE JAN 1      8.23                     23.49 -15.26    16.64

SNOWFALL (IN)
  YESTERDAY        0.0          MM      MM  MM     MM        0.0
  MONTH TO DATE    0.0                      MM     MM        0.0
  SINCE JUN 1      0.0                      MM     MM        0.0
  SINCE JUL 1      0.0                      MM     MM        0.0
  SNOW DEPTH       0

DEGREE DAYS
 HEATING
  YESTERDAY        0                         0      0        0
  MONTH TO DATE    2                         0      2        0
  SINCE JUN 1      7                        33    -26        2
  SINCE JUL 1      3                         1      2        0

 COOLING
  YESTERDAY       13                         7      6       15
  MONTH TO DATE  249                       221     28      275
  SINCE JUN 1    863                       612    251      879
  SINCE JAN 1    911                       664    247      968
..................................................................


WIND (MPH)
  HIGHEST WIND SPEED    17   HIGHEST WIND DIRECTION     W (250)
  HIGHEST GUST SPEED    23   HIGHEST GUST DIRECTION     W (250)
  AVERAGE WIND SPEED     4.7


SKY COVER
  AVERAGE SKY COVER 0.0


WEATHER CONDITIONS
 THE FOLLOWING WEATHER WAS RECORDED YESTERDAY.
  NO SIGNIFICANT WEATHER WAS OBSERVED.


RELATIVE HUMIDITY (PERCENT)
 HIGHEST    65
 LOWEST     17
 AVERAGE    41

..........................................................


THE UKIAH CA CLIMATE NORMALS FOR TODAY
                         NORMAL    RECORD    YEAR
 MAXIMUM TEMPERATURE (F)   90       107      1924
 MINIMUM TEMPERATURE (F)   53        40      1921


SUNRISE AND SUNSET
AUGUST 29 2015........SUNRISE   639 AM PDT   SUNSET   748 PM PDT
AUGUST 30 2015........SUNRISE   640 AM PDT   SUNSET   747 PM PDT


-  INDICATES NEGATIVE NUMBERS.
R  INDICATES RECORD WAS SET OR TIED.
MM INDICATES DATA IS MISSING.
T  INDICATES TRACE AMOUNT.




$$
