000
CDUS46 KEKA 261210
CLIUKI


CLIMATE REPORT
NATIONAL WEATHER SERVICE EUREKA CA
510 AM PDT FRI MAY 26 2017


...................................

...THE UKIAH CA CLIMATE SUMMARY FOR MAY 25 2017...

CLIMATE NORMAL PERIOD 1981 TO 2010
CLIMATE RECORD PERIOD 1903 TO 2017


WEATHER ITEM   OBSERVED TIME   RECORD YEAR NORMAL DEPARTURE LAST
                VALUE   (LST)  VALUE       VALUE  FROM      YEAR
                                                  NORMAL
..................................................................
TEMPERATURE (F)
 YESTERDAY
  MAXIMUM         75    338 PM  98    1982  79     -4       78
  MINIMUM         53    506 AM  33    1920  48      5       52
  AVERAGE         64                        63      1       65

PRECIPITATION (IN)
  YESTERDAY        0.00          1.04 1942   0.02  -0.02     0.00
  MONTH TO DATE    0.01                      1.26  -1.25     0.45
  SINCE OCT 1     51.58                     36.26  15.32    36.16
  SINCE JAN 1     34.47                     22.88  11.59    23.95

SNOWFALL (IN)
  YESTERDAY        0.0          MM      MM  MM     MM        0.0
  MONTH TO DATE    0.0                      MM     MM        0.0
  SINCE MAR 1      0.0                      MM     MM        0.0
  SINCE JUL 1      0.0                      MM     MM        0.0
  SNOW DEPTH       0

DEGREE DAYS
 HEATING
  YESTERDAY        1                         4     -3        0
  MONTH TO DATE   84                       123    -39       72
  SINCE MAR 1    693                       836   -143      596
  SINCE JUL 1   2860                      3069   -209     2535

 COOLING
  YESTERDAY        0                         2     -2        0
  MONTH TO DATE   78                        36     42       25
  SINCE MAR 1     78                        44     34       32
  SINCE JAN 1     78                        44     34       32
..................................................................


WIND (MPH)
  HIGHEST WIND SPEED    14   HIGHEST WIND DIRECTION    SE (120)
  HIGHEST GUST SPEED    19   HIGHEST GUST DIRECTION    SE (140)
  AVERAGE WIND SPEED     7.2


SKY COVER
  AVERAGE SKY COVER 0.6


WEATHER CONDITIONS
 THE FOLLOWING WEATHER WAS RECORDED YESTERDAY.
  NO SIGNIFICANT WEATHER WAS OBSERVED.


RELATIVE HUMIDITY (PERCENT)
 HIGHEST    93
 LOWEST     46
 AVERAGE    70

..........................................................


THE UKIAH CA CLIMATE NORMALS FOR TODAY
                         NORMAL    RECORD    YEAR
 MAXIMUM TEMPERATURE (F)   79        99      1951
 MINIMUM TEMPERATURE (F)   48        34      1920


SUNRISE AND SUNSET
MAY 26 2017...........SUNRISE   551 AM PDT   SUNSET   829 PM PDT
MAY 27 2017...........SUNRISE   551 AM PDT   SUNSET   830 PM PDT


-  INDICATES NEGATIVE NUMBERS.
R  INDICATES RECORD WAS SET OR TIED.
MM INDICATES DATA IS MISSING.
T  INDICATES TRACE AMOUNT.




$$
