000
CDUS46 KEKA 260042
CLIUKI


CLIMATE REPORT
NATIONAL WEATHER SERVICE EUREKA CA
542 PM PDT SAT OCT 25 2014


...................................

...THE UKIAH CA CLIMATE SUMMARY FOR OCTOBER 25 2014...
VALID TODAY AS OF 0500 PM LOCAL TIME.

CLIMATE NORMAL PERIOD 1981 TO 2010
CLIMATE RECORD PERIOD 1903 TO 2014


WEATHER ITEM   OBSERVED RECORD YEAR NORMAL DEPARTURE LAST
                VALUE   VALUE       VALUE  FROM      YEAR
                                           NORMAL
...........................................................
TEMPERATURE (F)
 TODAY
  MAXIMUM         64     95    1917  73     -9       80
  MINIMUM         56     30    1939  42     14       39
  AVERAGE         60                 58      2       60

PRECIPITATION (IN)
  TODAY            0.41   1.32 1979   0.13   0.28     0.00
  MONTH TO DATE    1.03               1.26  -0.23     0.00
  SINCE JUL 1      1.72               1.85  -0.13     0.58
  SINCE JAN 1     18.35              25.23  -6.88     6.16

SNOWFALL (IN)
  TODAY            0.0   MM          MM     MM        0.0
  MONTH TO DATE    0.0               MM     MM        0.0
  SINCE SEP 1      0.0               MM     MM        0.0
  SINCE JUL 1      0.0               MM     MM        0.0
  SNOW DEPTH       0

...........................................................


WIND (MPH)
  HIGHEST WIND SPEED    16   HIGHEST WIND DIRECTION     S (190)
  HIGHEST GUST SPEED    27   HIGHEST GUST DIRECTION     S (160)
  AVERAGE WIND SPEED     7.9


SKY COVER
  AVERAGE SKY COVER 1.0


WEATHER CONDITIONS
 THE FOLLOWING WEATHER WAS RECORDED TODAY.
  HEAVY RAIN
  RAIN
  LIGHT RAIN
  FOG


RELATIVE HUMIDITY (PERCENT)
 HIGHEST    93
 LOWEST     72
 AVERAGE    83

..........................................................


THE UKIAH CA CLIMATE NORMALS FOR TOMORROW
                         NORMAL    RECORD    YEAR
 MAXIMUM TEMPERATURE (F)   72        93      1917
 MINIMUM TEMPERATURE (F)   42        26      1919


SUNRISE AND SUNSET
OCTOBER 25 2014.......SUNRISE   733 AM PDT   SUNSET   620 PM PDT
OCTOBER 26 2014.......SUNRISE   734 AM PDT   SUNSET   619 PM PDT


-  INDICATES NEGATIVE NUMBERS.
R  INDICATES RECORD WAS SET OR TIED.
MM INDICATES DATA IS MISSING.
T  INDICATES TRACE AMOUNT.




$$
