000
CDUS46 KEKA 011218
CLIUKI


CLIMATE REPORT
NATIONAL WEATHER SERVICE EUREKA CA
518 AM PDT SUN MAY 1 2016


...................................

...THE UKIAH CA CLIMATE SUMMARY FOR APRIL 30 2016...

CLIMATE NORMAL PERIOD 1981 TO 2010
CLIMATE RECORD PERIOD 1903 TO 2016


WEATHER ITEM   OBSERVED TIME   RECORD YEAR NORMAL DEPARTURE LAST
                VALUE   (LST)  VALUE       VALUE  FROM      YEAR
                                                  NORMAL
..................................................................
TEMPERATURE (F)
 YESTERDAY
  MAXIMUM         80    327 PM  94    1981  73      7       91
  MINIMUM         40    543 AM  31    1913  45     -5       46
  AVERAGE         60                        59      1       69

PRECIPITATION (IN)
  YESTERDAY        0.00          0.82 1942   0.06  -0.06     0.00
  MONTH TO DATE    1.27                      2.55  -1.28     1.93
  SINCE OCT 1     35.71                     35.00   0.71    25.44
  SINCE JAN 1     23.50                     21.62   1.88     7.67

SNOWFALL (IN)
  YESTERDAY        0.0          MM      MM  MM     MM        0.0
  MONTH TO DATE    0.0                      MM     MM        0.0
  SINCE MAR 1      0.0                      MM     MM        0.0
  SINCE JUL 1      0.0                      MM     MM        0.0
  SNOW DEPTH       0

DEGREE DAYS
 HEATING
  YESTERDAY        5                         7     -2        0
  MONTH TO DATE  186                       300   -114      208
  SINCE MAR 1    524                       713   -189      403
  SINCE JUL 1   2463                      2946   -483     1917

 COOLING
  YESTERDAY        0                         1     -1        4
  MONTH TO DATE    7                         8     -1        9
  SINCE MAR 1      7                         8     -1       14
  SINCE JAN 1      7                         8     -1       14
..................................................................


WIND (MPH)
  HIGHEST WIND SPEED    16   HIGHEST WIND DIRECTION     N (10)
  HIGHEST GUST SPEED    22   HIGHEST GUST DIRECTION     N (360)
  AVERAGE WIND SPEED     4.8


SKY COVER
  AVERAGE SKY COVER 0.0


WEATHER CONDITIONS
 THE FOLLOWING WEATHER WAS RECORDED YESTERDAY.
  NO SIGNIFICANT WEATHER WAS OBSERVED.


RELATIVE HUMIDITY (PERCENT)
 HIGHEST    89
 LOWEST     16
 AVERAGE    53

..........................................................


THE UKIAH CA CLIMATE NORMALS FOR TODAY
                         NORMAL    RECORD    YEAR
 MAXIMUM TEMPERATURE (F)   73        96      1947
 MINIMUM TEMPERATURE (F)   45        31      1913


SUNRISE AND SUNSET
MAY  1 2016...........SUNRISE   614 AM PDT   SUNSET   806 PM PDT
MAY  2 2016...........SUNRISE   613 AM PDT   SUNSET   807 PM PDT


-  INDICATES NEGATIVE NUMBERS.
R  INDICATES RECORD WAS SET OR TIED.
MM INDICATES DATA IS MISSING.
T  INDICATES TRACE AMOUNT.




$$
