000
CDUS46 KEKA 211215
CLIUKI


CLIMATE REPORT
NATIONAL WEATHER SERVICE EUREKA CA
514 AM PDT THU AUG 21 2014


...................................

...THE UKIAH CA CLIMATE SUMMARY FOR AUGUST 20 2014...

CLIMATE NORMAL PERIOD 1981 TO 2010
CLIMATE RECORD PERIOD 1903 TO 2014


WEATHER ITEM   OBSERVED TIME   RECORD YEAR NORMAL DEPARTURE LAST
                VALUE   (LST)  VALUE       VALUE  FROM      YEAR
                                                  NORMAL
..................................................................
TEMPERATURE (F)
 YESTERDAY
  MAXIMUM         84    259 PM 111    1950  91     -7       92
  MINIMUM         59    311 AM  40    1910  53      6       61
  AVERAGE         72                        72      0       77

PRECIPITATION (IN)
  YESTERDAY        0.00          0.79 1997   0.01  -0.01     0.00
  MONTH TO DATE    0.01                      0.02  -0.01     0.00
  SINCE JUL 1      0.01                      0.06  -0.05     0.03
  SINCE JAN 1     16.64                     23.44  -6.80     5.61

SNOWFALL (IN)
  YESTERDAY        0.0          MM      MM  MM     MM        0.0
  MONTH TO DATE    0.0                      MM     MM        0.0
  SINCE JUN 1      0.0                      MM     MM        0.0
  SINCE JUL 1      0.0                      MM     MM        0.0
  SNOW DEPTH       0

DEGREE DAYS
 HEATING
  YESTERDAY        0                         0      0        0
  MONTH TO DATE    0                         0      0        0
  SINCE JUN 1      2                        33    -31       18
  SINCE JUL 1      0                         1     -1        0

 COOLING
  YESTERDAY        7                         7      0       12
  MONTH TO DATE  198                       165     33      169
  SINCE JUN 1    802                       556    246      718
  SINCE JAN 1    891                       608    283      777
..................................................................


WIND (MPH)
  HIGHEST WIND SPEED    16   HIGHEST WIND DIRECTION    SE (140)
  HIGHEST GUST SPEED    23   HIGHEST GUST DIRECTION    SE (140)
  AVERAGE WIND SPEED     6.6


SKY COVER
  AVERAGE SKY COVER 0.3


WEATHER CONDITIONS
 THE FOLLOWING WEATHER WAS RECORDED YESTERDAY.
  NO SIGNIFICANT WEATHER WAS OBSERVED.


RELATIVE HUMIDITY (PERCENT)
 HIGHEST    84
 LOWEST     40
 AVERAGE    62

..........................................................


THE UKIAH CA CLIMATE NORMALS FOR TODAY
                         NORMAL    RECORD    YEAR
 MAXIMUM TEMPERATURE (F)   91       106      1942
 MINIMUM TEMPERATURE (F)   53        40      1910


SUNRISE AND SUNSET
AUGUST 21 2014........SUNRISE   632 AM PDT   SUNSET   800 PM PDT
AUGUST 22 2014........SUNRISE   632 AM PDT   SUNSET   758 PM PDT


-  INDICATES NEGATIVE NUMBERS.
R  INDICATES RECORD WAS SET OR TIED.
MM INDICATES DATA IS MISSING.
T  INDICATES TRACE AMOUNT.




$$
