000
CDUS46 KEKA 231209
CLIUKI


CLIMATE REPORT
NATIONAL WEATHER SERVICE EUREKA CA
509 AM PDT TUE SEP 23 2014


...................................

...THE UKIAH CA CLIMATE SUMMARY FOR SEPTEMBER 22 2014...

CLIMATE NORMAL PERIOD 1981 TO 2010
CLIMATE RECORD PERIOD 1903 TO 2014


WEATHER ITEM   OBSERVED TIME   RECORD YEAR NORMAL DEPARTURE LAST
                VALUE   (LST)  VALUE       VALUE  FROM      YEAR
                                                  NORMAL
..................................................................
TEMPERATURE (F)
 YESTERDAY
  MAXIMUM         88    306 PM 108    1943  86      2       72
  MINIMUM         53    625 AM  34    1924  48      5       48
  AVERAGE         71                        67      4       60

PRECIPITATION (IN)
  YESTERDAY        0.00          1.55 1923   0.02  -0.02     0.00
  MONTH TO DATE    0.07                      0.32  -0.25     0.29
  SINCE JUL 1      0.08                      0.46  -0.38     0.32
  SINCE JAN 1     16.71                     23.84  -7.13     5.90

SNOWFALL (IN)
  YESTERDAY        0.0          MM      MM  MM     MM        0.0
  MONTH TO DATE    0.0                      MM     MM        0.0
  SINCE SEP 1      0.0                      MM     MM        0.0
  SINCE JUL 1      0.0                      MM     MM        0.0
  SNOW DEPTH       0

DEGREE DAYS
 HEATING
  YESTERDAY        0                         1     -1        5
  MONTH TO DATE    0                        12    -12       12
  SINCE SEP 1      0                        12    -12       12
  SINCE JUL 1      0                        15    -15       12

 COOLING
  YESTERDAY        6                         3      3        0
  MONTH TO DATE  190                       108     82      124
  SINCE SEP 1    190                       108     82      124
  SINCE JAN 1   1190                       791    399      971
..................................................................


WIND (MPH)
  HIGHEST WIND SPEED    13   HIGHEST WIND DIRECTION     S (180)
  HIGHEST GUST SPEED    18   HIGHEST GUST DIRECTION    SW (220)
  AVERAGE WIND SPEED     3.8


SKY COVER
  AVERAGE SKY COVER 0.0


WEATHER CONDITIONS
 THE FOLLOWING WEATHER WAS RECORDED YESTERDAY.
  NO SIGNIFICANT WEATHER WAS OBSERVED.


RELATIVE HUMIDITY (PERCENT)
 HIGHEST    93
 LOWEST     29
 AVERAGE    61

..........................................................


THE UKIAH CA CLIMATE NORMALS FOR TODAY
                         NORMAL    RECORD    YEAR
 MAXIMUM TEMPERATURE (F)   86       108      1964
 MINIMUM TEMPERATURE (F)   48        37      1941


SUNRISE AND SUNSET
SEPTEMBER 23 2014.....SUNRISE   701 AM PDT   SUNSET   708 PM PDT
SEPTEMBER 24 2014.....SUNRISE   702 AM PDT   SUNSET   706 PM PDT


-  INDICATES NEGATIVE NUMBERS.
R  INDICATES RECORD WAS SET OR TIED.
MM INDICATES DATA IS MISSING.
T  INDICATES TRACE AMOUNT.




$$
