757
CDUS46 KEKA 061212
CLIUKI


CLIMATE REPORT
NATIONAL WEATHER SERVICE EUREKA CA
412 AM PST TUE DEC 6 2016


...................................

...THE UKIAH CA CLIMATE SUMMARY FOR DECEMBER 5 2016...

CLIMATE NORMAL PERIOD 1981 TO 2010
CLIMATE RECORD PERIOD 1903 TO 2016


WEATHER ITEM   OBSERVED TIME   RECORD YEAR NORMAL DEPARTURE LAST
                VALUE   (LST)  VALUE       VALUE  FROM      YEAR
                                                  NORMAL
..................................................................
TEMPERATURE (F)
 YESTERDAY
  MAXIMUM         51    111 PM  79    1925  56     -5       52
  MINIMUM         34   1159 PM  21    2013  36     -2       39
  AVERAGE         43                        46     -3       46

PRECIPITATION (IN)
  YESTERDAY        0.00          2.32 1996   0.18  -0.18      T
  MONTH TO DATE    0.00                      0.78  -0.78     0.90
  SINCE OCT 1      9.57                      7.21   2.36     3.27
  SINCE JAN 1     33.88                     31.18   2.70    12.25

SNOWFALL (IN)
  YESTERDAY        0.0          MM      MM  MM     MM       MM
  MONTH TO DATE    0.0                      MM     MM       MM
  SINCE DEC 1      0.0                      MM     MM       MM
  SINCE JUL 1      0.0                      MM     MM        0.0
  SNOW DEPTH       0

DEGREE DAYS
 HEATING
  YESTERDAY       22                        19      3       19
  MONTH TO DATE   93                        93      0       86
  SINCE DEC 1     93                        93      0       86
  SINCE JUL 1    630                       716    -86      609

 COOLING
  YESTERDAY        0                         0      0        0
  MONTH TO DATE    0                         0      0        0
  SINCE DEC 1      0                         0      0        0
  SINCE JAN 1   1004                       835    169     1179
..................................................................


WIND (MPH)
  HIGHEST WIND SPEED    10   HIGHEST WIND DIRECTION    NW (310)
  HIGHEST GUST SPEED    14   HIGHEST GUST DIRECTION    NW (310)
  AVERAGE WIND SPEED     3.1


SKY COVER
  AVERAGE SKY COVER 0.2


WEATHER CONDITIONS
 THE FOLLOWING WEATHER WAS RECORDED YESTERDAY.
  FOG
  FOG W/VISIBILITY <= 1/4 MILE


RELATIVE HUMIDITY (PERCENT)
 HIGHEST   100
 LOWEST     56
 AVERAGE    78

..........................................................


THE UKIAH CA CLIMATE NORMALS FOR TODAY
                         NORMAL    RECORD    YEAR
 MAXIMUM TEMPERATURE (F)   56        78      1925
 MINIMUM TEMPERATURE (F)   36        20      2013


SUNRISE AND SUNSET
DECEMBER  6 2016......SUNRISE   718 AM PST   SUNSET   450 PM PST
DECEMBER  7 2016......SUNRISE   719 AM PST   SUNSET   450 PM PST


-  INDICATES NEGATIVE NUMBERS.
R  INDICATES RECORD WAS SET OR TIED.
MM INDICATES DATA IS MISSING.
T  INDICATES TRACE AMOUNT.




$$
