000
CDUS46 KEKA 121220
CLIUKI


CLIMATE REPORT
NATIONAL WEATHER SERVICE EUREKA CA
520 AM PDT SAT JUL 12 2014


...................................

...THE UKIAH CA CLIMATE SUMMARY FOR JULY 11 2014...

CLIMATE NORMAL PERIOD 1981 TO 2010
CLIMATE RECORD PERIOD 1903 TO 2014


WEATHER ITEM   OBSERVED TIME   RECORD YEAR NORMAL DEPARTURE LAST
                VALUE   (LST)  VALUE       VALUE  FROM      YEAR
                                                  NORMAL
..................................................................
TEMPERATURE (F)
 YESTERDAY
  MAXIMUM         85    322 PM 110    1913  92     -7       95
  MINIMUM         58    532 AM  41    1960  56      2       49
  AVERAGE         72                        74     -2       72

PRECIPITATION (IN)
  YESTERDAY        0.00          0.01 2007   0.00   0.00     0.00
  MONTH TO DATE    0.00                      0.04  -0.04     0.03
  SINCE JUL 1      0.00                      0.04  -0.04     0.03
  SINCE JAN 1     16.63                     23.42  -6.79     5.61

SNOWFALL (IN)
  YESTERDAY        0.0          MM      MM  MM     MM       MM
  MONTH TO DATE    0.0                      MM     MM        0.0
  SINCE JUN 1      0.0                      MM     MM        0.0
  SINCE JUL 1      0.0                      MM     MM        0.0
  SNOW DEPTH       0

DEGREE DAYS
 HEATING
  YESTERDAY        0                         0      0        0
  MONTH TO DATE    0                         0      0        0
  SINCE JUN 1      2                        32    -30       18
  SINCE JUL 1      0                         0      0        0

 COOLING
  YESTERDAY        7                         9     -2        7
  MONTH TO DATE  132                        88     44      160
  SINCE JUN 1    353                       200    153      333
  SINCE JAN 1    442                       252    190      392
..................................................................


WIND (MPH)
  HIGHEST WIND SPEED    20   HIGHEST WIND DIRECTION    SE (150)
  HIGHEST GUST SPEED    29   HIGHEST GUST DIRECTION    SE (140)
  AVERAGE WIND SPEED     9.5


SKY COVER
  AVERAGE SKY COVER 0.1


WEATHER CONDITIONS
 THE FOLLOWING WEATHER WAS RECORDED YESTERDAY.
  NO SIGNIFICANT WEATHER WAS OBSERVED.


RELATIVE HUMIDITY (PERCENT)
 HIGHEST    86
 LOWEST     32
 AVERAGE    59

..........................................................


THE UKIAH CA CLIMATE NORMALS FOR TODAY
                         NORMAL    RECORD    YEAR
 MAXIMUM TEMPERATURE (F)   92       107      1927
 MINIMUM TEMPERATURE (F)   56        42      1924


SUNRISE AND SUNSET
JULY 12 2014..........SUNRISE   557 AM PDT   SUNSET   840 PM PDT
JULY 13 2014..........SUNRISE   558 AM PDT   SUNSET   839 PM PDT


-  INDICATES NEGATIVE NUMBERS.
R  INDICATES RECORD WAS SET OR TIED.
MM INDICATES DATA IS MISSING.
T  INDICATES TRACE AMOUNT.




$$
