000
CDUS46 KEKA 221214
CLIUKI


CLIMATE REPORT
NATIONAL WEATHER SERVICE EUREKA CA
414 AM PST MON DEC 22 2014


...................................

...THE UKIAH CA CLIMATE SUMMARY FOR DECEMBER 21 2014...

CLIMATE NORMAL PERIOD 1981 TO 2010
CLIMATE RECORD PERIOD 1903 TO 2014


WEATHER ITEM   OBSERVED TIME   RECORD YEAR NORMAL DEPARTURE LAST
                VALUE   (LST)  VALUE       VALUE  FROM      YEAR
                                                  NORMAL
..................................................................
TEMPERATURE (F)
 YESTERDAY
  MAXIMUM         62    447 PM  68    1999  54      8       64
  MINIMUM         52   1159 PM  19    1998  36     16       35
  AVERAGE         57                        45     12       50

PRECIPITATION (IN)
  YESTERDAY        0.07          4.23 1964   0.26  -0.19     0.00
  MONTH TO DATE   11.99                      4.44   7.55     0.49
  SINCE JUL 1     18.35                     11.46   6.89     1.92
  SINCE JAN 1     34.98                     34.84   0.14     7.50

SNOWFALL (IN)
  YESTERDAY        0.0          MM      MM  MM     MM        0.0
  MONTH TO DATE    0.0                      MM     MM        0.0
  SINCE DEC 1      0.0                      MM     MM        0.0
  SINCE JUL 1      0.0                      MM     MM        0.0
  SNOW DEPTH       0

DEGREE DAYS
 HEATING
  YESTERDAY        8                        20    -12       15
  MONTH TO DATE  228                       409   -181      468
  SINCE DEC 1    228                       409   -181      468
  SINCE JUL 1    629                      1032   -403      993

 COOLING
  YESTERDAY        0                         0      0        0
  MONTH TO DATE    0                         0      0        0
  SINCE DEC 1      0                         0      0        0
  SINCE JAN 1   1290                       835    455      974
..................................................................


WIND (MPH)
  HIGHEST WIND SPEED     8   HIGHEST WIND DIRECTION     N (20)
  HIGHEST GUST SPEED    12   HIGHEST GUST DIRECTION     N (20)
  AVERAGE WIND SPEED     0.6


SKY COVER
  AVERAGE SKY COVER 0.8


WEATHER CONDITIONS
 THE FOLLOWING WEATHER WAS RECORDED YESTERDAY.
  LIGHT RAIN
  FOG


RELATIVE HUMIDITY (PERCENT)
 HIGHEST   100
 LOWEST     80
 AVERAGE    90

..........................................................


THE UKIAH CA CLIMATE NORMALS FOR TODAY
                         NORMAL    RECORD    YEAR
 MAXIMUM TEMPERATURE (F)   54        72      1914
 MINIMUM TEMPERATURE (F)   36        15      1990


SUNRISE AND SUNSET
DECEMBER 22 2014......SUNRISE   729 AM PST   SUNSET   454 PM PST
DECEMBER 23 2014......SUNRISE   729 AM PST   SUNSET   455 PM PST


-  INDICATES NEGATIVE NUMBERS.
R  INDICATES RECORD WAS SET OR TIED.
MM INDICATES DATA IS MISSING.
T  INDICATES TRACE AMOUNT.




$$
