000
CDUS46 KEKA 011212
CLIUKI


CLIMATE REPORT
NATIONAL WEATHER SERVICE EUREKA CA
410 AM PST SUN FEB 1 2015


...................................

...THE UKIAH CA CLIMATE SUMMARY FOR JANUARY 31 2015...

CLIMATE NORMAL PERIOD 1981 TO 2010
CLIMATE RECORD PERIOD 1903 TO 2015


WEATHER ITEM   OBSERVED TIME   RECORD YEAR NORMAL DEPARTURE LAST
                VALUE   (LST)  VALUE       VALUE  FROM      YEAR
                                                  NORMAL
..................................................................
TEMPERATURE (F)
 YESTERDAY
  MAXIMUM         75R   306 PM  75    1962  58     17       58
  MINIMUM         34    727 AM  21    1923  38     -4       31
  AVERAGE         55                        48      7       45

PRECIPITATION (IN)
  YESTERDAY        0.00          3.19 1963   0.12  -0.12     0.00
  MONTH TO DATE    0.46                      7.01  -6.55     0.57
  SINCE JUL 1     18.92                     20.98  -2.06     2.49
  SINCE JAN 1      0.46                      7.01  -6.55     0.57

SNOWFALL (IN)
  YESTERDAY        0.0          MM      MM  MM     MM        0.0
  MONTH TO DATE    0.0                      MM     MM        0.0
  SINCE DEC 1      0.0                      MM     MM        0.0
  SINCE JUL 1      0.0                      MM     MM        0.0
  SNOW DEPTH       0

DEGREE DAYS
 HEATING
  YESTERDAY       10                        17     -7       20
  MONTH TO DATE  431                       570   -139      453
  SINCE DEC 1    846                      1177   -331     1100
  SINCE JUL 1   1247                      1800   -553     1625

 COOLING
  YESTERDAY        0                         0      0        0
  MONTH TO DATE    0                         0      0        0
  SINCE DEC 1      0                         0      0        0
  SINCE JAN 1      0                         0      0        0
..................................................................


WIND (MPH)
  HIGHEST WIND SPEED     7   HIGHEST WIND DIRECTION     W (280)
  HIGHEST GUST SPEED     8   HIGHEST GUST DIRECTION     W (280)
  AVERAGE WIND SPEED     0.7


SKY COVER
  AVERAGE SKY COVER 0.0


WEATHER CONDITIONS
 THE FOLLOWING WEATHER WAS RECORDED YESTERDAY.
  HAZE


RELATIVE HUMIDITY (PERCENT)
 HIGHEST    92
 LOWEST     19
 AVERAGE    56

..........................................................


THE UKIAH CA CLIMATE NORMALS FOR TODAY
                         NORMAL    RECORD    YEAR
 MAXIMUM TEMPERATURE (F)   58        75      2005
                                             1962
 MINIMUM TEMPERATURE (F)   38        21      1950


SUNRISE AND SUNSET
FEBRUARY  1 2015......SUNRISE   720 AM PST   SUNSET   534 PM PST
FEBRUARY  2 2015......SUNRISE   719 AM PST   SUNSET   535 PM PST


-  INDICATES NEGATIVE NUMBERS.
R  INDICATES RECORD WAS SET OR TIED.
MM INDICATES DATA IS MISSING.
T  INDICATES TRACE AMOUNT.




$$
