000
CDUS46 KEKA 241221
CLIUKI


CLIMATE REPORT
NATIONAL WEATHER SERVICE EUREKA CA
421 AM PST FRI NOV 24 2017


...................................

...THE UKIAH CA CLIMATE SUMMARY FOR NOVEMBER 23 2017...

CLIMATE NORMAL PERIOD 1981 TO 2010
CLIMATE RECORD PERIOD 1903 TO 2017


WEATHER ITEM   OBSERVED TIME   RECORD YEAR NORMAL DEPARTURE LAST
                VALUE   (LST)  VALUE       VALUE  FROM      YEAR
                                                  NORMAL
..................................................................
TEMPERATURE (F)
 YESTERDAY
  MAXIMUM         70    309 PM  82    1930  60     10       57
  MINIMUM         54    749 AM  24    1931  38     16       36
  AVERAGE         62                        49     13       47

PRECIPITATION (IN)
  YESTERDAY        0.02          2.69 1981   0.15  -0.13     0.15
  MONTH TO DATE    4.20                      3.09   1.11     2.72
  SINCE OCT 1      4.41                      5.25  -0.84     9.03
  SINCE JAN 1     38.95                     29.22   9.73    33.34

SNOWFALL (IN)
  YESTERDAY        0.0          MM      MM  MM     MM       MM
  MONTH TO DATE    0.0                      MM     MM        0.0
  SINCE SEP 1      0.0                      MM     MM        0.0
  SINCE JUL 1      0.0                      MM     MM        0.0
  SNOW DEPTH       0

DEGREE DAYS
 HEATING
  YESTERDAY        3                        16    -13       18
  MONTH TO DATE  288                       301    -13      224
  SINCE SEP 1    469                       498    -29      415
  SINCE JUL 1    469                       501    -32      415

 COOLING
  YESTERDAY        0                         0      0        0
  MONTH TO DATE    0                         0      0        0
  SINCE SEP 1    220                       152     68      176
  SINCE JAN 1   1310                       835    475     1004
..................................................................


WIND (MPH)
  HIGHEST WIND SPEED     7   HIGHEST WIND DIRECTION    NE (40)
  HIGHEST GUST SPEED     8   HIGHEST GUST DIRECTION    NE (50)
  AVERAGE WIND SPEED     0.5


SKY COVER
  AVERAGE SKY COVER 0.5


WEATHER CONDITIONS
 THE FOLLOWING WEATHER WAS RECORDED YESTERDAY.
  LIGHT RAIN
  FOG


RELATIVE HUMIDITY (PERCENT)
 HIGHEST    93
 LOWEST     53
 AVERAGE    73

..........................................................


THE UKIAH CA CLIMATE NORMALS FOR TODAY
                         NORMAL    RECORD    YEAR
 MAXIMUM TEMPERATURE (F)   59        79      1959
 MINIMUM TEMPERATURE (F)   38        22      1906


SUNRISE AND SUNSET
NOVEMBER 24 2017......SUNRISE   706 AM PST   SUNSET   453 PM PST
NOVEMBER 25 2017......SUNRISE   707 AM PST   SUNSET   452 PM PST


-  INDICATES NEGATIVE NUMBERS.
R  INDICATES RECORD WAS SET OR TIED.
MM INDICATES DATA IS MISSING.
T  INDICATES TRACE AMOUNT.




$$
