000
CDUS43 KSGF 010631
CLIUNO


CLIMATE REPORT
NATIONAL WEATHER SERVICE SPRINGFIELD MO
131 AM CDT SAT AUG 1 2015


...................................

...THE WEST PLAINS MO CLIMATE SUMMARY FOR JULY 31 2015...

CLIMATE NORMAL PERIOD 1981 TO 2010
CLIMATE RECORD PERIOD 1947 TO 2015


WEATHER ITEM   OBSERVED TIME   RECORD YEAR NORMAL DEPARTURE LAST
                VALUE   (LST)  VALUE       VALUE  FROM      YEAR
                                                  NORMAL
..................................................................
TEMPERATURE (F)
 YESTERDAY
  MAXIMUM         91    159 PM 102    1953  91      0       77
  MINIMUM         62    522 AM  47    1971  66     -4       60
  AVERAGE         77                        78     -1       69

PRECIPITATION (IN)
  YESTERDAY        0.00          1.41 1979   0.09  -0.09      T
  MONTH TO DATE    7.86                      3.55   4.31     1.63
  SINCE JUN 1     13.58                      7.57   6.01     6.86
  SINCE JAN 1     31.19                     26.84   4.35    18.84

DEGREE DAYS
 HEATING
  YESTERDAY        0                         0      0        0
  MONTH TO DATE    0                         0      0        2
  SINCE JUN 1      5                         5      0        4
  SINCE JUL 1      0                         0      0        2

 COOLING
  YESTERDAY       12                        13     -1        4
  MONTH TO DATE  444                       405     39      234
  SINCE JUN 1    759                       671     88      499
  SINCE JAN 1    881                       793     88      649
..................................................................


WIND (MPH)
  HIGHEST WIND SPEED     9   HIGHEST WIND DIRECTION     W (280)
  HIGHEST GUST SPEED    11   HIGHEST GUST DIRECTION     W (260)
  AVERAGE WIND SPEED     2.7


SKY COVER
  AVERAGE SKY COVER 0.0


WEATHER CONDITIONS
 THE FOLLOWING WEATHER WAS RECORDED YESTERDAY.
  NO SIGNIFICANT WEATHER WAS OBSERVED.


RELATIVE HUMIDITY (PERCENT)
 HIGHEST    93          1200 AM
 LOWEST     32           200 PM
 AVERAGE    63

..........................................................


THE WEST PLAINS MO CLIMATE NORMALS FOR TODAY
                         NORMAL    RECORD    YEAR
 MAXIMUM TEMPERATURE (F)   91       100      2012
                                             1953
 MINIMUM TEMPERATURE (F)   66        50      1971


SUNRISE AND SUNSET
AUGUST  1 2015........SUNRISE   613 AM CDT   SUNSET   814 PM CDT
AUGUST  2 2015........SUNRISE   614 AM CDT   SUNSET   814 PM CDT


-  INDICATES NEGATIVE NUMBERS.
R  INDICATES RECORD WAS SET OR TIED.
MM INDICATES DATA IS MISSING.
T  INDICATES TRACE AMOUNT.




$$
