000
CDUS43 KSGF 270632
CLIUNO


CLIMATE REPORT
NATIONAL WEATHER SERVICE SPRINGFIELD MO
132 AM CDT TUE JUN 27 2017


...................................

...THE WEST PLAINS MO CLIMATE SUMMARY FOR JUNE 26 2017...

CLIMATE NORMAL PERIOD 1981 TO 2010
CLIMATE RECORD PERIOD 1947 TO 2017


WEATHER ITEM   OBSERVED TIME   RECORD YEAR NORMAL DEPARTURE LAST
                VALUE   (LST)  VALUE       VALUE  FROM      YEAR
                                                  NORMAL
..................................................................
TEMPERATURE (F)
 YESTERDAY
  MAXIMUM         78   1157 AM 102    1954  87     -9       92
  MINIMUM         61   1159 PM  48    1974  66     -5       72
  AVERAGE         70                        76     -6       82

PRECIPITATION (IN)
  YESTERDAY        0.28          1.20 1953   0.14   0.14     0.45
  MONTH TO DATE    1.34                      3.49  -2.15     4.23
  SINCE JUN 1      1.34                      3.49  -2.15     4.23
  SINCE JAN 1     36.75                     22.76  13.99    18.97

DEGREE DAYS
 HEATING
  YESTERDAY        0                         0      0        0
  MONTH TO DATE    0                         4     -4        0
  SINCE JUN 1      0                         4     -4        0
  SINCE JUL 1   3324                      4346  -1022     3525

 COOLING
  YESTERDAY        5                        11     -6       17
  MONTH TO DATE  216                       220     -4      306
  SINCE JUN 1    216                       220     -4      306
  SINCE JAN 1    338                       342     -4      399
..................................................................


WIND (MPH)
  HIGHEST WIND SPEED    21   HIGHEST WIND DIRECTION     N (20)
  HIGHEST GUST SPEED    25   HIGHEST GUST DIRECTION    NE (30)
  AVERAGE WIND SPEED     4.2


SKY COVER
  AVERAGE SKY COVER 0.8


WEATHER CONDITIONS
 THE FOLLOWING WEATHER WAS RECORDED YESTERDAY.
  THUNDERSTORM
  HEAVY RAIN
  LIGHT RAIN
  FOG
  HAZE


RELATIVE HUMIDITY (PERCENT)
 HIGHEST    90           800 AM
 LOWEST     52          1200 PM
 AVERAGE    71

..........................................................


THE WEST PLAINS MO CLIMATE NORMALS FOR TODAY
                         NORMAL    RECORD    YEAR
 MAXIMUM TEMPERATURE (F)   87       101      1952
 MINIMUM TEMPERATURE (F)   66        49      2003
                                             1958


SUNRISE AND SUNSET
JUNE 27 2017..........SUNRISE   551 AM CDT   SUNSET   831 PM CDT
JUNE 28 2017..........SUNRISE   551 AM CDT   SUNSET   831 PM CDT


-  INDICATES NEGATIVE NUMBERS.
R  INDICATES RECORD WAS SET OR TIED.
MM INDICATES DATA IS MISSING.
T  INDICATES TRACE AMOUNT.




$$
