000
CDUS43 KSGF 210637
CLIUNO


CLIMATE REPORT
NATIONAL WEATHER SERVICE SPRINGFIELD MO
1237 AM CST SAT JAN 21 2017


...................................

...THE WEST PLAINS MO CLIMATE SUMMARY FOR JANUARY 20 2017...

CLIMATE NORMAL PERIOD 1981 TO 2010
CLIMATE RECORD PERIOD 1947 TO 2017


WEATHER ITEM   OBSERVED TIME   RECORD YEAR NORMAL DEPARTURE LAST
                VALUE   (LST)  VALUE       VALUE  FROM      YEAR
                                                  NORMAL
..................................................................
TEMPERATURE (F)
 YESTERDAY
  MAXIMUM         63    343 PM  72    1972  45     18       30
  MINIMUM         48    535 AM -18    1985  24     24       22
  AVERAGE         56                        34     22       26

PRECIPITATION (IN)
  YESTERDAY        0.00          1.96 1990   0.10  -0.10     0.06
  MONTH TO DATE    1.48                      1.40   0.08     0.92
  SINCE DEC 1      2.50                      5.04  -2.54     9.96
  SINCE JAN 1      1.48                      1.40   0.08     0.92

DEGREE DAYS
 HEATING
  YESTERDAY        9                        31    -22       39
  MONTH TO DATE  548                       620    -72      643
  SINCE DEC 1   1418                      1513    -95     1253
  SINCE JUL 1   1938                      2365   -427     1888

 COOLING
  YESTERDAY        0                         0      0        0
  MONTH TO DATE    0                         0      0        0
  SINCE DEC 1      0                         0      0        0
  SINCE JAN 1      0                         0      0        0
..................................................................


WIND (MPH)
  HIGHEST WIND SPEED    18   HIGHEST WIND DIRECTION     S (190)
  HIGHEST GUST SPEED    25   HIGHEST GUST DIRECTION     S (170)
  AVERAGE WIND SPEED     8.2


SKY COVER
  AVERAGE SKY COVER 0.6


WEATHER CONDITIONS
 THE FOLLOWING WEATHER WAS RECORDED YESTERDAY.
  FOG


RELATIVE HUMIDITY (PERCENT)
 HIGHEST   100          1200 AM
 LOWEST     60           400 PM
 AVERAGE    80

..........................................................


THE WEST PLAINS MO CLIMATE NORMALS FOR TODAY
                         NORMAL    RECORD    YEAR
 MAXIMUM TEMPERATURE (F)   45        76      1986
 MINIMUM TEMPERATURE (F)   24       -11      1985


SUNRISE AND SUNSET
JANUARY 21 2017.......SUNRISE   717 AM CST   SUNSET   521 PM CST
JANUARY 22 2017.......SUNRISE   716 AM CST   SUNSET   523 PM CST


-  INDICATES NEGATIVE NUMBERS.
R  INDICATES RECORD WAS SET OR TIED.
MM INDICATES DATA IS MISSING.
T  INDICATES TRACE AMOUNT.




$$
