000
CDUS43 KSGF 210640
CLIUNO


CLIMATE REPORT
NATIONAL WEATHER SERVICE SPRINGFIELD MO
1239 AM CST TUE FEB 21 2017


...................................

...THE WEST PLAINS MO CLIMATE SUMMARY FOR FEBRUARY 20 2017...

CLIMATE NORMAL PERIOD 1981 TO 2010
CLIMATE RECORD PERIOD 1947 TO 2017


WEATHER ITEM   OBSERVED TIME   RECORD YEAR NORMAL DEPARTURE LAST
                VALUE   (LST)  VALUE       VALUE  FROM      YEAR
                                                  NORMAL
..................................................................
TEMPERATURE (F)
 YESTERDAY
  MAXIMUM         75    253 PM  76    2016  51     24       76
  MINIMUM         55    606 AM   8    1958  28     27       48
  AVERAGE         65                        39     26       62

PRECIPITATION (IN)
  YESTERDAY        1.31R         1.22 1951   0.10   1.21     0.00
  MONTH TO DATE    1.92                      2.01  -0.09     0.72
  SINCE DEC 1      4.98                      8.37  -3.39    10.69
  SINCE JAN 1      3.96                      4.73  -0.77     1.65

DEGREE DAYS
 HEATING
  YESTERDAY        0                        26    -26        3
  MONTH TO DATE  367                       564   -197      493
  SINCE DEC 1   2026                      2416   -390     2027
  SINCE JUL 1   2546                      3268   -722     2662

 COOLING
  YESTERDAY        0                         0      0        0
  MONTH TO DATE    0                         0      0        0
  SINCE DEC 1      0                         0      0        0
  SINCE JAN 1      0                         0      0        0
..................................................................


WIND (MPH)
  HIGHEST WIND SPEED    23   HIGHEST WIND DIRECTION     S (170)
  HIGHEST GUST SPEED    30   HIGHEST GUST DIRECTION     S (170)
  AVERAGE WIND SPEED     9.0


SKY COVER
  AVERAGE SKY COVER 0.4


WEATHER CONDITIONS
 THE FOLLOWING WEATHER WAS RECORDED YESTERDAY.
  HEAVY RAIN
  RAIN
  LIGHT RAIN
  FOG


RELATIVE HUMIDITY (PERCENT)
 HIGHEST    93          1200 AM
 LOWEST     53          1100 AM
 AVERAGE    73

..........................................................


THE WEST PLAINS MO CLIMATE NORMALS FOR TODAY
                         NORMAL    RECORD    YEAR
 MAXIMUM TEMPERATURE (F)   51        74      1996
 MINIMUM TEMPERATURE (F)   28         2      1963


SUNRISE AND SUNSET
FEBRUARY 21 2017......SUNRISE   648 AM CST   SUNSET   554 PM CST
FEBRUARY 22 2017......SUNRISE   647 AM CST   SUNSET   555 PM CST


-  INDICATES NEGATIVE NUMBERS.
R  INDICATES RECORD WAS SET OR TIED.
MM INDICATES DATA IS MISSING.
T  INDICATES TRACE AMOUNT.




$$
