000
CDUS43 KSGF 062327
CLIUNO


CLIMATE REPORT
NATIONAL WEATHER SERVICE SPRINGFIELD MO
527 PM CST FRI MAR 6 2015


...................................

...THE WEST PLAINS MO CLIMATE SUMMARY FOR MARCH 6 2015...
VALID TODAY AS OF 0500 PM LOCAL TIME.

CLIMATE NORMAL PERIOD 1981 TO 2010
CLIMATE RECORD PERIOD 1947 TO 2015


WEATHER ITEM   OBSERVED TIME   RECORD YEAR NORMAL DEPARTURE LAST
                VALUE   (LST)  VALUE       VALUE  FROM      YEAR
                                                  NORMAL
..................................................................
TEMPERATURE (F)
 TODAY
  MAXIMUM         44    459 PM  84    2009  56    -12       51
                                      1956
  MINIMUM         12R  1225 AM  12    1967  32    -20       25
  AVERAGE         28                        44    -16       38

PRECIPITATION (IN)
  TODAY            0.00          0.52 1973   0.13  -0.13     0.00
  MONTH TO DATE    0.81                      0.68   0.13     1.08
  SINCE MAR 1      0.81                      0.68   0.13     1.08
  SINCE JAN 1      5.49                      6.24  -0.75     2.93

DEGREE DAYS
 COOLING
  TODAY            0                         0      0        0
  MONTH TO DATE    0                         0      0        0
  SINCE MAR 1      0                         0      0        0
  SINCE JAN 1      0                         0      0        0
..................................................................


WIND (MPH)
  HIGHEST WIND SPEED    14   HIGHEST WIND DIRECTION    SW (210)
  HIGHEST GUST SPEED    18   HIGHEST GUST DIRECTION     S (200)


SKY COVER
  AVERAGE SKY COVER 0.0


WEATHER CONDITIONS
 THE FOLLOWING WEATHER WAS RECORDED TODAY.
  NO SIGNIFICANT WEATHER WAS OBSERVED.


RELATIVE HUMIDITY (PERCENT)
 HIGHEST    73           400 AM
 LOWEST     40           400 PM
 AVERAGE    57

..........................................................


THE WEST PLAINS MO CLIMATE NORMALS FOR TOMORROW
                         NORMAL    RECORD    YEAR
 MAXIMUM TEMPERATURE (F)   56        80      1974
 MINIMUM TEMPERATURE (F)   32         6      1967


SUNRISE AND SUNSET
MARCH  6 2015.........SUNRISE   632 AM CST   SUNSET   607 PM CST
MARCH  7 2015.........SUNRISE   630 AM CST   SUNSET   607 PM CST


-  INDICATES NEGATIVE NUMBERS.
R  INDICATES RECORD WAS SET OR TIED.
MM INDICATES DATA IS MISSING.
T  INDICATES TRACE AMOUNT.




$$
