384
CDUS43 KUNR 170834
CLIUNR


CLIMATE REPORT
NATIONAL WEATHER SERVICE RAPID CITY SD
134 AM MST SUN DEC 17 2017


...................................

...THE EAST RAPID CITY SD CLIMATE SUMMARY FOR DECEMBER 16 2017...

CLIMATE NORMAL PERIOD 1981 TO 2010
CLIMATE RECORD PERIOD 1888 TO 2017


WEATHER ITEM   OBSERVED RECORD YEAR NORMAL DEPARTURE LAST
                VALUE   VALUE       VALUE  FROM      YEAR
                                           NORMAL
...........................................................
TEMPERATURE (F)
 YESTERDAY
  MAXIMUM         45     65    1962  36      9        9
  MINIMUM         29    -17    1964  18     11       -6
  AVERAGE         37                 27     10        2

PRECIPITATION (IN)
  YESTERDAY        0.01   0.35 2016   0.01   0.00     0.35
  MONTH TO DATE    0.09               0.15  -0.06     0.41
  SINCE DEC 1      0.09               0.15  -0.06     0.41
  SINCE JAN 1     12.66              19.62  -6.96    13.36

SNOWFALL (IN)
  YESTERDAY        0.2    5.1  2016   0.2    0.0      5.1
  MONTH TO DATE    2.1                2.7   -0.6      6.4
  SINCE DEC 1      2.1                2.7   -0.6      6.4
  SINCE JUL 1      3.2               11.3   -8.1     10.1
  SNOW DEPTH       0

DEGREE DAYS
 HEATING
  YESTERDAY       28                 38    -10       63
  MONTH TO DATE  411                591   -180      785
  SINCE DEC 1    411                591   -180      785
  SINCE JUL 1   1791               2171   -380     1816

 COOLING
  YESTERDAY        0                  0      0        0
  MONTH TO DATE    0                  0      0        0
  SINCE DEC 1      0                  0      0        0
  SINCE JAN 1    854                665    189      813
...........................................................


WIND (MPH)
  HIGHEST GUST SPEED    38   HIGHEST GUST DIRECTION     N (360)



WEATHER CONDITIONS
 THE FOLLOWING WEATHER WAS RECORDED YESTERDAY.
  LIGHT RAIN
  LIGHT SNOW


..........................................................


THE EAST RAPID CITY SD CLIMATE NORMALS FOR TODAY
                         NORMAL    RECORD    YEAR
 MAXIMUM TEMPERATURE (F)   36        66      1998
 MINIMUM TEMPERATURE (F)   17       -20      1964


SUNRISE AND SUNSET
DECEMBER 17 2017......SUNRISE   722 AM MST   SUNSET   416 PM MST
DECEMBER 18 2017......SUNRISE   723 AM MST   SUNSET   416 PM MST


-  INDICATES NEGATIVE NUMBERS.
R  INDICATES RECORD WAS SET OR TIED.
MM INDICATES DATA IS MISSING.
T  INDICATES TRACE AMOUNT.




$$
