000
CDUS43 KUNR 020837
CLIUNR


CLIMATE REPORT
NATIONAL WEATHER SERVICE RAPID CITY SD
134 AM MST MON MAR 2 2015


...................................

...THE EAST RAPID CITY SD CLIMATE SUMMARY FOR MARCH 1 2015...

CLIMATE NORMAL PERIOD 1981 TO 2010
CLIMATE RECORD PERIOD 1888 TO 2015


WEATHER ITEM   OBSERVED RECORD YEAR NORMAL DEPARTURE LAST
                VALUE   VALUE       VALUE  FROM      YEAR
                                           NORMAL
...........................................................
TEMPERATURE (F)
 YESTERDAY
  MAXIMUM         27     73    2008  42    -15       -1
  MINIMUM         11    -16    1962  21    -10      -15
  AVERAGE         19                 32    -13       -8

PRECIPITATION (IN)
  YESTERDAY        0.00   1.00 1953   0.02  -0.02     0.13
  MONTH TO DATE    0.00               0.02  -0.02     0.13
  SINCE MAR 1      0.00               0.02  -0.02     0.13
  SINCE JAN 1      0.55               0.79  -0.24     0.64

SNOWFALL (IN)
  YESTERDAY        0.0   10.0  1953   0.3   -0.3      3.0
  MONTH TO DATE    0.0                0.3   -0.3      3.0
  SINCE MAR 1      0.0                0.3   -0.3      3.0
  SINCE JUL 1     35.7               27.0    8.7     53.1
  SNOW DEPTH       1

DEGREE DAYS
 HEATING
  YESTERDAY       46                 34     12       73
  MONTH TO DATE   46                 34     12       73
  SINCE MAR 1     46                 34     12       73
  SINCE JUL 1   4742               4988   -246     5421

 COOLING
  YESTERDAY        0                  0      0        0
  MONTH TO DATE    0                  0      0        0
  SINCE MAR 1      0                  0      0        0
  SINCE JAN 1      0                  0      0        0
...........................................................


WIND (MPH)
  HIGHEST GUST SPEED    35   HIGHEST GUST DIRECTION     N (10)



WEATHER CONDITIONS
 THE FOLLOWING WEATHER WAS RECORDED YESTERDAY.
  NO SIGNIFICANT WEATHER WAS OBSERVED.


..........................................................


THE EAST RAPID CITY SD CLIMATE NORMALS FOR TODAY
                         NORMAL    RECORD    YEAR
 MAXIMUM TEMPERATURE (F)   42        71      1905
 MINIMUM TEMPERATURE (F)   21       -16      2014
                                             1888


SUNRISE AND SUNSET
MARCH  2 2015.........SUNRISE   628 AM MST   SUNSET   542 PM MST
MARCH  3 2015.........SUNRISE   627 AM MST   SUNSET   544 PM MST


-  INDICATES NEGATIVE NUMBERS.
R  INDICATES RECORD WAS SET OR TIED.
MM INDICATES DATA IS MISSING.
T  INDICATES TRACE AMOUNT.




$$
