000
CDUS43 KUNR 200036
CLIUNR


CLIMATE REPORT
NATIONAL WEATHER SERVICE RAPID CITY SD
535 PM MST SUN FEB 19 2017


...................................

...THE EAST RAPID CITY SD CLIMATE SUMMARY FOR FEBRUARY 19 2017...
VALID TODAY AS OF 0500 PM LOCAL TIME.

CLIMATE NORMAL PERIOD 1981 TO 2010
CLIMATE RECORD PERIOD 1888 TO 2017


WEATHER ITEM   OBSERVED RECORD YEAR NORMAL DEPARTURE LAST
                VALUE   VALUE       VALUE  FROM      YEAR
                                           NORMAL
...........................................................
TEMPERATURE (F)
 TODAY
  MAXIMUM         68R    68    1965  39     29       59
  MINIMUM         38    -17    1929  19     19       40
  AVERAGE         53                 29     24       50

PRECIPITATION (IN)
  TODAY            0.00   0.59 1953   0.02  -0.02     0.00
  MONTH TO DATE    0.18               0.31  -0.13     0.43
  SINCE DEC 1      1.35               0.92   0.43     1.33
  SINCE JAN 1      0.53               0.60  -0.07     0.60

SNOWFALL (IN)
  TODAY            0.0    5.9  1953   0.2   -0.2      0.0
  MONTH TO DATE    4.8                4.8    0.0      3.8
  SINCE DEC 1     25.0               15.5    9.5     21.8
  SINCE JUL 1     28.7               24.1    4.6     27.8
  SNOW DEPTH       0

DEGREE DAYS
 HEATING
  TODAY           12                 36    -24       15
  MONTH TO DATE  588                712   -124      513
  SINCE DEC 1   3282               3060    222     2739
  SINCE JUL 1   4313               4640   -327     3997

 COOLING
  TODAY            0                  0      0        0
  MONTH TO DATE    0                  0      0        0
  SINCE DEC 1      0                  0      0        0
  SINCE JAN 1      0                  0      0        0
...........................................................





WEATHER CONDITIONS
 THE FOLLOWING WEATHER WAS RECORDED TODAY.
  NO SIGNIFICANT WEATHER WAS OBSERVED.


..........................................................


THE EAST RAPID CITY SD CLIMATE NORMALS FOR TOMORROW
                         NORMAL    RECORD    YEAR
 MAXIMUM TEMPERATURE (F)   39        72      1930
 MINIMUM TEMPERATURE (F)   19       -19      1918


SUNRISE AND SUNSET
FEBRUARY 19 2017......SUNRISE   646 AM MST   SUNSET   528 PM MST
FEBRUARY 20 2017......SUNRISE   644 AM MST   SUNSET   530 PM MST


-  INDICATES NEGATIVE NUMBERS.
R  INDICATES RECORD WAS SET OR TIED.
MM INDICATES DATA IS MISSING.
T  INDICATES TRACE AMOUNT.




$$
