000
CDUS43 KUNR 050838
CLIUNR


CLIMATE REPORT
NATIONAL WEATHER SERVICE RAPID CITY SD
238 AM MDT SUN JUL 5 2015


...................................

...THE EAST RAPID CITY SD CLIMATE SUMMARY FOR JULY 4 2015...

CLIMATE NORMAL PERIOD 1981 TO 2010
CLIMATE RECORD PERIOD 1888 TO 2015


WEATHER ITEM   OBSERVED RECORD YEAR NORMAL DEPARTURE LAST
                VALUE   VALUE       VALUE  FROM      YEAR
                                           NORMAL
...........................................................
TEMPERATURE (F)
 YESTERDAY
  MAXIMUM         89    101    1936  82      7       90
  MINIMUM         60     42    1915  60      0       63
  AVERAGE         75                 71      4       77

PRECIPITATION (IN)
  YESTERDAY        0.00   2.08 1912   0.06  -0.06      T
  MONTH TO DATE    0.37               0.27   0.10      T
  SINCE JUN 1      7.24               3.43   3.81     6.05
  SINCE JAN 1     16.60              11.48   5.12    11.23

SNOWFALL (IN)
  YESTERDAY        0.0    0.0  2002   0.0    0.0      0.0
                               2001
                               1954
  MONTH TO DATE    0.0                0.0    0.0      0.0
  SINCE JUN 1      0.0                0.0    0.0      0.0
  SINCE JUL 1      0.0                0.0    0.0      0.0
  SNOW DEPTH       0

DEGREE DAYS
 HEATING
  YESTERDAY        0                  1     -1        0
  MONTH TO DATE    0                  4     -4        4
  SINCE JUN 1     33                 92    -59      112
  SINCE JUL 1      0                  4     -4        4

 COOLING
  YESTERDAY       10                  7      3       12
  MONTH TO DATE   29                 26      3       15
  SINCE JUN 1    136                117     19       43
  SINCE JAN 1    144                135      9       71
...........................................................


WIND (MPH)
  HIGHEST GUST SPEED    15   HIGHEST GUST DIRECTION     N (20)



WEATHER CONDITIONS
 THE FOLLOWING WEATHER WAS RECORDED YESTERDAY.
  THUNDERSTORM
  HAZE


..........................................................


THE EAST RAPID CITY SD CLIMATE NORMALS FOR TODAY
                         NORMAL    RECORD    YEAR
 MAXIMUM TEMPERATURE (F)   83       106      1936
 MINIMUM TEMPERATURE (F)   60        41      1915


SUNRISE AND SUNSET
JULY  5 2015..........SUNRISE   516 AM MDT   SUNSET   839 PM MDT
JULY  6 2015..........SUNRISE   516 AM MDT   SUNSET   838 PM MDT


-  INDICATES NEGATIVE NUMBERS.
R  INDICATES RECORD WAS SET OR TIED.
MM INDICATES DATA IS MISSING.
T  INDICATES TRACE AMOUNT.




$$
