000
CDUS43 KUNR 230843
CLIUNR


CLIMATE REPORT
NATIONAL WEATHER SERVICE RAPID CITY SD
239 AM MDT SAT MAY 23 2015


...................................

...THE EAST RAPID CITY SD CLIMATE SUMMARY FOR MAY 22 2015...

CLIMATE NORMAL PERIOD 1981 TO 2010
CLIMATE RECORD PERIOD 1888 TO 2015


WEATHER ITEM   OBSERVED RECORD YEAR NORMAL DEPARTURE LAST
                VALUE   VALUE       VALUE  FROM      YEAR
                                           NORMAL
...........................................................
TEMPERATURE (F)
 YESTERDAY
  MAXIMUM         59     89    2006  68     -9       74
  MINIMUM         46     30    1963  47     -1       48
  AVERAGE         53                 58     -5       61

PRECIPITATION (IN)
  YESTERDAY        0.00   3.03 2008   0.16  -0.16      T
  MONTH TO DATE    4.37               2.84   1.53     1.12
  SINCE MAR 1      5.42               5.93  -0.51     3.93
  SINCE JAN 1      5.97               6.70  -0.73     4.44

SNOWFALL (IN)
  YESTERDAY        0.0    0.0  2002   0.0    0.0      0.0
                               2001
                               2000
  MONTH TO DATE   13.6                1.9   11.7      0.6
  SINCE MAR 1     15.0               22.5   -7.5     23.4
  SINCE JUL 1     50.7               49.2    1.5     73.5
  SNOW DEPTH       0

DEGREE DAYS
 HEATING
  YESTERDAY       12                  8      4        4
  MONTH TO DATE  323                245     78      318
  SINCE MAR 1   1462               1757   -295     1943
  SINCE JUL 1   6158               6711   -553     7291

 COOLING
  YESTERDAY        0                  1     -1        0
  MONTH TO DATE    2                  6     -4        0
  SINCE MAR 1      8                  7      1        0
  SINCE JAN 1      8                  7      1        0
...........................................................


WIND (MPH)
  HIGHEST GUST SPEED    26   HIGHEST GUST DIRECTION     S (170)



WEATHER CONDITIONS
 THE FOLLOWING WEATHER WAS RECORDED YESTERDAY.
  NO SIGNIFICANT WEATHER WAS OBSERVED.


..........................................................


THE EAST RAPID CITY SD CLIMATE NORMALS FOR TODAY
                         NORMAL    RECORD    YEAR
 MAXIMUM TEMPERATURE (F)   69        88      1931
 MINIMUM TEMPERATURE (F)   47        31      2002


SUNRISE AND SUNSET
MAY 23 2015...........SUNRISE   519 AM MDT   SUNSET   821 PM MDT
MAY 24 2015...........SUNRISE   518 AM MDT   SUNSET   822 PM MDT


-  INDICATES NEGATIVE NUMBERS.
R  INDICATES RECORD WAS SET OR TIED.
MM INDICATES DATA IS MISSING.
T  INDICATES TRACE AMOUNT.




$$
