000
CDUS43 KUNR 210831
CLIUNR


CLIMATE REPORT
NATIONAL WEATHER SERVICE RAPID CITY SD
231 AM MDT MON APR 21 2014


...................................

...THE EAST RAPID CITY SD CLIMATE SUMMARY FOR APRIL 20 2014...

CLIMATE NORMAL PERIOD 1981 TO 2010
CLIMATE RECORD PERIOD 1888 TO 2014


WEATHER ITEM   OBSERVED RECORD YEAR NORMAL DEPARTURE LAST
                VALUE   VALUE       VALUE  FROM      YEAR
                                           NORMAL
...........................................................
TEMPERATURE (F)
 YESTERDAY
  MAXIMUM         70     88    1910  57     13       53
  MINIMUM         42     11    1927  36      6       27
  AVERAGE         56                 46     10       40

PRECIPITATION (IN)
  YESTERDAY        0.00   1.10 1971   0.07  -0.07     0.05
  MONTH TO DATE    0.68               1.22  -0.54     2.06
  SINCE MAR 1      1.81               2.21  -0.40     2.75
  SINCE JAN 1      2.32               2.98  -0.66     3.43

SNOWFALL (IN)
  YESTERDAY        0.0                0.3   -0.3       T
  MONTH TO DATE    7.8                6.7    1.1     29.8
  SINCE MAR 1     22.2               18.5    3.7     41.6
  SINCE JUL 1     72.3               45.2   27.1     63.3
  SNOW DEPTH       0

DEGREE DAYS
 HEATING
  YESTERDAY        9                 19    -10       25
  MONTH TO DATE  442                439      3      616
  SINCE MAR 1   1462               1347    115     1560
  SINCE JUL 1   6810               6301    509     6188

 COOLING
  YESTERDAY        0                  0      0        0
  MONTH TO DATE    0                  0      0        0
  SINCE MAR 1      0                  0      0        0
  SINCE JAN 1      0                  0      0        0
...........................................................


WIND (MPH)
  HIGHEST GUST SPEED    40   HIGHEST GUST DIRECTION     N (350)



WEATHER CONDITIONS
 THE FOLLOWING WEATHER WAS RECORDED YESTERDAY.
  NO SIGNIFICANT WEATHER WAS OBSERVED.


..........................................................


THE EAST RAPID CITY SD CLIMATE NORMALS FOR TODAY
                         NORMAL    RECORD    YEAR
 MAXIMUM TEMPERATURE (F)   58        86      1901
 MINIMUM TEMPERATURE (F)   36        12      1927


SUNRISE AND SUNSET
APRIL 21 2014.........SUNRISE   600 AM MDT   SUNSET   744 PM MDT
APRIL 22 2014.........SUNRISE   558 AM MDT   SUNSET   745 PM MDT


-  INDICATES NEGATIVE NUMBERS.
R  INDICATES RECORD WAS SET OR TIED.
MM INDICATES DATA IS MISSING.
T  INDICATES TRACE AMOUNT.




$$
