598
CDUS44 KCRP 270739
CLIVCT

CLIMATE REPORT
NATIONAL WEATHER SERVICE CORPUS CHRISTI TX
238 AM CDT TUE JUN 27 2017


...THE VICTORIA CLIMATE SUMMARY FOR JUNE 26 2017...

CLIMATE NORMAL PERIOD 1981 TO 2010
CLIMATE RECORD PERIOD 1893 TO 2017


WEATHER ITEM   OBSERVED TIME   RECORD YEAR NORMAL DEPARTURE LAST
                VALUE   (LST)  VALUE       VALUE  FROM      YEAR
                                                  NORMAL
..................................................................
TEMPERATURE (F)
 YESTERDAY
  MAXIMUM         88   1115 AM 108    2012  93     -5       93
  MINIMUM         74   1223 PM  64    1974  74      0       77
  AVERAGE         81                        83     -2       85

PRECIPITATION (IN)
  YESTERDAY        1.63          2.88 1993   0.14   1.49     0.04
  MONTH TO DATE    3.02                      3.92  -0.90     3.18
  SINCE JUN 1      3.02                      3.92  -0.90     3.18
  SINCE JAN 1     22.60                     19.30   3.30    23.40

SNOWFALL (IN)
  YESTERDAY        0.0
  MONTH TO DATE    0.0
  SINCE JUN 1      0.0
  SINCE JUL 1      0.0
  SNOW DEPTH       0

DEGREE DAYS
 HEATING
  YESTERDAY        0                         0      0        0
  MONTH TO DATE    0                         0      0        0
  SINCE JUN 1      0                         0      0        0
  SINCE JUL 1    567                      1249   -682      913

 COOLING
  YESTERDAY       16                        18     -2       20
  MONTH TO DATE  486                       436     50      452
  SINCE JUN 1    486                       436     50      452
  SINCE JAN 1   1498                      1095    403     1165
..................................................................


WIND (MPH)
  HIGHEST WIND SPEED    21   HIGHEST WIND DIRECTION    SE (120)
  HIGHEST GUST SPEED    26   HIGHEST GUST DIRECTION     E (110)
  AVERAGE WIND SPEED     5.8


SKY COVER
  POSSIBLE SUNSHINE  MM
  AVERAGE SKY COVER 0.4


WEATHER CONDITIONS
 THE FOLLOWING WEATHER WAS RECORDED YESTERDAY.
  THUNDERSTORM
  HEAVY RAIN
  RAIN
  LIGHT RAIN
  FOG


RELATIVE HUMIDITY (PERCENT)
 HIGHEST    94           200 AM
 LOWEST     63          1100 AM
 AVERAGE    79

..........................................................


THE VICTORIA CLIMATE NORMALS FOR TODAY
                         NORMAL    RECORD    YEAR
 MAXIMUM TEMPERATURE (F)   93       103      2012
                                             1916
 MINIMUM TEMPERATURE (F)   74        63      1974


SUNRISE AND SUNSET
JUNE 27 2017..........SUNRISE   632 AM CDT   SUNSET   830 PM CDT
JUNE 28 2017..........SUNRISE   632 AM CDT   SUNSET   830 PM CDT


-  INDICATES NEGATIVE NUMBERS.
R  INDICATES RECORD WAS SET OR TIED.
MM INDICATES DATA IS MISSING.
T  INDICATES TRACE AMOUNT.

$$

TMT
