000
CDUS44 KCRP 260656
CLIVCT

CLIMATE REPORT
NATIONAL WEATHER SERVICE CORPUS CHRISTI TX
156 AM CDT FRI AUG 26 2016


...THE VICTORIA CLIMATE SUMMARY FOR AUGUST 25 2016...

CLIMATE NORMAL PERIOD 1981 TO 2010
CLIMATE RECORD PERIOD 1893 TO 2016


WEATHER ITEM   OBSERVED TIME   RECORD YEAR NORMAL DEPARTURE LAST
                VALUE   (LST)  VALUE       VALUE  FROM      YEAR
                                                  NORMAL
..................................................................
TEMPERATURE (F)
 YESTERDAY
  MAXIMUM         92    344 PM 106    1924  95     -3       97
  MINIMUM         73    618 AM  66    1966  73      0       75
                                      1961
                                      1949
  AVERAGE         83                        84     -1       86

PRECIPITATION (IN)
  YESTERDAY        T             2.55 1948   0.11  -0.11     0.00
  MONTH TO DATE    3.90                      2.11   1.79     2.39
  SINCE JUN 1      7.74                     10.75  -3.01    12.46
  SINCE JAN 1     27.96                     26.13   1.83    40.19

SNOWFALL (IN)
  YESTERDAY        0.0
  MONTH TO DATE    0.0
  SINCE JUN 1      0.0
  SINCE JUL 1      0.0
  SNOW DEPTH       0

DEGREE DAYS
 HEATING
  YESTERDAY        0                         0      0        0
  MONTH TO DATE    0                         0      0        0
  SINCE JUN 1      0                         0      0        0
  SINCE JUL 1      0                         0      0        0

 COOLING
  YESTERDAY       18                        19     -1       21
  MONTH TO DATE  494                       493      1      515
  SINCE JUN 1   1678                      1587     91     1626
  SINCE JAN 1   2391                      2246    145     2326
..................................................................


WIND (MPH)
  HIGHEST WIND SPEED    22   HIGHEST WIND DIRECTION     E (110)
  HIGHEST GUST SPEED    28   HIGHEST GUST DIRECTION    SE (120)
  AVERAGE WIND SPEED     5.8


SKY COVER
  POSSIBLE SUNSHINE  MM
  AVERAGE SKY COVER 0.2


WEATHER CONDITIONS
 THE FOLLOWING WEATHER WAS RECORDED YESTERDAY.
  THUNDERSTORM
  LIGHT RAIN
  FOG


RELATIVE HUMIDITY (PERCENT)
 HIGHEST   100           200 AM
 LOWEST     52           100 PM
 AVERAGE    76

..........................................................


THE VICTORIA CLIMATE NORMALS FOR TODAY
                         NORMAL    RECORD    YEAR
 MAXIMUM TEMPERATURE (F)   95       104      1924
 MINIMUM TEMPERATURE (F)   73        65      1926
                                             1906


SUNRISE AND SUNSET
AUGUST 26 2016........SUNRISE   703 AM CDT   SUNSET   755 PM CDT
AUGUST 27 2016........SUNRISE   703 AM CDT   SUNSET   754 PM CDT


-  INDICATES NEGATIVE NUMBERS.
R  INDICATES RECORD WAS SET OR TIED.
MM INDICATES DATA IS MISSING.
T  INDICATES TRACE AMOUNT.

$$

TMT
