000
CDUS44 KCRP 010651
CLIVCT

CLIMATE REPORT
NATIONAL WEATHER SERVICE CORPUS CHRISTI TX
1249 AM CST SUN FEB 1 2015


...................................

...THE VICTORIA CLIMATE SUMMARY FOR JANUARY 31 2015...

CLIMATE NORMAL PERIOD 1981 TO 2010
CLIMATE RECORD PERIOD 1893 TO 2015


WEATHER ITEM   OBSERVED TIME   RECORD YEAR NORMAL DEPARTURE LAST
                VALUE   (LST)  VALUE       VALUE  FROM      YEAR
                                                  NORMAL
..................................................................
TEMPERATURE (F)
 YESTERDAY
  MAXIMUM         70    244 PM  86    1911  66      4       77
  MINIMUM         50   1205 AM  12    1949  44      6       53
  AVERAGE         60                        55      5       65

PRECIPITATION (IN)
  YESTERDAY        0.06          0.93 1998   0.07  -0.01     0.00
  MONTH TO DATE    3.07                      2.52   0.55     1.14
  SINCE DEC 1      5.28                      4.83   0.45     1.59
  SINCE JAN 1      3.07                      2.52   0.55     1.14

SNOWFALL (IN)
  YESTERDAY        0.0
  MONTH TO DATE    0.0
  SINCE DEC 1      0.0
  SINCE JUL 1      0.0
  SNOW DEPTH       0

DEGREE DAYS
 HEATING
  YESTERDAY        5                        11     -6        0
  MONTH TO DATE  407                       360     47      385
  SINCE DEC 1    599                       689    -90      768
  SINCE JUL 1    790                       852    -62      965

 COOLING
  YESTERDAY        0                         0      0        0
  MONTH TO DATE    1                        14    -13        3
  SINCE DEC 1     27                        41    -14       35
  SINCE JAN 1      1                        14    -13        3
..................................................................


WIND (MPH)
  HIGHEST WIND SPEED    24   HIGHEST WIND DIRECTION    SE (120)
  HIGHEST GUST SPEED    30   HIGHEST GUST DIRECTION    SE (140)
  AVERAGE WIND SPEED    11.5


SKY COVER
  POSSIBLE SUNSHINE  MM
  AVERAGE SKY COVER 0.7


WEATHER CONDITIONS
 THE FOLLOWING WEATHER WAS RECORDED YESTERDAY.
  RAIN
  LIGHT RAIN
  FOG


RELATIVE HUMIDITY (PERCENT)
 HIGHEST    93           800 PM
 LOWEST     73           100 PM
 AVERAGE    83

..........................................................


THE VICTORIA CLIMATE NORMALS FOR TODAY
                         NORMAL    RECORD    YEAR
 MAXIMUM TEMPERATURE (F)   66        90      1927
 MINIMUM TEMPERATURE (F)   44        17      1951


SUNRISE AND SUNSET
FEBRUARY  1 2015......SUNRISE   716 AM CST   SUNSET   607 PM CST
FEBRUARY  2 2015......SUNRISE   716 AM CST   SUNSET   607 PM CST


-  INDICATES NEGATIVE NUMBERS.
R  INDICATES RECORD WAS SET OR TIED.
MM INDICATES DATA IS MISSING.
T  INDICATES TRACE AMOUNT.

$$

GW
