000
CDUS44 KCRP 290844
CLIVCT

CLIMATE REPORT
NATIONAL WEATHER SERVICE CORPUS CHRISTI TX
341 AM CDT WED JUL 29 2015


...................................

...THE VICTORIA CLIMATE SUMMARY FOR JULY 28 2015...

CLIMATE NORMAL PERIOD 1981 TO 2010
CLIMATE RECORD PERIOD 1893 TO 2015


WEATHER ITEM   OBSERVED TIME   RECORD YEAR NORMAL DEPARTURE LAST
                VALUE   (LST)  VALUE       VALUE  FROM      YEAR
                                                  NORMAL
..................................................................
TEMPERATURE (F)
 YESTERDAY
  MAXIMUM         99    157 PM 103    1912  95      4      101
  MINIMUM         73    614 AM  70    2008  74     -1       76
                                      1994
                                      1904
  AVERAGE         86                        84      2       89

PRECIPITATION (IN)
  YESTERDAY        0.00          1.37 1988   0.12  -0.12     0.00
  MONTH TO DATE    0.18                      3.86  -3.68     2.37
  SINCE JUN 1      9.55                      8.32   1.23     6.48
  SINCE JAN 1     37.28                     23.70  13.58    17.76

SNOWFALL (IN)
  YESTERDAY        0.0
  MONTH TO DATE    0.0
  SINCE JUN 1      0.0
  SINCE JUL 1      0.0
  SNOW DEPTH       0

DEGREE DAYS
 HEATING
  YESTERDAY        0                         0      0        0
  MONTH TO DATE    0                         0      0        0
  SINCE JUN 1      0                         0      0        0
  SINCE JUL 1      0                         0      0        0

 COOLING
  YESTERDAY       21                        19      2       24
  MONTH TO DATE  548                       527     21      570
  SINCE JUN 1   1045                      1035     10     1128
  SINCE JAN 1   1745                      1694     51     1778
..................................................................


WIND (MPH)
  HIGHEST WIND SPEED    23   HIGHEST WIND DIRECTION     S (180)
  HIGHEST GUST SPEED    33   HIGHEST GUST DIRECTION     S (160)
  AVERAGE WIND SPEED    10.2


SKY COVER
  POSSIBLE SUNSHINE  MM
  AVERAGE SKY COVER 0.1


WEATHER CONDITIONS
 THE FOLLOWING WEATHER WAS RECORDED YESTERDAY.
  FOG
  FOG W/VISIBILITY <= 1/4 MILE


RELATIVE HUMIDITY (PERCENT)
 HIGHEST   100          1200 AM
 LOWEST     31           300 PM
 AVERAGE    66

..........................................................


THE VICTORIA CLIMATE NORMALS FOR TODAY
                         NORMAL    RECORD    YEAR
 MAXIMUM TEMPERATURE (F)   95       105      1912
 MINIMUM TEMPERATURE (F)   74        67      1994


SUNRISE AND SUNSET
JULY 29 2015..........SUNRISE   647 AM CDT   SUNSET   821 PM CDT
JULY 30 2015..........SUNRISE   648 AM CDT   SUNSET   820 PM CDT


-  INDICATES NEGATIVE NUMBERS.
R  INDICATES RECORD WAS SET OR TIED.
MM INDICATES DATA IS MISSING.
T  INDICATES TRACE AMOUNT.




$$
