000
CDUS44 KCRP 170650
CLIVCT

CLIMATE REPORT
NATIONAL WEATHER SERVICE CORPUS CHRISTI TX
1249 AM CST WED DEC 17 2014


...................................

...THE VICTORIA CLIMATE SUMMARY FOR DECEMBER 16 2014...

CLIMATE NORMAL PERIOD 1981 TO 2010
CLIMATE RECORD PERIOD 1893 TO 2014


WEATHER ITEM   OBSERVED TIME   RECORD YEAR NORMAL DEPARTURE LAST
                VALUE   (LST)  VALUE       VALUE  FROM      YEAR
                                                  NORMAL
..................................................................
TEMPERATURE (F)
 YESTERDAY
  MAXIMUM         68    200 PM  85    1933  66      2       68
  MINIMUM         51   1122 PM  20    1989  44      7       31
  AVERAGE         60                        55      5       50

PRECIPITATION (IN)
  YESTERDAY        0.00          1.18 2012   0.07  -0.07     0.00
  MONTH TO DATE    0.14                      1.21  -1.07     0.11
  SINCE DEC 1      0.14                      1.21  -1.07     0.11
  SINCE JAN 1     28.12                     40.12 -12.00    25.22

SNOWFALL (IN)
  YESTERDAY        0.0
  MONTH TO DATE    0.0
  SINCE DEC 1      0.0
  SINCE JUL 1      0.0
  SNOW DEPTH       0

DEGREE DAYS
 HEATING
  YESTERDAY        5                        11     -6       15
  MONTH TO DATE   52                       156   -104      223
  SINCE DEC 1     52                       156   -104      223
  SINCE JUL 1    243                       319    -76      420

 COOLING
  YESTERDAY        0                         1     -1        0
  MONTH TO DATE   24                        16      8       20
  SINCE DEC 1     24                        16      8       20
  SINCE JAN 1   3513                      3139    374     3422
..................................................................


WIND (MPH)
  HIGHEST WIND SPEED    14   HIGHEST WIND DIRECTION    NE (40)
  HIGHEST GUST SPEED    16   HIGHEST GUST DIRECTION    NE (50)
  AVERAGE WIND SPEED     6.8


SKY COVER
  POSSIBLE SUNSHINE  MM
  AVERAGE SKY COVER 0.8


WEATHER CONDITIONS
 THE FOLLOWING WEATHER WAS RECORDED YESTERDAY.
  NO SIGNIFICANT WEATHER WAS OBSERVED.


RELATIVE HUMIDITY (PERCENT)
 HIGHEST    71           200 AM
 LOWEST     35           200 PM
 AVERAGE    53

..........................................................


THE VICTORIA CLIMATE NORMALS FOR TODAY
                         NORMAL    RECORD    YEAR
 MAXIMUM TEMPERATURE (F)   66        84      1939
 MINIMUM TEMPERATURE (F)   44        21      1932


SUNRISE AND SUNSET
DECEMBER 17 2014......SUNRISE   715 AM CST   SUNSET   533 PM CST
DECEMBER 18 2014......SUNRISE   715 AM CST   SUNSET   534 PM CST


-  INDICATES NEGATIVE NUMBERS.
R  INDICATES RECORD WAS SET OR TIED.
MM INDICATES DATA IS MISSING.
T  INDICATES TRACE AMOUNT.

$$

GW
