000
CDUS44 KCRP 290701
CLIVCT

CLIMATE REPORT
NATIONAL WEATHER SERVICE CORPUS CHRISTI TX
159 AM CDT FRI MAY 29 2015


...................................

...THE VICTORIA CLIMATE SUMMARY FOR MAY 28 2015...

CLIMATE NORMAL PERIOD 1981 TO 2010
CLIMATE RECORD PERIOD 1893 TO 2015


WEATHER ITEM   OBSERVED TIME   RECORD YEAR NORMAL DEPARTURE LAST
                VALUE   (LST)  VALUE       VALUE  FROM      YEAR
                                                  NORMAL
..................................................................
TEMPERATURE (F)
 YESTERDAY
  MAXIMUM         89    305 PM  97    1939  89      0       88
                                      1922
  MINIMUM         74    532 AM  56    1934  70      4       71
  AVERAGE         82                        79      3       80

PRECIPITATION (IN)
  YESTERDAY        T             5.39 2006   0.17  -0.17     0.24
  MONTH TO DATE    7.19                      4.68   2.51     7.05
  SINCE MAR 1     22.37                     10.27  12.10     9.05
  SINCE JAN 1     26.42                     14.87  11.55    10.71

SNOWFALL (IN)
  YESTERDAY        0.0
  MONTH TO DATE    0.0
  SINCE MAR 1      0.0
  SINCE JUL 1      0.0
  SNOW DEPTH       0

DEGREE DAYS
 HEATING
  YESTERDAY        0                         0      0        0
  MONTH TO DATE    0                         0      0        3
  SINCE MAR 1    140                       155    -15      240
  SINCE JUL 1   1220                      1248    -28     1493

 COOLING
  YESTERDAY       17                        14      3       15
  MONTH TO DATE  354                       325     29      284
  SINCE MAR 1    646                       576     70      539
  SINCE JAN 1    661                       614     47      597
..................................................................


WIND (MPH)
  HIGHEST WIND SPEED    22   HIGHEST WIND DIRECTION    SE (140)
  HIGHEST GUST SPEED    27   HIGHEST GUST DIRECTION    SE (150)
  AVERAGE WIND SPEED    11.3


SKY COVER
  POSSIBLE SUNSHINE  MM
  AVERAGE SKY COVER 0.6


WEATHER CONDITIONS
 THE FOLLOWING WEATHER WAS RECORDED YESTERDAY.
  THUNDERSTORM
  FOG


RELATIVE HUMIDITY (PERCENT)
 HIGHEST   100           100 AM
 LOWEST     63           200 PM
 AVERAGE    82

..........................................................


THE VICTORIA CLIMATE NORMALS FOR TODAY
                         NORMAL    RECORD    YEAR
 MAXIMUM TEMPERATURE (F)   89        98      1998
                                             1912
 MINIMUM TEMPERATURE (F)   70        60      1961
                                             1917


SUNRISE AND SUNSET
MAY 29 2015...........SUNRISE   630 AM CDT   SUNSET   820 PM CDT
MAY 30 2015...........SUNRISE   630 AM CDT   SUNSET   820 PM CDT


-  INDICATES NEGATIVE NUMBERS.
R  INDICATES RECORD WAS SET OR TIED.
MM INDICATES DATA IS MISSING.
T  INDICATES TRACE AMOUNT.

$$

GW
