000
CDUS44 KCRP 210037 RRA
CLIVCT

CLIMATE REPORT
NATIONAL WEATHER SERVICE CORPUS CHRISTI TX
636 PM CST SAT JAN 20 2018

...................................

...THE VICTORIA CLIMATE SUMMARY FOR JANUARY 20 2018...
VALID TODAY AS OF 600 PM LOCAL TIME.

CLIMATE NORMAL PERIOD 1981 TO 2010
CLIMATE RECORD PERIOD 1893 TO 2018


WEATHER ITEM   OBSERVED TIME   RECORD YEAR NORMAL DEPARTURE LAST
                VALUE   (LST)  VALUE       VALUE  FROM      YEAR
                                                  NORMAL
..................................................................
TEMPERATURE (F)
 TODAY
  MAXIMUM         76    415 PM  82    1974  65     11       69
                                      1933
                                      1923
  MINIMUM         53    749 AM  16    1940  43     10       61
  AVERAGE         65                        54     11       65

PRECIPITATION (IN)
  TODAY            0.01          2.80 1980   0.08  -0.07     1.65
  MONTH TO DATE    0.45                      1.65  -1.20     3.73
  SINCE DEC 1      2.49                      3.96  -1.47     6.74
  SINCE JAN 1      0.45                      1.65  -1.20     3.73

SNOWFALL (IN)
  TODAY            0.0
  MONTH TO DATE    T
  SINCE DEC 1      2.0
  SINCE JUL 1      2.0
  SNOW DEPTH       0

DEGREE DAYS
 HEATING
  TODAY            0                        11    -11        0
  MONTH TO DATE  342                       239    103      125
  SINCE DEC 1    676                       570    106      360
  SINCE JUL 1    794                       733     61      410

 COOLING
  TODAY            0                         0      0        0
  MONTH TO DATE    0                         7     -7       60
  SINCE DEC 1     21                        34    -13      117
  SINCE JAN 1      0                         7     -7       60
..................................................................


WIND (MPH)
  HIGHEST WIND SPEED    18   HIGHEST WIND DIRECTION     S (180)
  HIGHEST GUST SPEED    23   HIGHEST GUST DIRECTION     S (190)


SKY COVER
  POSSIBLE SUNSHINE  MM
  AVERAGE SKY COVER 0.9


WEATHER CONDITIONS
 THE FOLLOWING WEATHER WAS RECORDED TODAY.
  LIGHT RAIN
  FOG
  FOG W/VISIBILITY <= 1/4 MILE


RELATIVE HUMIDITY (PERCENT)
 HIGHEST   100           900 AM
 LOWEST     57           500 PM
 AVERAGE    79

..........................................................


THE VICTORIA CLIMATE NORMALS FOR TOMORROW
                         NORMAL    RECORD    YEAR
 MAXIMUM TEMPERATURE (F)   65        87      1911
 MINIMUM TEMPERATURE (F)   43        19      1985


SUNRISE AND SUNSET
JANUARY 20 2018.......SUNRISE   721 AM CST   SUNSET   557 PM CST
JANUARY 21 2018.......SUNRISE   721 AM CST   SUNSET   558 PM CST


-  INDICATES NEGATIVE NUMBERS.
R  INDICATES RECORD WAS SET OR TIED.
MM INDICATES DATA IS MISSING.
T  INDICATES TRACE AMOUNT.




$$
