000
CDUS44 KCRP 192138
CLIVCT

CLIMATE REPORT
NATIONAL WEATHER SERVICE CORPUS CHRISTI TX
435 PM CDT THU OCT 19 2017

...THE VICTORIA CLIMATE SUMMARY FOR OCTOBER 19 2017...
VALID AS OF 0400 PM LOCAL TIME.

CLIMATE NORMAL PERIOD 1981 TO 2010
CLIMATE RECORD PERIOD 1893 TO 2017


WEATHER ITEM   OBSERVED TIME   RECORD YEAR NORMAL DEPARTURE LAST
                VALUE   (LST)  VALUE       VALUE  FROM      YEAR
                                                  NORMAL
..................................................................
TEMPERATURE (F)
 TODAY
  MAXIMUM         86   1155 AM 103    1926  83      3       93
  MINIMUM         57    359 AM  43    1976  60     -3       69
  AVERAGE         72                        72      0       81

PRECIPITATION (IN)
  TODAY            0.01          0.68 1984   0.17  -0.16     0.00
  MONTH TO DATE    0.07                      2.89  -2.82     0.01
  SINCE SEP 1      3.19                      7.05  -3.86     2.56
  SINCE JAN 1     43.59                     33.92   9.67    32.14

SNOWFALL (IN)
  TODAY            0.0
  MONTH TO DATE    0.0
  SINCE SEP 1      0.0
  SINCE JUL 1      0.0
  SNOW DEPTH       0

DEGREE DAYS
 HEATING
  TODAY            0                         1     -1        0
  MONTH TO DATE    0                         4     -4        0
  SINCE SEP 1      0                         5     -5        0
  SINCE JUL 1      0                         5     -5        0

 COOLING
  TODAY            7                         7      0       16
  MONTH TO DATE  218                       172     46      229
  SINCE SEP 1    670                       617     53      730
  SINCE JAN 1   3503                      2970    533     3217
..................................................................


WIND (MPH)
  HIGHEST WIND SPEED    13   HIGHEST WIND DIRECTION    SE (140)
  HIGHEST GUST SPEED    16   HIGHEST GUST DIRECTION    SE (140)


SKY COVER
  POSSIBLE SUNSHINE  MM
  AVERAGE SKY COVER 0.3


WEATHER CONDITIONS
 THE FOLLOWING WEATHER WAS RECORDED TODAY.
  LIGHT RAIN
  FOG


RELATIVE HUMIDITY (PERCENT)
 HIGHEST   100           700 AM
 LOWEST     48          1100 AM
 AVERAGE    74

..........................................................


THE VICTORIA CLIMATE NORMALS FOR TOMORROW
                         NORMAL    RECORD    YEAR
 MAXIMUM TEMPERATURE (F)   83        93      1947
                                             1939
 MINIMUM TEMPERATURE (F)   60        38      1976
                                             1964


SUNRISE AND SUNSET
OCTOBER 19 2017.......SUNRISE   731 AM CDT   SUNSET   653 PM CDT
OCTOBER 20 2017.......SUNRISE   732 AM CDT   SUNSET   652 PM CDT


-  INDICATES NEGATIVE NUMBERS.
R  INDICATES RECORD WAS SET OR TIED.
MM INDICATES DATA IS MISSING.
T  INDICATES TRACE AMOUNT.

$$

87
