000
CDUS44 KCRP 030920
CLIVCT

CLIMATE REPORT
NATIONAL WEATHER SERVICE CORPUS CHRISTI TX
417 AM CDT THU SEP 3 2015


...................................

...THE VICTORIA CLIMATE SUMMARY FOR SEPTEMBER 2 2015...

CLIMATE NORMAL PERIOD 1981 TO 2010
CLIMATE RECORD PERIOD 1893 TO 2015


WEATHER ITEM   OBSERVED TIME   RECORD YEAR NORMAL DEPARTURE LAST
                VALUE   (LST)  VALUE       VALUE  FROM      YEAR
                                                  NORMAL
..................................................................
TEMPERATURE (F)
 YESTERDAY
  MAXIMUM         91    154 PM 104    2000  93     -2       97
                                      1939
  MINIMUM         72    407 AM  61    1915  72      0       78
  AVERAGE         82                        83     -1       88

PRECIPITATION (IN)
  YESTERDAY        0.04          0.95 1973   0.15  -0.11     0.14
  MONTH TO DATE    0.24                      0.29  -0.05     0.14
  SINCE SEP 1      0.24                      0.29  -0.05     0.14
  SINCE JAN 1     40.52                     27.16  13.36    19.03

SNOWFALL (IN)
  YESTERDAY        0.0
  MONTH TO DATE    0.0
  SINCE SEP 1      0.0
  SINCE JUL 1      0.0
  SNOW DEPTH       0

DEGREE DAYS
 HEATING
  YESTERDAY        0                         0      0        0
  MONTH TO DATE    0                         0      0        0
  SINCE SEP 1      0                         0      0        0
  SINCE JUL 1      0                         0      0        0

 COOLING
  YESTERDAY       17                        18     -1       23
  MONTH TO DATE   33                        36     -3       46
  SINCE SEP 1     33                        36     -3       46
  SINCE JAN 1   2455                      2389     66     2612
..................................................................


WIND (MPH)
  HIGHEST WIND SPEED    18   HIGHEST WIND DIRECTION     E (90)
  HIGHEST GUST SPEED    24   HIGHEST GUST DIRECTION     E (90)
  AVERAGE WIND SPEED     4.9


SKY COVER
  POSSIBLE SUNSHINE  MM
  AVERAGE SKY COVER 0.4


WEATHER CONDITIONS
 THE FOLLOWING WEATHER WAS RECORDED YESTERDAY.
  LIGHT RAIN
  FOG


RELATIVE HUMIDITY (PERCENT)
 HIGHEST   100           100 AM
 LOWEST     52           200 PM
 AVERAGE    76

..........................................................


THE VICTORIA CLIMATE NORMALS FOR TODAY
                         NORMAL    RECORD    YEAR
 MAXIMUM TEMPERATURE (F)   93       105      2000
 MINIMUM TEMPERATURE (F)   72        63      1915


SUNRISE AND SUNSET
SEPTEMBER  3 2015.....SUNRISE   706 AM CDT   SUNSET   747 PM CDT
SEPTEMBER  4 2015.....SUNRISE   707 AM CDT   SUNSET   746 PM CDT


-  INDICATES NEGATIVE NUMBERS.
R  INDICATES RECORD WAS SET OR TIED.
MM INDICATES DATA IS MISSING.
T  INDICATES TRACE AMOUNT.




$$
