000
CDUS44 KCRP 252336
CLIVCT

CLIMATE REPORT
NATIONAL WEATHER SERVICE CORPUS CHRISTI TX
636 PM CDT FRI JUL 25 2014

...................................

...THE VICTORIA CLIMATE SUMMARY FOR JULY 25 2014...
VALID TODAY AS OF 636 PM LOCAL TIME.

CLIMATE NORMAL PERIOD 1981 TO 2010
CLIMATE RECORD PERIOD 1893 TO 2014


WEATHER ITEM   OBSERVED TIME   RECORD YEAR NORMAL DEPARTURE LAST
                VALUE   (LST)  VALUE       VALUE  FROM      YEAR
                                                  NORMAL
..................................................................
TEMPERATURE (F)
 TODAY
  MAXIMUM         99    223 PM 105    1954  95      4       96
  MINIMUM         76    620 AM  64    1915  74      2       72
  AVERAGE         88                        84      4       84

PRECIPITATION (IN)
  TODAY            0.04          2.10 2006   0.12  -0.08     0.00
  MONTH TO DATE    2.37                      3.51  -1.14     3.48
  SINCE JUN 1      6.48                      7.97  -1.49     3.66
  SINCE JAN 1     17.76                     23.35  -5.59    13.04

SNOWFALL (IN)
  TODAY            0.0
  MONTH TO DATE    0.0
  SINCE JUN 1      0.0
  SINCE JUL 1      0.0
  SNOW DEPTH       0

DEGREE DAYS
 HEATING
  TODAY            0                         0      0        0
  MONTH TO DATE    0                         0      0        0
  SINCE JUN 1      0                         0      0        0
  SINCE JUL 1      0                         0      0        0

 COOLING
  TODAY           23                        19      4       19
  MONTH TO DATE  500                       470     30      480
  SINCE JUN 1   1058                       978     80     1072
  SINCE JAN 1   1708                      1637     71     1706
..................................................................


WIND (MPH)
  HIGHEST WIND SPEED    26   HIGHEST WIND DIRECTION     S (160)
  HIGHEST GUST SPEED    32   HIGHEST GUST DIRECTION     S (160)


SKY COVER
  POSSIBLE SUNSHINE  MM
  AVERAGE SKY COVER 0.1


WEATHER CONDITIONS
 THE FOLLOWING WEATHER WAS RECORDED TODAY.
  LIGHT RAIN
  FOG
  HAZE


RELATIVE HUMIDITY (PERCENT)
 HIGHEST   100           500 AM
 LOWEST     39           200 PM
 AVERAGE    70

..........................................................


THE VICTORIA CLIMATE NORMALS FOR TOMORROW
                         NORMAL    RECORD    YEAR
 MAXIMUM TEMPERATURE (F)   95       107      1954
 MINIMUM TEMPERATURE (F)   74        69      1904


SUNRISE AND SUNSET
JULY 25 2014..........SUNRISE   645 AM CDT   SUNSET   823 PM CDT
JULY 26 2014..........SUNRISE   645 AM CDT   SUNSET   823 PM CDT


-  INDICATES NEGATIVE NUMBERS.
R  INDICATES RECORD WAS SET OR TIED.
MM INDICATES DATA IS MISSING.
T  INDICATES TRACE AMOUNT.




$$
