000
CDUS45 KGJT 222344
CLIVEL


CLIMATE REPORT
NATIONAL WEATHER SERVICE GRAND JUNCTION CO
441 PM MST MON DEC 22 2014


...................................

...THE VERNAL UT CLIMATE SUMMARY FOR DECEMBER 22 2014...
VALID TODAY AS OF 0400 PM LOCAL TIME.

CLIMATE NORMAL PERIOD 1981 TO 2010
CLIMATE RECORD PERIOD 9999 TO 9999


WEATHER ITEM   OBSERVED TIME   RECORD YEAR NORMAL DEPARTURE LAST
                VALUE   (LST)  VALUE       VALUE  FROM      YEAR
                                                  NORMAL
..................................................................
TEMPERATURE (F)
 TODAY
  MAXIMUM         45    116 PM  MM      MM  29     16       17
  MINIMUM         32    143 AM  MM      MM  11     21        1
  AVERAGE         39                        20     19        9

PRECIPITATION (IN)
  TODAY            0.03         MM      MM   0.02   0.01     0.00
  MONTH TO DATE    0.28                      0.44  -0.16     0.85
  SINCE DEC 1      0.28                      0.44  -0.16     0.85
  SINCE JAN 1     10.15                      9.11   1.04     9.47

SNOWFALL (IN)
  TODAY           MM            MM      MM   0.3   MM       MM
  MONTH TO DATE   MM                         3.9   MM       MM
  SINCE DEC 1     MM                         3.9   MM       MM
  SINCE JUL 1     MM                         5.5   MM       MM
  SNOW DEPTH      MM

DEGREE DAYS
 HEATING
  TODAY           26                        45    -19       56
  MONTH TO DATE  699                       931   -232     1262
  SINCE DEC 1    699                       931   -232     1262
  SINCE JUL 1   2182                      2562   -380     2933

 COOLING
  TODAY            0                         0      0        0
  MONTH TO DATE    0                         0      0        0
  SINCE DEC 1      0                         0      0        0
  SINCE JAN 1    621                       511    110      787
..................................................................


WIND (MPH)
  HIGHEST WIND SPEED    31   HIGHEST WIND DIRECTION     N (350)
  HIGHEST GUST SPEED    44   HIGHEST GUST DIRECTION    NW (330)
  AVERAGE WIND SPEED     7.8


SKY COVER
  POSSIBLE SUNSHINE  MM
  AVERAGE SKY COVER 0.7


WEATHER CONDITIONS
 THE FOLLOWING WEATHER WAS RECORDED TODAY.
  LIGHT RAIN


RELATIVE HUMIDITY (PERCENT)
 HIGHEST    96           800 AM
 LOWEST     41           400 PM
 AVERAGE    69

..........................................................


THE VERNAL UT CLIMATE NORMALS FOR TOMORROW
                         NORMAL    RECORD    YEAR
 MAXIMUM TEMPERATURE (F)   29        MM        MM
 MINIMUM TEMPERATURE (F)   11        MM        MM


SUNRISE AND SUNSET
DECEMBER 22 2014......SUNRISE   738 AM MST   SUNSET   455 PM MST
DECEMBER 23 2014......SUNRISE   739 AM MST   SUNSET   456 PM MST


-  INDICATES NEGATIVE NUMBERS.
R  INDICATES RECORD WAS SET OR TIED.
MM INDICATES DATA IS MISSING.
T  INDICATES TRACE AMOUNT.




$$
