000
CDUS43 KSGF 230627
CLIVIH


CLIMATE REPORT
NATIONAL WEATHER SERVICE SPRINGFIELD MO
127 AM CDT SAT AUG 23 2014


...................................

...THE VICHY-ROLLA MO CLIMATE SUMMARY FOR AUGUST 22 2014...

CLIMATE NORMAL PERIOD 1981 TO 2010
CLIMATE RECORD PERIOD 1888 TO 2014


WEATHER ITEM   OBSERVED TIME   RECORD YEAR NORMAL DEPARTURE LAST
                VALUE   (LST)  VALUE       VALUE  FROM      YEAR
                                                  NORMAL
..................................................................
TEMPERATURE (F)
 YESTERDAY
  MAXIMUM         96    300 PM  99    2001  87      9       87
  MINIMUM         72    546 AM  54    1956  65      7       67
  AVERAGE         84                        76      8       77

PRECIPITATION (IN)
  YESTERDAY        0.00          3.05 1905   0.12  -0.12     0.00
  MONTH TO DATE    3.07                      2.59   0.48     4.29
  SINCE JUN 1      6.49                     11.66  -5.17    11.68
  SINCE JAN 1     16.11                     28.47 -12.36    32.98

DEGREE DAYS
 HEATING
  YESTERDAY        0                         0      0        0
  MONTH TO DATE    0                         0      0        2
  SINCE JUN 1      4                        15    -11       21
  SINCE JUL 1      3                         1      2        4

 COOLING
  YESTERDAY       19                        11      8       12
  MONTH TO DATE  241                       266    -25      155
  SINCE JUN 1    740                       883   -143      654
  SINCE JAN 1    887                       990   -103      761
..................................................................


WIND (MPH)
  HIGHEST WIND SPEED    15   HIGHEST WIND DIRECTION    SW (230)
  HIGHEST GUST SPEED    20   HIGHEST GUST DIRECTION    SW (230)
  AVERAGE WIND SPEED     8.5


SKY COVER
  AVERAGE SKY COVER 0.0


WEATHER CONDITIONS
 THE FOLLOWING WEATHER WAS RECORDED YESTERDAY.
  NO SIGNIFICANT WEATHER WAS OBSERVED.


RELATIVE HUMIDITY (PERCENT)
 HIGHEST    93           500 AM
 LOWEST     42           400 PM
 AVERAGE    68

..........................................................


THE VICHY-ROLLA MO CLIMATE NORMALS FOR TODAY
                         NORMAL    RECORD    YEAR
 MAXIMUM TEMPERATURE (F)   87        98      1898
 MINIMUM TEMPERATURE (F)   64        51      2009


SUNRISE AND SUNSET
AUGUST 23 2014........SUNRISE   629 AM CDT   SUNSET   750 PM CDT
AUGUST 24 2014........SUNRISE   630 AM CDT   SUNSET   748 PM CDT


-  INDICATES NEGATIVE NUMBERS.
R  INDICATES RECORD WAS SET OR TIED.
MM INDICATES DATA IS MISSING.
T  INDICATES TRACE AMOUNT.




$$
