000
CDUS43 KSGF 050649
CLIVIH


CLIMATE REPORT
NATIONAL WEATHER SERVICE SPRINGFIELD MO
149 AM CDT SAT SEP 5 2015


...................................

...THE VICHY-ROLLA MO CLIMATE SUMMARY FOR SEPTEMBER 4 2015...

CLIMATE NORMAL PERIOD 1981 TO 2010
CLIMATE RECORD PERIOD 1888 TO 2015


WEATHER ITEM   OBSERVED TIME   RECORD YEAR NORMAL DEPARTURE LAST
                VALUE   (LST)  VALUE       VALUE  FROM      YEAR
                                                  NORMAL
..................................................................
TEMPERATURE (F)
 YESTERDAY
  MAXIMUM         92    349 PM 102    1899  83      9       91
  MINIMUM         68    118 AM  44    1974  61      7       73
  AVERAGE         80                        72      8       82

PRECIPITATION (IN)
  YESTERDAY        0.00          2.65 1965   0.13  -0.13     0.00
  MONTH TO DATE    0.00                      0.56  -0.56     1.25
  SINCE SEP 1      0.00                      0.56  -0.56     1.25
  SINCE JAN 1     29.26                     30.11  -0.85    18.55

DEGREE DAYS
 HEATING
  YESTERDAY        0                         0      0        0
  MONTH TO DATE    0                         0      0        0
  SINCE SEP 1      0                         0      0        0
  SINCE JUL 1      2                         3     -1        3

 COOLING
  YESTERDAY       15                         8      7       17
  MONTH TO DATE   60                        32     28       33
  SINCE SEP 1     60                        32     28       33
  SINCE JAN 1   1075                      1109    -34     1072
..................................................................


WIND (MPH)
  HIGHEST WIND SPEED    13   HIGHEST WIND DIRECTION     S (190)
  HIGHEST GUST SPEED    17   HIGHEST GUST DIRECTION    SW (230)
  AVERAGE WIND SPEED     6.9


SKY COVER
  AVERAGE SKY COVER 0.0


WEATHER CONDITIONS
 THE FOLLOWING WEATHER WAS RECORDED YESTERDAY.
  NO SIGNIFICANT WEATHER WAS OBSERVED.


RELATIVE HUMIDITY (PERCENT)
 HIGHEST    90           200 AM
 LOWEST     44          1200 PM
 AVERAGE    67

..........................................................


THE VICHY-ROLLA MO CLIMATE NORMALS FOR TODAY
                         NORMAL    RECORD    YEAR
 MAXIMUM TEMPERATURE (F)   83       104      1899
 MINIMUM TEMPERATURE (F)   61        44      1902


SUNRISE AND SUNSET
SEPTEMBER  5 2015.....SUNRISE   640 AM CDT   SUNSET   731 PM CDT
SEPTEMBER  6 2015.....SUNRISE   641 AM CDT   SUNSET   729 PM CDT


-  INDICATES NEGATIVE NUMBERS.
R  INDICATES RECORD WAS SET OR TIED.
MM INDICATES DATA IS MISSING.
T  INDICATES TRACE AMOUNT.




$$
