000
CDUS43 KSGF 300626
CLIVIH


CLIMATE REPORT
NATIONAL WEATHER SERVICE SPRINGFIELD MO
125 AM CDT THU OCT 30 2014


...................................

...THE VICHY-ROLLA MO CLIMATE SUMMARY FOR OCTOBER 29 2014...

CLIMATE NORMAL PERIOD 1981 TO 2010
CLIMATE RECORD PERIOD 1888 TO 2014


WEATHER ITEM   OBSERVED TIME   RECORD YEAR NORMAL DEPARTURE LAST
                VALUE   (LST)  VALUE       VALUE  FROM      YEAR
                                                  NORMAL
..................................................................
TEMPERATURE (F)
 YESTERDAY
  MAXIMUM         58    325 PM  86    1950  63     -5       62
  MINIMUM         37   1047 PM  24    2012  42     -5       46
  AVERAGE         48                        53     -5       54

PRECIPITATION (IN)
  YESTERDAY        0.00          3.11 2009   0.12  -0.12     0.73
  MONTH TO DATE    5.47                      3.28   2.19     1.71
  SINCE SEP 1      7.38                      7.32   0.06     4.57
  SINCE JAN 1     24.68                     36.87 -12.19    37.55

DEGREE DAYS
 HEATING
  YESTERDAY       17                        13      4       11
  MONTH TO DATE  228                       259    -31      319
  SINCE SEP 1    289                       320    -31      347
  SINCE JUL 1    292                       323    -31      351

 COOLING
  YESTERDAY        0                         0      0        0
  MONTH TO DATE   25                        25      0       38
  SINCE SEP 1    147                       166    -19      225
  SINCE JAN 1   1186                      1243    -57     1124
..................................................................


WIND (MPH)
  HIGHEST WIND SPEED    18   HIGHEST WIND DIRECTION     W (280)
  HIGHEST GUST SPEED    23   HIGHEST GUST DIRECTION     W (280)
  AVERAGE WIND SPEED     5.6


SKY COVER
  AVERAGE SKY COVER 0.0


WEATHER CONDITIONS
 THE FOLLOWING WEATHER WAS RECORDED YESTERDAY.
  NO SIGNIFICANT WEATHER WAS OBSERVED.


RELATIVE HUMIDITY (PERCENT)
 HIGHEST    85           600 AM
 LOWEST     33           300 PM
 AVERAGE    59

..........................................................


THE VICHY-ROLLA MO CLIMATE NORMALS FOR TODAY
                         NORMAL    RECORD    YEAR
 MAXIMUM TEMPERATURE (F)   63        88      1950
 MINIMUM TEMPERATURE (F)   42        28      1954


SUNRISE AND SUNSET
OCTOBER 30 2014.......SUNRISE   731 AM CDT   SUNSET   610 PM CDT
OCTOBER 31 2014.......SUNRISE   732 AM CDT   SUNSET   609 PM CDT


-  INDICATES NEGATIVE NUMBERS.
R  INDICATES RECORD WAS SET OR TIED.
MM INDICATES DATA IS MISSING.
T  INDICATES TRACE AMOUNT.




$$
