000
CDUS42 KTAE 220633
CLIVLD


CLIMATE REPORT
NATIONAL WEATHER SERVICE TALLAHASSEE FL
231 AM EDT SUN OCT 22 2017

...................................

...THE VALDOSTA CLIMATE SUMMARY FOR OCTOBER 21 2017...

CLIMATE NORMAL PERIOD 1981 TO 2010
CLIMATE RECORD PERIOD 1948 TO 2017


WEATHER ITEM   OBSERVED TIME   NORMAL DEPARTURE LAST
                VALUE   (LST)  VALUE  FROM      YEAR
                                      NORMAL
......................................................
TEMPERATURE (F)
 YESTERDAY
  MAXIMUM         84    259 PM  79      5       83
  MINIMUM         64    716 AM  55      9       52
  AVERAGE         74            67      7       68

PRECIPITATION (IN)
  YESTERDAY        0.00          0.11  -0.11     0.00
  MONTH TO DATE    2.84          2.17   0.67     0.46
  SINCE SEP 1      5.18          6.81  -1.63     6.07
  SINCE JAN 1     36.96         43.84  -6.88    50.40

DEGREE DAYS
 HEATING
  YESTERDAY        0             2     -2        0
  MONTH TO DATE    1            13    -12        0
  SINCE SEP 1      1            14    -13        0
  SINCE JUL 1      1            14    -13        0

 COOLING
  YESTERDAY        9             4      5        3
  MONTH TO DATE  224           123    101      179
  SINCE SEP 1    564           494     70      627
  SINCE JAN 1   2547          2348    199     2757
......................................................


WIND (MPH)
  HIGHEST WIND SPEED    15   HIGHEST WIND DIRECTION     E (110)
  HIGHEST GUST SPEED    20   HIGHEST GUST DIRECTION    SE (150)
  AVERAGE WIND SPEED     6.8




RELATIVE HUMIDITY (PERCENT)
 HIGHEST    93
 LOWEST     48
 AVERAGE    71

..........................................................



SUNRISE AND SUNSET
OCTOBER 22 2017.......SUNRISE   741 AM EDT   SUNSET   654 PM EDT
OCTOBER 23 2017.......SUNRISE   741 AM EDT   SUNSET   653 PM EDT


-  INDICATES NEGATIVE NUMBERS.
R  INDICATES RECORD WAS SET OR TIED.
MM INDICATES DATA IS MISSING.
T  INDICATES TRACE AMOUNT.

$$
