000
CDUS42 KTAE 240638
CLIVLD


CLIMATE REPORT
NATIONAL WEATHER SERVICE TALLAHASSEE FL
237 AM EDT WED AUG 24 2016

...................................

...THE VALDOSTA CLIMATE SUMMARY FOR AUGUST 23 2016...

CLIMATE NORMAL PERIOD 1981 TO 2010
CLIMATE RECORD PERIOD 1948 TO 2016


WEATHER ITEM   OBSERVED TIME   NORMAL DEPARTURE LAST
                VALUE   (LST)  VALUE  FROM      YEAR
                                      NORMAL
......................................................
TEMPERATURE (F)
 YESTERDAY
  MAXIMUM         96    127 PM  91      5       93
  MINIMUM         74    618 AM  71      3       73
  AVERAGE         85            81      4       83

PRECIPITATION (IN)
  YESTERDAY        0.06          0.17  -0.11     0.39
  MONTH TO DATE    1.90          4.06  -2.16     4.47
  SINCE JUN 1     20.01         16.75   3.26    17.68
  SINCE JAN 1     44.31         35.75   8.56    36.24

DEGREE DAYS
 COOLING
  YESTERDAY       20            16      4       18
  MONTH TO DATE  403           375     28      421
  SINCE JUN 1   1478          1315    163     1491
  SINCE JAN 1   1988          1727    261     2138
......................................................


WIND (MPH)
  HIGHEST WIND SPEED    23   HIGHEST WIND DIRECTION     N (10)
  HIGHEST GUST SPEED    28   HIGHEST GUST DIRECTION     N (360)
  AVERAGE WIND SPEED     2.9




RELATIVE HUMIDITY (PERCENT)
 HIGHEST   100
 LOWEST     49
 AVERAGE    75

..........................................................



SUNRISE AND SUNSET
AUGUST 24 2016........SUNRISE   705 AM EDT   SUNSET   805 PM EDT
AUGUST 25 2016........SUNRISE   706 AM EDT   SUNSET   804 PM EDT


-  INDICATES NEGATIVE NUMBERS.
R  INDICATES RECORD WAS SET OR TIED.
MM INDICATES DATA IS MISSING.
T  INDICATES TRACE AMOUNT.

$$
