000
CDUS42 KTAE 280632
CLIVLD


CLIMATE REPORT
NATIONAL WEATHER SERVICE TALLAHASSEE FL
231 AM EDT TUE MAR 28 2017

...................................

...THE VALDOSTA CLIMATE SUMMARY FOR MARCH 27 2017...

CLIMATE NORMAL PERIOD 1981 TO 2010
CLIMATE RECORD PERIOD 1948 TO 2017


WEATHER ITEM   OBSERVED TIME   NORMAL DEPARTURE LAST
                VALUE   (LST)  VALUE  FROM      YEAR
                                      NORMAL
......................................................
TEMPERATURE (F)
 YESTERDAY
  MAXIMUM         84    442 PM  75      9       69
  MINIMUM         53    643 AM  49      4       62
  AVERAGE         69            62      7       66

PRECIPITATION (IN)
  YESTERDAY        0.00          0.15  -0.15     1.71
  MONTH TO DATE    1.20          4.26  -3.06     6.17
  SINCE MAR 1      1.20          4.26  -3.06     6.17
  SINCE JAN 1     11.51         12.99  -1.48    15.03

DEGREE DAYS
 HEATING
  YESTERDAY        0             5     -5        0
  MONTH TO DATE  174           170      4       89
  SINCE MAR 1    174           170      4       89
  SINCE JUL 1    960          1550   -590     1031

 COOLING
  YESTERDAY        4             1      3        1
  MONTH TO DATE   31            27      4       73
  SINCE MAR 1     31            27      4       73
  SINCE JAN 1     77            37     40       83
......................................................


WIND (MPH)
  HIGHEST WIND SPEED    10   HIGHEST WIND DIRECTION     S (190)
  HIGHEST GUST SPEED    14   HIGHEST GUST DIRECTION     S (200)
  AVERAGE WIND SPEED     2.8




RELATIVE HUMIDITY (PERCENT)
 HIGHEST   100
 LOWEST     43
 AVERAGE    72

..........................................................



SUNRISE AND SUNSET
MARCH 28 2017.........SUNRISE   727 AM EDT   SUNSET   750 PM EDT
MARCH 29 2017.........SUNRISE   725 AM EDT   SUNSET   751 PM EDT


-  INDICATES NEGATIVE NUMBERS.
R  INDICATES RECORD WAS SET OR TIED.
MM INDICATES DATA IS MISSING.
T  INDICATES TRACE AMOUNT.

$$
