000
CDUS42 KTAE 290911
CLIVLD


CLIMATE REPORT
NATIONAL WEATHER SERVICE TALLAHASSEE FL
511 AM EDT SAT AUG 29 2015


...................................

...THE VALDOSTA CLIMATE SUMMARY FOR AUGUST 28 2015...

CLIMATE NORMAL PERIOD 1981 TO 2010
CLIMATE RECORD PERIOD 1948 TO 2015


WEATHER ITEM   OBSERVED TIME   NORMAL DEPARTURE LAST
                VALUE   (LST)  VALUE  FROM      YEAR
                                      NORMAL
......................................................
TEMPERATURE (F)
 YESTERDAY
  MAXIMUM         90    226 PM  91     -1       93
  MINIMUM         71    644 PM  71      0       62
  AVERAGE         81            81      0       78

PRECIPITATION (IN)
  YESTERDAY        0.19          0.15   0.04     0.00
  MONTH TO DATE    4.66          4.87  -0.21     2.77
  SINCE JUN 1     17.87         17.56   0.31     8.85
  SINCE JAN 1     36.43         36.56  -0.13    32.12

DEGREE DAYS
 COOLING
  YESTERDAY       16            16      0       13
  MONTH TO DATE  503           455     48      542
  SINCE JUN 1   1573          1395    178     1706
  SINCE JAN 1   2220          1807    413     2309
......................................................


WIND (MPH)
  HIGHEST WIND SPEED    22   HIGHEST WIND DIRECTION    NE (40)
  HIGHEST GUST SPEED    32   HIGHEST GUST DIRECTION    NE (40)
  AVERAGE WIND SPEED     3.1




RELATIVE HUMIDITY (PERCENT)
 HIGHEST   100
 LOWEST     63
 AVERAGE    82

..........................................................




SUNRISE AND SUNSET
AUGUST 29 2015........SUNRISE   708 AM EDT   SUNSET   800 PM EDT
AUGUST 30 2015........SUNRISE   708 AM EDT   SUNSET   759 PM EDT


-  INDICATES NEGATIVE NUMBERS.
R  INDICATES RECORD WAS SET OR TIED.
MM INDICATES DATA IS MISSING.
T  INDICATES TRACE AMOUNT.




$$
