578
CDUS42 KTAE 030634
CLIVLD


CLIMATE REPORT
NATIONAL WEATHER SERVICE TALLAHASSEE FL
133 AM EST SAT DEC 3 2016


...................................

...THE VALDOSTA CLIMATE SUMMARY FOR DECEMBER 2 2016...

CLIMATE NORMAL PERIOD 1981 TO 2010
CLIMATE RECORD PERIOD 1948 TO 2016


WEATHER ITEM   OBSERVED TIME   NORMAL DEPARTURE LAST
                VALUE   (LST)  VALUE  FROM      YEAR
                                      NORMAL
......................................................
TEMPERATURE (F)
 YESTERDAY
  MAXIMUM         68    256 PM  68      0       74
  MINIMUM         34    545 AM  44    -10       59
  AVERAGE         51            56     -5       67

PRECIPITATION (IN)
  YESTERDAY        0.00          0.10  -0.10     0.24
  MONTH TO DATE    0.00          0.21  -0.21     0.24
  SINCE DEC 1      0.00          0.21  -0.21     0.24
  SINCE JAN 1     50.40         47.64   2.76    46.67

DEGREE DAYS
 HEATING
  YESTERDAY       14            10      4        0
  MONTH TO DATE   26            20      6        0
  SINCE DEC 1     26            20      6        0
  SINCE JUL 1    193           251    -58       76
......................................................


WIND (MPH)
  HIGHEST WIND SPEED    15   HIGHEST WIND DIRECTION     N (360)
  HIGHEST GUST SPEED    20   HIGHEST GUST DIRECTION     N (20)
  AVERAGE WIND SPEED     4.5




RELATIVE HUMIDITY (PERCENT)
 HIGHEST   100
 LOWEST     22
 AVERAGE    61

..........................................................




SUNRISE AND SUNSET
DECEMBER  3 2016......SUNRISE   715 AM EST   SUNSET   531 PM EST
DECEMBER  4 2016......SUNRISE   716 AM EST   SUNSET   531 PM EST


-  INDICATES NEGATIVE NUMBERS.
R  INDICATES RECORD WAS SET OR TIED.
MM INDICATES DATA IS MISSING.
T  INDICATES TRACE AMOUNT.




$$
