000
CDUS42 KTAE 140632
CLIVLD


CLIMATE REPORT
NATIONAL WEATHER SERVICE TALLAHASSEE FL
131 AM EST SUN FEB 14 2016


...................................

...THE VALDOSTA CLIMATE SUMMARY FOR FEBRUARY 13 2016...

CLIMATE NORMAL PERIOD 1981 TO 2010
CLIMATE RECORD PERIOD 1948 TO 2016


WEATHER ITEM   OBSERVED TIME   NORMAL DEPARTURE LAST
                VALUE   (LST)  VALUE  FROM      YEAR
                                      NORMAL
......................................................
TEMPERATURE (F)
 YESTERDAY
  MAXIMUM         59    248 PM  66     -7       51
  MINIMUM         39   1154 PM  41     -2       30
  AVERAGE         49            54     -5       41

PRECIPITATION (IN)
  YESTERDAY        0.00          0.14  -0.14     0.00
  MONTH TO DATE    3.09          1.13   1.96     0.87
  SINCE DEC 1      9.49          8.87   0.62     9.53
  SINCE JAN 1      6.98          5.70   1.28     5.43

DEGREE DAYS
 HEATING
  YESTERDAY       16            11      5       24
  MONTH TO DATE  166           164      2      196
  SINCE DEC 1    735          1002   -267      889
  SINCE JUL 1    811          1233   -422     1256
......................................................


WIND (MPH)
  HIGHEST WIND SPEED    16   HIGHEST WIND DIRECTION     N (10)
  HIGHEST GUST SPEED    23   HIGHEST GUST DIRECTION     N (10)
  AVERAGE WIND SPEED     5.2




RELATIVE HUMIDITY (PERCENT)
 HIGHEST    93
 LOWEST     19
 AVERAGE    56

..........................................................




SUNRISE AND SUNSET
FEBRUARY 14 2016......SUNRISE   715 AM EST   SUNSET   620 PM EST
FEBRUARY 15 2016......SUNRISE   714 AM EST   SUNSET   621 PM EST


-  INDICATES NEGATIVE NUMBERS.
R  INDICATES RECORD WAS SET OR TIED.
MM INDICATES DATA IS MISSING.
T  INDICATES TRACE AMOUNT.




$$
