000
CDUS42 KTAE 250636
CLIVLD


CLIMATE REPORT
NATIONAL WEATHER SERVICE TALLAHASSEE FL
236 AM EDT WED MAY 25 2016


...................................

...THE VALDOSTA CLIMATE SUMMARY FOR MAY 24 2016...

CLIMATE NORMAL PERIOD 1981 TO 2010
CLIMATE RECORD PERIOD 1948 TO 2016


WEATHER ITEM   OBSERVED TIME   NORMAL DEPARTURE LAST
                VALUE   (LST)  VALUE  FROM      YEAR
                                      NORMAL
......................................................
TEMPERATURE (F)
 YESTERDAY
  MAXIMUM         88    420 PM  88      0       89
  MINIMUM         58    602 AM  64     -6       67
  AVERAGE         73            76     -3       78

PRECIPITATION (IN)
  YESTERDAY        0.00          0.09  -0.09     0.00
  MONTH TO DATE    3.45          1.60   1.85     0.40
  SINCE MAR 1     15.44          9.34   6.10     7.74
  SINCE JAN 1     24.30         18.07   6.23    16.90

DEGREE DAYS
 COOLING
  YESTERDAY        8            11     -3       13
  MONTH TO DATE  200           197      3      248
  SINCE MAR 1    413           322     91      545
  SINCE JAN 1    423           332     91      549
......................................................


WIND (MPH)
  HIGHEST WIND SPEED    10   HIGHEST WIND DIRECTION     S (170)
  HIGHEST GUST SPEED    14   HIGHEST GUST DIRECTION     S (180)
  AVERAGE WIND SPEED     2.5




RELATIVE HUMIDITY (PERCENT)
 HIGHEST   100
 LOWEST     31
 AVERAGE    66

..........................................................




SUNRISE AND SUNSET
MAY 25 2016...........SUNRISE   633 AM EDT   SUNSET   828 PM EDT
MAY 26 2016...........SUNRISE   632 AM EDT   SUNSET   828 PM EDT


-  INDICATES NEGATIVE NUMBERS.
R  INDICATES RECORD WAS SET OR TIED.
MM INDICATES DATA IS MISSING.
T  INDICATES TRACE AMOUNT.




$$
