000
CDUS42 KTAE 190637
CLIVLD


CLIMATE REPORT
NATIONAL WEATHER SERVICE TALLAHASSEE FL
234 AM EDT SAT APR 19 2014


...................................

...THE VALDOSTA CLIMATE SUMMARY FOR APRIL 18 2014...

CLIMATE NORMAL PERIOD 1981 TO 2010
CLIMATE RECORD PERIOD 1948 TO 2014


WEATHER ITEM   OBSERVED TIME   NORMAL DEPARTURE LAST
                VALUE   (LST)  VALUE  FROM      YEAR
                                      NORMAL
......................................................
TEMPERATURE (F)
 YESTERDAY
  MAXIMUM         63    229 PM  80    -17       89
  MINIMUM         60   1159 PM  53      7       62
  AVERAGE         62            66     -4       76

PRECIPITATION (IN)
  YESTERDAY        2.62          0.08   2.54     0.00
  MONTH TO DATE    8.02          1.96   6.06     3.87
  SINCE MAR 1     12.18          6.83   5.35     6.16
  SINCE JAN 1     18.32         15.56   2.76    12.31

DEGREE DAYS
 HEATING
  YESTERDAY        3             2      1        0
  MONTH TO DATE   19            53    -34       15
  SINCE MAR 1    178           239    -61      289
  SINCE JUL 1   1229          1619   -390     1158

 COOLING
  YESTERDAY        0             3     -3       11
  MONTH TO DATE   81            43     38      102
  SINCE MAR 1    114            76     38      128
  SINCE JAN 1    146            86     60      205
......................................................


WIND (MPH)
  HIGHEST WIND SPEED    18   HIGHEST WIND DIRECTION    NE (50)
  HIGHEST GUST SPEED    25   HIGHEST GUST DIRECTION    NE (40)
  AVERAGE WIND SPEED     9.6


RELATIVE HUMIDITY (PERCENT)
 HIGHEST    84
 LOWEST     72
 AVERAGE    78

..........................................................


SUNRISE AND SUNSET
APRIL 19 2014.........SUNRISE   701 AM EDT   SUNSET   804 PM EDT
APRIL 20 2014.........SUNRISE   700 AM EDT   SUNSET   804 PM EDT


-  INDICATES NEGATIVE NUMBERS.
R  INDICATES RECORD WAS SET OR TIED.
MM INDICATES DATA IS MISSING.
T  INDICATES TRACE AMOUNT.


$$
