000
CDUS42 KTAE 300631
CLIVLD


CLIMATE REPORT
NATIONAL WEATHER SERVICE TALLAHASSEE FL
231 AM EDT FRI SEP 30 2016


...................................

...THE VALDOSTA CLIMATE SUMMARY FOR SEPTEMBER 29 2016...

CLIMATE NORMAL PERIOD 1981 TO 2010
CLIMATE RECORD PERIOD 1948 TO 2016


WEATHER ITEM   OBSERVED TIME   NORMAL DEPARTURE LAST
                VALUE   (LST)  VALUE  FROM      YEAR
                                      NORMAL
......................................................
TEMPERATURE (F)
 YESTERDAY
  MAXIMUM         92    303 PM  85      7       88
  MINIMUM         70   1159 PM  63      7       74
  AVERAGE         81            74      7       81

PRECIPITATION (IN)
  YESTERDAY        T             0.11  -0.11     0.13
  MONTH TO DATE    5.61          4.52   1.09     3.20
  SINCE SEP 1      5.61          4.52   1.09     3.20
  SINCE JAN 1     49.94         41.55   8.39    41.36

DEGREE DAYS
 HEATING
  YESTERDAY        0             0      0        0
  MONTH TO DATE    0             0      0        0
  SINCE SEP 1      0             0      0        0
  SINCE JUL 1      0             0      0        0

 COOLING
  YESTERDAY       16             9      7       16
  MONTH TO DATE  441           361     80      372
  SINCE SEP 1    441           361     80      372
  SINCE JAN 1   2571          2215    356     2639
......................................................


WIND (MPH)
  HIGHEST WIND SPEED     8   HIGHEST WIND DIRECTION     S (200)
  HIGHEST GUST SPEED    14   HIGHEST GUST DIRECTION     S (200)
  AVERAGE WIND SPEED     1.7




RELATIVE HUMIDITY (PERCENT)
 HIGHEST   100
 LOWEST     49
 AVERAGE    75

..........................................................




SUNRISE AND SUNSET
SEPTEMBER 30 2016.....SUNRISE   726 AM EDT   SUNSET   719 PM EDT
OCTOBER  1 2016.......SUNRISE   727 AM EDT   SUNSET   718 PM EDT


-  INDICATES NEGATIVE NUMBERS.
R  INDICATES RECORD WAS SET OR TIED.
MM INDICATES DATA IS MISSING.
T  INDICATES TRACE AMOUNT.




$$
