000
CDUS42 KTAE 230631
CLIVLD


CLIMATE REPORT
NATIONAL WEATHER SERVICE TALLAHASSEE FL
230 AM EDT FRI JUN 23 2017


...................................

...THE VALDOSTA CLIMATE SUMMARY FOR JUNE 22 2017...

CLIMATE NORMAL PERIOD 1981 TO 2010
CLIMATE RECORD PERIOD 1948 TO 2017


WEATHER ITEM   OBSERVED TIME   NORMAL DEPARTURE LAST
                VALUE   (LST)  VALUE  FROM      YEAR
                                      NORMAL
......................................................
TEMPERATURE (F)
 YESTERDAY
  MAXIMUM         91    339 PM  91      0       91
  MINIMUM         72    431 AM  70      2       65
  AVERAGE         82            80      2       78

PRECIPITATION (IN)
  YESTERDAY        0.00          0.20  -0.20     0.00
  MONTH TO DATE    7.49          4.70   2.79     7.77
  SINCE JUN 1      7.49          4.70   2.79     7.77
  SINCE JAN 1     23.28         23.70  -0.42    32.07

DEGREE DAYS
 COOLING
  YESTERDAY       17            15      2       13
  MONTH TO DATE  282           307    -25      350
  SINCE JUN 1    282           307    -25      350
  SINCE JAN 1    823           719    104      860
......................................................


WIND (MPH)
  HIGHEST WIND SPEED    15   HIGHEST WIND DIRECTION     S (180)
  HIGHEST GUST SPEED    19   HIGHEST GUST DIRECTION     S (180)
  AVERAGE WIND SPEED     5.4




RELATIVE HUMIDITY (PERCENT)
 HIGHEST   100
 LOWEST     56
 AVERAGE    78

..........................................................




SUNRISE AND SUNSET
JUNE 23 2017..........SUNRISE   631 AM EDT   SUNSET   840 PM EDT
JUNE 24 2017..........SUNRISE   631 AM EDT   SUNSET   840 PM EDT


-  INDICATES NEGATIVE NUMBERS.
R  INDICATES RECORD WAS SET OR TIED.
MM INDICATES DATA IS MISSING.
T  INDICATES TRACE AMOUNT.




$$
