000
CDUS42 KTAE 280639
CLIVLD


CLIMATE REPORT
NATIONAL WEATHER SERVICE TALLAHASSEE FL
238 AM EDT THU MAY 28 2015


...................................

...THE VALDOSTA CLIMATE SUMMARY FOR MAY 27 2015...

CLIMATE NORMAL PERIOD 1981 TO 2010
CLIMATE RECORD PERIOD 1948 TO 2015


WEATHER ITEM   OBSERVED TIME   NORMAL DEPARTURE LAST
                VALUE   (LST)  VALUE  FROM      YEAR
                                      NORMAL
......................................................
TEMPERATURE (F)
 YESTERDAY
  MAXIMUM         89    239 PM  88      1       91
  MINIMUM         67    453 AM  65      2       67
  AVERAGE         78            76      2       79

PRECIPITATION (IN)
  YESTERDAY        T             0.11  -0.11     0.00
  MONTH TO DATE    2.01          1.91   0.10     2.51
  SINCE MAR 1      9.35          9.65  -0.30    15.56
  SINCE JAN 1     18.51         18.38   0.13    21.70

DEGREE DAYS
 COOLING
  YESTERDAY       13            11      2       14
  MONTH TO DATE  295           230     65      300
  SINCE MAR 1    592           355    237      506
  SINCE JAN 1    596           365    231      538
......................................................


WIND (MPH)
  HIGHEST WIND SPEED    12   HIGHEST WIND DIRECTION    SE (150)
  HIGHEST GUST SPEED    15   HIGHEST GUST DIRECTION    SE (130)
  AVERAGE WIND SPEED     3.8




RELATIVE HUMIDITY (PERCENT)
 HIGHEST   100
 LOWEST     55
 AVERAGE    78

..........................................................




SUNRISE AND SUNSET
MAY 28 2015...........SUNRISE   632 AM EDT   SUNSET   829 PM EDT
MAY 29 2015...........SUNRISE   632 AM EDT   SUNSET   830 PM EDT


-  INDICATES NEGATIVE NUMBERS.
R  INDICATES RECORD WAS SET OR TIED.
MM INDICATES DATA IS MISSING.
T  INDICATES TRACE AMOUNT.




$$
