000
CDUS42 KFFC 300819
CLIVPC


CLIMATE REPORT
NATIONAL WEATHER SERVICE PEACHTREE CITY GA
419 AM EDT TUE JUN 30 2015


...................................

...THE CARTERSVILLE CLIMATE SUMMARY FOR JUNE 29 2015...

CLIMATE NORMAL PERIOD 1981 TO 2010
CLIMATE RECORD PERIOD 9999 TO 9999


WEATHER ITEM   OBSERVED TIME   RECORD YEAR NORMAL DEPARTURE LAST
                VALUE   (LST)  VALUE       VALUE  FROM      YEAR
                                                  NORMAL
..................................................................
TEMPERATURE (F)
 YESTERDAY
  MAXIMUM         86    323 PM  MM      MM  89     -3       88
  MINIMUM         56    426 AM  MM      MM  66    -10       68
  AVERAGE         71                        77     -6       78

PRECIPITATION (IN)
  YESTERDAY        0.00         MM      MM   0.16  -0.16     0.20
  MONTH TO DATE    2.47                      3.67  -1.20     3.99
  SINCE JUN 1      2.47                      3.67  -1.20     3.99
  SINCE JAN 1     20.57                     25.83  -5.26    24.76

DEGREE DAYS
 COOLING
  YESTERDAY        6                        12     -6       13
  MONTH TO DATE  358                       282     76      329
  SINCE JUN 1    358                       282     76      329
  SINCE JAN 1    576                       431    145      511
..................................................................


WIND (MPH)
  RESULTANT WIND SPEED   2   RESULTANT WIND DIRECTION  SE (150)
  HIGHEST WIND SPEED    10   HIGHEST WIND DIRECTION    SW (210)
  HIGHEST GUST SPEED    15   HIGHEST GUST DIRECTION    SW (220)
  AVERAGE WIND SPEED     3.0


SKY COVER
  AVERAGE SKY COVER 0.1


WEATHER CONDITIONS
 THE FOLLOWING WEATHER WAS RECORDED YESTERDAY.
  NO SIGNIFICANT WEATHER WAS OBSERVED.


RELATIVE HUMIDITY (PERCENT)
 HIGHEST    93           200 AM
 LOWEST     44           200 PM
 AVERAGE    69

..........................................................


THE CARTERSVILLE CLIMATE NORMALS FOR TODAY
                         NORMAL    RECORD    YEAR
 MAXIMUM TEMPERATURE (F)   89        MM        MM
 MINIMUM TEMPERATURE (F)   66        MM        MM


SUNRISE AND SUNSET
JUNE 30 2015..........SUNRISE   631 AM EDT   SUNSET   855 PM EDT
JULY  1 2015..........SUNRISE   631 AM EDT   SUNSET   855 PM EDT


-  INDICATES NEGATIVE NUMBERS.
R  INDICATES RECORD WAS SET OR TIED.
MM INDICATES DATA IS MISSING.
T  INDICATES TRACE AMOUNT.




$$
