000
CDUS42 KFFC 200819
CLIVPC


CLIMATE REPORT
NATIONAL WEATHER SERVICE PEACHTREE CITY GA
419 AM EDT WED AUG 20 2014


...................................

...THE CARTERSVILLE CLIMATE SUMMARY FOR AUGUST 19 2014...

CLIMATE NORMAL PERIOD 1981 TO 2010
CLIMATE RECORD PERIOD 9999 TO 9999


WEATHER ITEM   OBSERVED TIME   RECORD YEAR NORMAL DEPARTURE LAST
                VALUE   (LST)  VALUE       VALUE  FROM      YEAR
                                                  NORMAL
..................................................................
TEMPERATURE (F)
 YESTERDAY
  MAXIMUM         88    437 PM  MM      MM  90     -2       83
  MINIMUM         68   1209 AM  MM      MM  67      1       69
  AVERAGE         78                        78      0       76

PRECIPITATION (IN)
  YESTERDAY        0.21         MM      MM   0.12   0.09     0.09
  MONTH TO DATE    2.06                      2.68  -0.62     4.38
  SINCE JUN 1      7.26                     11.18  -3.92    17.64
  SINCE JAN 1     28.03                     33.34  -5.31    29.45

DEGREE DAYS
 COOLING
  YESTERDAY       13                        13      0       11
  MONTH TO DATE  233                       263    -30      212
  SINCE JUN 1    935                       970    -35      910
  SINCE JAN 1   1117                      1119     -2     1035
..................................................................


WIND (MPH)
  RESULTANT WIND SPEED   1   RESULTANT WIND DIRECTION  SE (130)
  HIGHEST WIND SPEED     8   HIGHEST WIND DIRECTION    SW (230)
  HIGHEST GUST SPEED    16   HIGHEST GUST DIRECTION    SW (220)
  AVERAGE WIND SPEED     2.2


SKY COVER
  AVERAGE SKY COVER 0.6


WEATHER CONDITIONS
 THE FOLLOWING WEATHER WAS RECORDED YESTERDAY.
  THUNDERSTORM
  RAIN
  LIGHT RAIN
  FOG


RELATIVE HUMIDITY (PERCENT)
 HIGHEST    97          1200 AM
 LOWEST     57           400 PM
 AVERAGE    77

..........................................................


THE CARTERSVILLE CLIMATE NORMALS FOR TODAY
                         NORMAL    RECORD    YEAR
 MAXIMUM TEMPERATURE (F)   90        MM        MM
 MINIMUM TEMPERATURE (F)   67        MM        MM


SUNRISE AND SUNSET
AUGUST 20 2014........SUNRISE   704 AM EDT   SUNSET   821 PM EDT
AUGUST 21 2014........SUNRISE   705 AM EDT   SUNSET   819 PM EDT


-  INDICATES NEGATIVE NUMBERS.
R  INDICATES RECORD WAS SET OR TIED.
MM INDICATES DATA IS MISSING.
T  INDICATES TRACE AMOUNT.




$$
