000
CDUS42 KFFC 250030
CLIVPC


CLIMATE REPORT
NATIONAL WEATHER SERVICE PEACHTREE CITY GA
830 PM EDT MON APR 24 2017


...................................

...THE CARTERSVILLE CLIMATE SUMMARY FOR APRIL 24 2017...
VALID AS OF 0800 PM LOCAL TIME.

CLIMATE NORMAL PERIOD 1981 TO 2010
CLIMATE RECORD PERIOD 9999 TO 9999


WEATHER ITEM   OBSERVED TIME   RECORD YEAR NORMAL DEPARTURE LAST
                VALUE   (LST)  VALUE       VALUE  FROM      YEAR
                                                  NORMAL
..................................................................
TEMPERATURE (F)
 TODAY
  MAXIMUM         69    416 PM  MM      MM  75     -6       80
  MINIMUM         53    411 AM  MM      MM  48      5       45
  AVERAGE         61                        61      0       63

PRECIPITATION (IN)
  TODAY            0.18         MM      MM   0.15   0.03     0.00
  MONTH TO DATE    3.66                      3.04   0.62     2.53
  SINCE MAR 1      7.08                      7.76  -0.68     5.32

SNOWFALL (IN)
  TODAY            0.0          MM      MM  MM     MM       MM
  MONTH TO DATE    0.0                      MM     MM        0.0
  SINCE MAR 1      0.0                      MM     MM        0.0
  SINCE JUL 1      T                        MM     MM         T
  SNOW DEPTH       0

DEGREE DAYS
 HEATING
  TODAY            4                         5     -1        2
  MONTH TO DATE   72                       174   -102      164
  SINCE MAR 1    390                       590   -200      452
  SINCE JUL 1   2220                      3202   -982     2574

 COOLING
  TODAY            0                         1     -1        0
  MONTH TO DATE   51                        13     38        5
  SINCE MAR 1     72                        17     55       12
  SINCE JAN 1     72                        17     55       12
..................................................................


WIND (MPH)
  RESULTANT WIND SPEED   1   RESULTANT WIND DIRECTION   E (70)
  HIGHEST WIND SPEED     8   HIGHEST WIND DIRECTION     N (20)
  HIGHEST GUST SPEED    11   HIGHEST GUST DIRECTION     N (340)
  AVERAGE WIND SPEED     1.8


SKY COVER
  AVERAGE SKY COVER 1.0


WEATHER CONDITIONS
 THE FOLLOWING WEATHER WAS RECORDED TODAY.
  RAIN
  LIGHT RAIN
  FOG


RELATIVE HUMIDITY (PERCENT)
 HIGHEST    93          1200 AM
 LOWEST     73           300 PM
 AVERAGE    83

..........................................................


THE CARTERSVILLE CLIMATE NORMALS FOR TOMORROW
                         NORMAL    RECORD    YEAR
 MAXIMUM TEMPERATURE (F)   75        MM        MM
 MINIMUM TEMPERATURE (F)   49        MM        MM


SUNRISE AND SUNSET
APRIL 24 2017.........SUNRISE   657 AM EDT   SUNSET   818 PM EDT
APRIL 25 2017.........SUNRISE   656 AM EDT   SUNSET   819 PM EDT


-  INDICATES NEGATIVE NUMBERS.
R  INDICATES RECORD WAS SET OR TIED.
MM INDICATES DATA IS MISSING.
T  INDICATES TRACE AMOUNT.




$$
