000
CDUS43 KLOT 010650
CLIVPZ


CLIMATE REPORT
NATIONAL WEATHER SERVICE CHICAGO IL
150 AM CDT SAT OCT 1 2016


...................................

...THE VALPARAISO CLIMATE SUMMARY FOR SEPTEMBER 30 2016...

CLIMATE NORMAL PERIOD 1981 TO 2010
CLIMATE RECORD PERIOD 1998 TO 2016


WEATHER ITEM   OBSERVED TIME   RECORD YEAR NORMAL DEPARTURE LAST
                VALUE   (LST)  VALUE       VALUE  FROM      YEAR
                                                  NORMAL
..................................................................
TEMPERATURE (F)
 YESTERDAY
  MAXIMUM         70    155 PM  86    2002  69      1       63
  MINIMUM         54   1144 PM  37    2009  47      7       47
                                      2005
                                      2004
  AVERAGE         62                        58      4       55

PRECIPITATION (IN)
  YESTERDAY        0.14          0.25 2006   0.12   0.02     0.00
  MONTH TO DATE    1.24                      3.21  -1.97     1.16
  SINCE SEP 1      1.24                      3.21  -1.97     1.16
  SINCE JAN 1     24.08                     28.75  -4.67    24.86

DEGREE DAYS
 HEATING
  YESTERDAY        3                         8     -5       10
  MONTH TO DATE   27                       114    -87       44
  SINCE SEP 1     27                       113    -86       44
  SINCE JUL 1     35                       130    -95       55

 COOLING
  YESTERDAY        0                         1     -1        0
  MONTH TO DATE  141                        66     75      145
  SINCE SEP 1    141                        66     75      145
  SINCE JAN 1    990                       702    288      732
..................................................................


WIND (MPH)
  RESULTANT WIND SPEED   8   RESULTANT WIND DIRECTION  NE (50)
  HIGHEST WIND SPEED    17   HIGHEST WIND DIRECTION     E (70)
  HIGHEST GUST SPEED    22   HIGHEST GUST DIRECTION     E (70)
  AVERAGE WIND SPEED     8.1



WEATHER CONDITIONS
 THE FOLLOWING WEATHER WAS RECORDED YESTERDAY.
  THUNDERSTORM
  RAIN
  LIGHT RAIN


..........................................................


THE VALPARAISO CLIMATE NORMALS FOR TODAY
                         NORMAL    RECORD    YEAR
 MAXIMUM TEMPERATURE (F)   69        84      2002
 MINIMUM TEMPERATURE (F)   46        32      2003


SUNRISE AND SUNSET
OCTOBER  1 2016.......SUNRISE   645 AM CDT   SUNSET   629 PM CDT
OCTOBER  2 2016.......SUNRISE   646 AM CDT   SUNSET   627 PM CDT


-  INDICATES NEGATIVE NUMBERS.
R  INDICATES RECORD WAS SET OR TIED.
MM INDICATES DATA IS MISSING.
T  INDICATES TRACE AMOUNT.




$$
