000
CDUS43 KLOT 290633
CLIVPZ


CLIMATE REPORT
NATIONAL WEATHER SERVICE CHICAGO IL
131 AM CDT FRI APR 29 2016


...................................

...THE VALPARAISO CLIMATE SUMMARY FOR APRIL 28 2016...

CLIMATE NORMAL PERIOD 1981 TO 2010
CLIMATE RECORD PERIOD 1998 TO 2016


WEATHER ITEM   OBSERVED TIME   RECORD YEAR NORMAL DEPARTURE LAST
                VALUE   (LST)  VALUE       VALUE  FROM      YEAR
                                                  NORMAL
..................................................................
TEMPERATURE (F)
 YESTERDAY
  MAXIMUM         56    435 PM  79    2004  65     -9       59
  MINIMUM         44    557 AM  32    2015  43      1       32
                                      2010
  AVERAGE         50                        54     -4       46

PRECIPITATION (IN)
  YESTERDAY        0.21          0.27 2008   0.14   0.07     0.00
  MONTH TO DATE    2.10                      3.19  -1.09     2.15
  SINCE MAR 1      5.15                      5.67  -0.52     2.77
  SINCE JAN 1      6.48                      8.84  -2.36     4.38

DEGREE DAYS
 HEATING
  YESTERDAY       15                        12      3       19
  MONTH TO DATE  461                       459      2      409
  SINCE MAR 1   1102                      1304   -202     1372
  SINCE JUL 1   4960                      6036  -1076     6630

 COOLING
  YESTERDAY        0                         0      0        0
  MONTH TO DATE    6                         0      6        0
  SINCE MAR 1      6                         0      6        0
  SINCE JAN 1      6                         0      6        0
..................................................................


WIND (MPH)
  RESULTANT WIND SPEED   5   RESULTANT WIND DIRECTION   E (80)
  HIGHEST WIND SPEED    32   HIGHEST WIND DIRECTION     E (80)
  HIGHEST GUST SPEED    39   HIGHEST GUST DIRECTION     E (90)
  AVERAGE WIND SPEED     7.5



WEATHER CONDITIONS
 THE FOLLOWING WEATHER WAS RECORDED YESTERDAY.
  RAIN
  LIGHT RAIN
  FOG


..........................................................


THE VALPARAISO CLIMATE NORMALS FOR TODAY
                         NORMAL    RECORD    YEAR
 MAXIMUM TEMPERATURE (F)   65        80      2007
 MINIMUM TEMPERATURE (F)   43        32      2008


SUNRISE AND SUNSET
APRIL 29 2016.........SUNRISE   547 AM CDT   SUNSET   744 PM CDT
APRIL 30 2016.........SUNRISE   546 AM CDT   SUNSET   745 PM CDT


-  INDICATES NEGATIVE NUMBERS.
R  INDICATES RECORD WAS SET OR TIED.
MM INDICATES DATA IS MISSING.
T  INDICATES TRACE AMOUNT.




$$
