000
CDUS43 KLOT 300639
CLIVPZ


CLIMATE REPORT
NATIONAL WEATHER SERVICE CHICAGO IL
136 AM CDT TUE SEP 30 2014


...................................

...THE VALPARAISO CLIMATE SUMMARY FOR SEPTEMBER 29 2014...

CLIMATE NORMAL PERIOD 1981 TO 2010
CLIMATE RECORD PERIOD 1998 TO 2014


WEATHER ITEM   OBSERVED TIME   RECORD YEAR NORMAL DEPARTURE LAST
                VALUE   (LST)  VALUE       VALUE  FROM      YEAR
                                                  NORMAL
..................................................................
TEMPERATURE (F)
 YESTERDAY
  MAXIMUM         81    302 PM  83    2002  69     12       MM
  MINIMUM         49    315 AM  37    2006  47      2       MM
  AVERAGE         65                        58      7       MM

PRECIPITATION (IN)
  YESTERDAY        T             0.26 1999   0.11  -0.11     0.15
  MONTH TO DATE    2.38                      3.09  -0.71     2.57
  SINCE SEP 1      2.38                      3.09  -0.71     2.57
  SINCE JAN 1     31.74                     28.63   3.11    28.25

DEGREE DAYS
 HEATING
  YESTERDAY        0                         8     -8       MM
  MONTH TO DATE  119                       106     13       80
  SINCE SEP 1    119                       106     13       80
  SINCE JUL 1    159                       123     36      108

 COOLING
  YESTERDAY        0                         1     -1       MM
  MONTH TO DATE   61                        64     -3      118
  SINCE SEP 1     61                        64     -3      118
  SINCE JAN 1    608                       700    -92      785
..................................................................


WIND (MPH)
  RESULTANT WIND SPEED   5   RESULTANT WIND DIRECTION  NW (330)
  HIGHEST WIND SPEED    14   HIGHEST WIND DIRECTION     N (360)
  HIGHEST GUST SPEED    26   HIGHEST GUST DIRECTION     N (10)
  AVERAGE WIND SPEED     4.5



WEATHER CONDITIONS
 THE FOLLOWING WEATHER WAS RECORDED YESTERDAY.
  FOG


..........................................................


THE VALPARAISO CLIMATE NORMALS FOR TODAY
                         NORMAL    RECORD    YEAR
 MAXIMUM TEMPERATURE (F)   69        86      2002
 MINIMUM TEMPERATURE (F)   47        37      2009
                                             2005
                                             2004


SUNRISE AND SUNSET
SEPTEMBER 30 2014.....SUNRISE   644 AM CDT   SUNSET   632 PM CDT
OCTOBER  1 2014.......SUNRISE   645 AM CDT   SUNSET   630 PM CDT


-  INDICATES NEGATIVE NUMBERS.
R  INDICATES RECORD WAS SET OR TIED.
MM INDICATES DATA IS MISSING.
T  INDICATES TRACE AMOUNT.




$$
