000
CDUS43 KLOT 170637
CLIVPZ


CLIMATE REPORT
NATIONAL WEATHER SERVICE CHICAGO IL
136 AM CDT THU APR 17 2014


...................................

...THE VALPARAISO CLIMATE SUMMARY FOR APRIL 16 2014...

CLIMATE NORMAL PERIOD 1981 TO 2010
CLIMATE RECORD PERIOD 1998 TO 2014


WEATHER ITEM   OBSERVED TIME   RECORD YEAR NORMAL DEPARTURE LAST
                VALUE   (LST)  VALUE       VALUE  FROM      YEAR
                                                  NORMAL
..................................................................
TEMPERATURE (F)
 YESTERDAY
  MAXIMUM         50    412 PM  86    2002  60    -10       51
  MINIMUM         22R   220 AM  27    2001  39    -17       42
  AVERAGE         36                        49    -13       47

PRECIPITATION (IN)
  YESTERDAY        0.00          0.95 2006   0.12  -0.12     0.31
  MONTH TO DATE    1.71                      1.76  -0.05     3.55
  SINCE MAR 1      2.50                      4.24  -1.74     4.09
  SINCE JAN 1      5.13                      7.41  -2.28     7.64

DEGREE DAYS
 HEATING
  YESTERDAY       29                        16     13       18
  MONTH TO DATE  323                       297     26      307
  SINCE MAR 1   1323                      1142    181     1285
  SINCE JUL 1   6772                      5874    898     5676

 COOLING
  YESTERDAY        0                         0      0        0
  MONTH TO DATE    0                         0      0        0
  SINCE MAR 1      0                         0      0        0
  SINCE JAN 1      0                         0      0        0
..................................................................


WIND (MPH)
  RESULTANT WIND SPEED  11   RESULTANT WIND DIRECTION  SE (150)
  HIGHEST WIND SPEED    24   HIGHEST WIND DIRECTION    SE (150)
  HIGHEST GUST SPEED    35   HIGHEST GUST DIRECTION    SE (130)
  AVERAGE WIND SPEED    11.6



WEATHER CONDITIONS
 THE FOLLOWING WEATHER WAS RECORDED YESTERDAY.
  NO SIGNIFICANT WEATHER WAS OBSERVED.


..........................................................


THE VALPARAISO CLIMATE NORMALS FOR TODAY
                         NORMAL    RECORD    YEAR
 MAXIMUM TEMPERATURE (F)   60        85      2002
 MINIMUM TEMPERATURE (F)   39        28      2001


SUNRISE AND SUNSET
APRIL 17 2014.........SUNRISE   605 AM CDT   SUNSET   731 PM CDT
APRIL 18 2014.........SUNRISE   604 AM CDT   SUNSET   732 PM CDT


-  INDICATES NEGATIVE NUMBERS.
R  INDICATES RECORD WAS SET OR TIED.
MM INDICATES DATA IS MISSING.
T  INDICATES TRACE AMOUNT.




$$
