000
CDUS43 KLOT 230640
CLIVPZ


CLIMATE REPORT
NATIONAL WEATHER SERVICE CHICAGO IL
139 AM CDT SUN JUL 23 2017


...................................

...THE VALPARAISO CLIMATE SUMMARY FOR JULY 22 2017...

CLIMATE NORMAL PERIOD 1981 TO 2010
CLIMATE RECORD PERIOD 1998 TO 2017


WEATHER ITEM   OBSERVED TIME   RECORD YEAR NORMAL DEPARTURE LAST
                VALUE   (LST)  VALUE       VALUE  FROM      YEAR
                                                  NORMAL
..................................................................
TEMPERATURE (F)
 YESTERDAY
  MAXIMUM         87    355 PM  93    2002  83      4       89
  MINIMUM         71   1100 PM  52    2007  62      9       70
  AVERAGE         79                        72      7       80

PRECIPITATION (IN)
  YESTERDAY        0.24          0.49 2001   0.14   0.10     0.04
  MONTH TO DATE    3.20                      3.19   0.01     2.48
  SINCE JUN 1      6.24                      7.10  -0.86     2.73
  SINCE JAN 1     21.64                     20.08   1.56    12.13

DEGREE DAYS
 HEATING
  YESTERDAY        0                         0      0        0
  MONTH TO DATE    0                         0      0        8
  SINCE JUN 1      3                        41    -38       28
  SINCE JUL 1      0                         0      0        8

 COOLING
  YESTERDAY       14                         8      6       15
  MONTH TO DATE  218                       176     42      180
  SINCE JUN 1    472                       340    132      380
  SINCE JAN 1    529                       387    142      457
..................................................................


WIND (MPH)
  RESULTANT WIND SPEED   1   RESULTANT WIND DIRECTION  SE (140)
  HIGHEST WIND SPEED    20   HIGHEST WIND DIRECTION    SW (210)
  HIGHEST GUST SPEED    26   HIGHEST GUST DIRECTION    SW (220)
  AVERAGE WIND SPEED     6.0



WEATHER CONDITIONS
 THE FOLLOWING WEATHER WAS RECORDED YESTERDAY.
  LIGHT RAIN
  FOG


..........................................................


THE VALPARAISO CLIMATE NORMALS FOR TODAY
                         NORMAL    RECORD    YEAR
 MAXIMUM TEMPERATURE (F)   82        96      2012
 MINIMUM TEMPERATURE (F)   62        55      2007


SUNRISE AND SUNSET
JULY 23 2017..........SUNRISE   535 AM CDT   SUNSET   814 PM CDT
JULY 24 2017..........SUNRISE   535 AM CDT   SUNSET   813 PM CDT


-  INDICATES NEGATIVE NUMBERS.
R  INDICATES RECORD WAS SET OR TIED.
MM INDICATES DATA IS MISSING.
T  INDICATES TRACE AMOUNT.




$$
