000
CDUS43 KLOT 280641
CLIVPZ


CLIMATE REPORT
NATIONAL WEATHER SERVICE CHICAGO IL
139 AM CDT SUN AUG 28 2016


...................................

...THE VALPARAISO CLIMATE SUMMARY FOR AUGUST 27 2016...

CLIMATE NORMAL PERIOD 1981 TO 2010
CLIMATE RECORD PERIOD 1998 TO 2016


WEATHER ITEM   OBSERVED TIME   RECORD YEAR NORMAL DEPARTURE LAST
                VALUE   (LST)  VALUE       VALUE  FROM      YEAR
                                                  NORMAL
..................................................................
TEMPERATURE (F)
 YESTERDAY
  MAXIMUM         85    244 PM  93    2013  80      5       73
  MINIMUM         68    324 AM  50    2010  59      9       55
  AVERAGE         77                        70      7       64

PRECIPITATION (IN)
  YESTERDAY        0.62          1.39 2009   0.14   0.48     0.00
  MONTH TO DATE    9.04                      3.78   5.26     4.28
  SINCE JUN 1     13.23                     12.03   1.20    14.81
  SINCE JAN 1     22.63                     25.01  -2.38    23.60

DEGREE DAYS
 HEATING
  YESTERDAY        0                         1     -1        1
  MONTH TO DATE    0                         3     -3        5
  SINCE JUN 1     28                        48    -20       38
  SINCE JUL 1      8                         7      1       11

 COOLING
  YESTERDAY       12                         5      7        0
  MONTH TO DATE  250                       167     83      160
  SINCE JUN 1    731                       571    160      494
  SINCE JAN 1    808                       618    190      570
..................................................................


WIND (MPH)
  RESULTANT WIND SPEED   4   RESULTANT WIND DIRECTION   S (160)
  HIGHEST WIND SPEED    16   HIGHEST WIND DIRECTION     W (260)
  HIGHEST GUST SPEED    23   HIGHEST GUST DIRECTION     W (250)
  AVERAGE WIND SPEED     6.5



WEATHER CONDITIONS
 THE FOLLOWING WEATHER WAS RECORDED YESTERDAY.
  THUNDERSTORM
  HEAVY RAIN
  RAIN
  LIGHT RAIN


..........................................................


THE VALPARAISO CLIMATE NORMALS FOR TODAY
                         NORMAL    RECORD    YEAR
 MAXIMUM TEMPERATURE (F)   79        91      2003
 MINIMUM TEMPERATURE (F)   59        53      2015


SUNRISE AND SUNSET
AUGUST 28 2016........SUNRISE   611 AM CDT   SUNSET   727 PM CDT
AUGUST 29 2016........SUNRISE   612 AM CDT   SUNSET   725 PM CDT


-  INDICATES NEGATIVE NUMBERS.
R  INDICATES RECORD WAS SET OR TIED.
MM INDICATES DATA IS MISSING.
T  INDICATES TRACE AMOUNT.




$$
