000
CDUS43 KLOT 300635
CLIVPZ


CLIMATE REPORT
NATIONAL WEATHER SERVICE CHICAGO IL
1234 AM CST FRI JAN 30 2015


...................................

...THE VALPARAISO CLIMATE SUMMARY FOR JANUARY 29 2015...

CLIMATE NORMAL PERIOD 1981 TO 2010
CLIMATE RECORD PERIOD 1998 TO 2015


WEATHER ITEM   OBSERVED TIME   RECORD YEAR NORMAL DEPARTURE LAST
                VALUE   (LST)  VALUE       VALUE  FROM      YEAR
                                                  NORMAL
..................................................................
TEMPERATURE (F)
 YESTERDAY
  MAXIMUM         36    918 AM  59    2013  32      4       19
  MINIMUM         30   1159 PM  -5    2014  16     14       -5
  AVERAGE         33                        24      9        7

PRECIPITATION (IN)
  YESTERDAY        T             1.14 2013   0.05  -0.05     0.00
  MONTH TO DATE    0.83                      1.63  -0.80     0.93
  SINCE DEC 1      1.64                      3.81  -2.17     2.04
  SINCE JAN 1      0.83                      1.63  -0.80     0.93

DEGREE DAYS
 HEATING
  YESTERDAY       32                        41     -9       58
  MONTH TO DATE 1269                      1204     65     1308
  SINCE DEC 1   2277                      2348    -71     2605
  SINCE JUL 1   3778                      3606    172     3991

 COOLING
  YESTERDAY        0                         0      0        0
  MONTH TO DATE    0                         0      0        0
  SINCE DEC 1      0                         0      0        0
  SINCE JAN 1      0                         0      0        0
..................................................................


WIND (MPH)
  RESULTANT WIND SPEED   6   RESULTANT WIND DIRECTION  NW (310)
  HIGHEST WIND SPEED    23   HIGHEST WIND DIRECTION    NW (310)
  HIGHEST GUST SPEED    32   HIGHEST GUST DIRECTION    NW (330)
  AVERAGE WIND SPEED    11.9



WEATHER CONDITIONS
 THE FOLLOWING WEATHER WAS RECORDED YESTERDAY.
  LIGHT SNOW
  FOG
  HAZE


..........................................................


THE VALPARAISO CLIMATE NORMALS FOR TODAY
                         NORMAL    RECORD    YEAR
 MAXIMUM TEMPERATURE (F)   32        53      2013
 MINIMUM TEMPERATURE (F)   16        -7      2004


SUNRISE AND SUNSET
JANUARY 30 2015.......SUNRISE   702 AM CST   SUNSET   501 PM CST
JANUARY 31 2015.......SUNRISE   701 AM CST   SUNSET   503 PM CST


-  INDICATES NEGATIVE NUMBERS.
R  INDICATES RECORD WAS SET OR TIED.
MM INDICATES DATA IS MISSING.
T  INDICATES TRACE AMOUNT.




$$
