000
CDUS43 KLOT 240636
CLIVPZ


CLIMATE REPORT
NATIONAL WEATHER SERVICE CHICAGO IL
136 AM CDT TUE MAY 24 2016


...................................

...THE VALPARAISO CLIMATE SUMMARY FOR MAY 23 2016...

CLIMATE NORMAL PERIOD 1981 TO 2010
CLIMATE RECORD PERIOD 1998 TO 2016


WEATHER ITEM   OBSERVED TIME   RECORD YEAR NORMAL DEPARTURE LAST
                VALUE   (LST)  VALUE       VALUE  FROM      YEAR
                                                  NORMAL
..................................................................
TEMPERATURE (F)
 YESTERDAY
  MAXIMUM         81    431 PM  89    2010  73      8       81
                                      2007
  MINIMUM         45    449 AM  36    2006  50     -5       46
  AVERAGE         63                        61      2       64

PRECIPITATION (IN)
  YESTERDAY        0.00          0.49 1999   0.14  -0.14     0.00
  MONTH TO DATE    1.66                      2.92  -1.26     2.29
  SINCE MAR 1      7.39                      8.93  -1.54     5.06
  SINCE JAN 1      8.72                     12.10  -3.38     6.67

DEGREE DAYS
 HEATING
  YESTERDAY        2                         5     -3        1
  MONTH TO DATE  237                       185     52      133
  SINCE MAR 1   1380                      1512   -132     1543
  SINCE JUL 1   5238                      6244  -1006     6801

 COOLING
  YESTERDAY        0                         2     -2        0
  MONTH TO DATE    0                        24    -24       41
  SINCE MAR 1      6                        29    -23       41
  SINCE JAN 1      6                        29    -23       41
..................................................................


WIND (MPH)
  RESULTANT WIND SPEED   5   RESULTANT WIND DIRECTION  SE (150)
  HIGHEST WIND SPEED    15   HIGHEST WIND DIRECTION    SE (150)
  HIGHEST GUST SPEED    20   HIGHEST GUST DIRECTION    SE (130)
  AVERAGE WIND SPEED     5.4



WEATHER CONDITIONS
 THE FOLLOWING WEATHER WAS RECORDED YESTERDAY.
  NO SIGNIFICANT WEATHER WAS OBSERVED.


..........................................................


THE VALPARAISO CLIMATE NORMALS FOR TODAY
                         NORMAL    RECORD    YEAR
 MAXIMUM TEMPERATURE (F)   73        90      2010
 MINIMUM TEMPERATURE (F)   51        39      2013


SUNRISE AND SUNSET
MAY 24 2016...........SUNRISE   521 AM CDT   SUNSET   809 PM CDT
MAY 25 2016...........SUNRISE   520 AM CDT   SUNSET   810 PM CDT


-  INDICATES NEGATIVE NUMBERS.
R  INDICATES RECORD WAS SET OR TIED.
MM INDICATES DATA IS MISSING.
T  INDICATES TRACE AMOUNT.




$$
