000
CDUS43 KLOT 200631
CLIVPZ


CLIMATE REPORT
NATIONAL WEATHER SERVICE CHICAGO IL
1231 AM CST SAT JAN 20 2018


...................................

...THE VALPARAISO CLIMATE SUMMARY FOR JANUARY 19 2018...

CLIMATE NORMAL PERIOD 1981 TO 2010
CLIMATE RECORD PERIOD 1998 TO 2018


WEATHER ITEM   OBSERVED TIME   RECORD YEAR NORMAL DEPARTURE LAST
                VALUE   (LST)  VALUE       VALUE  FROM      YEAR
                                                  NORMAL
..................................................................
TEMPERATURE (F)
 YESTERDAY
  MAXIMUM         36   1148 PM  55    2006  31      5       41
  MINIMUM         23    612 AM  -3    2003  16      7       35
  AVERAGE         30                        23      7       38

PRECIPITATION (IN)
  YESTERDAY        0.00          0.32 2017   0.06  -0.06     0.32
  MONTH TO DATE    0.33                      1.04  -0.71     2.14
  SINCE DEC 1      0.49                      3.22  -2.73     2.89
  SINCE JAN 1      0.33                      1.04  -0.71     2.14

DEGREE DAYS
 HEATING
  YESTERDAY       35                        42     -7       27
  MONTH TO DATE  896                       789    107      698
  SINCE DEC 1   2036                      1933    103     1896
  SINCE JUL 1   3035                      3191   -156     2709

 COOLING
  YESTERDAY        0                         0      0        0
  MONTH TO DATE    0                         0      0        0
  SINCE DEC 1      0                         0      0        0
  SINCE JAN 1      0                         0      0        0
..................................................................


WIND (MPH)
  RESULTANT WIND SPEED  14   RESULTANT WIND DIRECTION  SW (210)
  HIGHEST WIND SPEED    23   HIGHEST WIND DIRECTION    SW (210)
  HIGHEST GUST SPEED    31   HIGHEST GUST DIRECTION     S (200)
  AVERAGE WIND SPEED    14.3



WEATHER CONDITIONS
 THE FOLLOWING WEATHER WAS RECORDED YESTERDAY.
  NO SIGNIFICANT WEATHER WAS OBSERVED.


..........................................................


THE VALPARAISO CLIMATE NORMALS FOR TODAY
                         NORMAL    RECORD    YEAR
 MAXIMUM TEMPERATURE (F)   31        59      1999
 MINIMUM TEMPERATURE (F)   16        -4      2008


SUNRISE AND SUNSET
JANUARY 20 2018.......SUNRISE   709 AM CST   SUNSET   449 PM CST
JANUARY 21 2018.......SUNRISE   709 AM CST   SUNSET   450 PM CST


-  INDICATES NEGATIVE NUMBERS.
R  INDICATES RECORD WAS SET OR TIED.
MM INDICATES DATA IS MISSING.
T  INDICATES TRACE AMOUNT.




$$
