000
CDUS43 KLOT 090635
CLIVPZ


CLIMATE REPORT
NATIONAL WEATHER SERVICE CHICAGO IL
1234 AM CST FRI DEC 9 2016


...................................

...THE VALPARAISO CLIMATE SUMMARY FOR DECEMBER 8 2016...

CLIMATE NORMAL PERIOD 1981 TO 2010
CLIMATE RECORD PERIOD 1998 TO 2016


WEATHER ITEM   OBSERVED TIME   RECORD YEAR NORMAL DEPARTURE LAST
                VALUE   (LST)  VALUE       VALUE  FROM      YEAR
                                                  NORMAL
..................................................................
TEMPERATURE (F)
 YESTERDAY
  MAXIMUM         24   1159 PM  49    1999  37    -13       46
  MINIMUM         19   1132 AM  -2    2005  24     -5       37
  AVERAGE         22                        30     -8       42

PRECIPITATION (IN)
  YESTERDAY        T             0.28 2009   0.08  -0.08     0.00
  MONTH TO DATE    0.39                      0.69  -0.30     0.04
  SINCE DEC 1      0.39                      0.69  -0.30     0.04
  SINCE JAN 1     31.65                     36.02  -4.37    28.44

DEGREE DAYS
 HEATING
  YESTERDAY       43                        35      8       23
  MONTH TO DATE  260                       266     -6      231
  SINCE DEC 1    260                       266     -6      231
  SINCE JUL 1   1073                      1524   -451     1207

 COOLING
  YESTERDAY        0                         0      0        0
  MONTH TO DATE    0                         0      0        0
  SINCE DEC 1      0                         0      0        0
  SINCE JAN 1   1017                       713    304      738
..................................................................


WIND (MPH)
  RESULTANT WIND SPEED  16   RESULTANT WIND DIRECTION   W (270)
  HIGHEST WIND SPEED    31   HIGHEST WIND DIRECTION     W (280)
  HIGHEST GUST SPEED    39   HIGHEST GUST DIRECTION     W (270)
  AVERAGE WIND SPEED    17.1



WEATHER CONDITIONS
 THE FOLLOWING WEATHER WAS RECORDED YESTERDAY.
  LIGHT SNOW


..........................................................


THE VALPARAISO CLIMATE NORMALS FOR TODAY
                         NORMAL    RECORD    YEAR
 MAXIMUM TEMPERATURE (F)   36        55      2015
 MINIMUM TEMPERATURE (F)   23        -3      2000


SUNRISE AND SUNSET
DECEMBER  9 2016......SUNRISE   703 AM CST   SUNSET   418 PM CST
DECEMBER 10 2016......SUNRISE   704 AM CST   SUNSET   418 PM CST


-  INDICATES NEGATIVE NUMBERS.
R  INDICATES RECORD WAS SET OR TIED.
MM INDICATES DATA IS MISSING.
T  INDICATES TRACE AMOUNT.




$$
