000
CDUS42 KMLB 280630
CLIVRB


CLIMATE REPORT
NATIONAL WEATHER SERVICE MELBOURNE FL
230 AM EDT MON JUL 28 2014


...................................

...THE VERO BEACH CLIMATE SUMMARY FOR JULY 27 2014...

CLIMATE NORMAL PERIOD 1981 TO 2010
CLIMATE RECORD PERIOD 1942 TO 2014


WEATHER ITEM   OBSERVED TIME   RECORD YEAR NORMAL DEPARTURE LAST
                VALUE   (LST)  VALUE       VALUE  FROM      YEAR
                                                  NORMAL
..................................................................
TEMPERATURE (F)
 YESTERDAY
  MAXIMUM         91    114 PM  98    1983  90      1       87
  MINIMUM         74    405 AM  68    1976  74      0       72
  AVERAGE         83                        82      1       80

PRECIPITATION (IN)
  YESTERDAY        0.00          1.66 2007   0.18  -0.18     0.00
  MONTH TO DATE    6.09                      4.92   1.17     4.52
  SINCE JUN 1     13.79                     11.59   2.20    10.01
  SINCE JAN 1     26.97                     26.96   0.01    25.23

SNOWFALL (IN)
  YESTERDAY        0.0
  MONTH TO DATE    0.0
  SINCE JUL 1      0.0

DEGREE DAYS
 HEATING
  YESTERDAY        0                         0      0        0
  MONTH TO DATE    0                         0      0        0
  SINCE JUN 1      0                         0      0        0
  SINCE JUL 1      0                         0      0        0

 COOLING
  YESTERDAY       18                        17      1       15
  MONTH TO DATE  416                       450    -34      415
  SINCE JUN 1    850                       906    -56      920
  SINCE JAN 1   1776                      1712     64     1827
..................................................................


WIND (MPH)
  HIGHEST WIND SPEED    15   HIGHEST WIND DIRECTION    SE (150)
  HIGHEST GUST SPEED    19   HIGHEST GUST DIRECTION    SE (140)
  AVERAGE WIND SPEED     6.0


SKY COVER
  AVERAGE SKY COVER 0.2


WEATHER CONDITIONS
 THE FOLLOWING WEATHER WAS RECORDED YESTERDAY.
  THUNDERSTORM


RELATIVE HUMIDITY (PERCENT)
 HIGHEST   100          1200 AM
 LOWEST     64          1200 PM
 AVERAGE    82

..........................................................


THE VERO BEACH CLIMATE NORMALS FOR TODAY
                         NORMAL    RECORD    YEAR
 MAXIMUM TEMPERATURE (F)   90        96      1950
 MINIMUM TEMPERATURE (F)   74        69      1982
                                             1979
                                             1978


SUNRISE AND SUNSET
JULY 28 2014..........SUNRISE   643 AM EDT   SUNSET   813 PM EDT
JULY 29 2014..........SUNRISE   643 AM EDT   SUNSET   813 PM EDT


-  INDICATES NEGATIVE NUMBERS.
R  INDICATES RECORD WAS SET OR TIED.
MM INDICATES DATA IS MISSING.
T  INDICATES TRACE AMOUNT.




$$
