000
CDUS42 KMLB 242120
CLIVRB


CLIMATE REPORT
NATIONAL WEATHER SERVICE MELBOURNE FL
418 PM EST FRI NOV 24 2017


...................................

...THE VERO BEACH CLIMATE SUMMARY FOR NOVEMBER 24 2017...
VALID TODAY AS OF 0400 PM LOCAL TIME.

CLIMATE NORMAL PERIOD 1981 TO 2010
CLIMATE RECORD PERIOD 1942 TO 2017


WEATHER ITEM   OBSERVED TIME   RECORD YEAR NORMAL DEPARTURE LAST
                VALUE   (LST)  VALUE       VALUE  FROM      YEAR
                                                  NORMAL
..................................................................
TEMPERATURE (F)
 TODAY
  MAXIMUM         75   1149 AM  86    2014  78     -3       80
  MINIMUM         68    802 AM  37    1970  60      8       60
  AVERAGE         72                        69      3       70

PRECIPITATION (IN)
  TODAY            0.00          1.95 1977   0.09  -0.09     0.01
  MONTH TO DATE    3.70                      2.69   1.01     0.35
  SINCE SEP 1     25.74                     14.39  11.35     9.40
  SINCE JAN 1     55.16                     49.09   6.07    62.83

SNOWFALL (IN)
  TODAY            0.0
  MONTH TO DATE    0.0
  SINCE JUL 1      0.0

DEGREE DAYS
 HEATING
  TODAY            0                         1     -1        0
  MONTH TO DATE    0                        16    -16       19
  SINCE SEP 1     18                        19     -1       19
  SINCE JUL 1     18                        19     -1       19

 COOLING
  TODAY            7                         5      2        5
  MONTH TO DATE  200                       154     46      113
  SINCE SEP 1   1077                       984     93     1050
  SINCE JAN 1   3789                      3282    507     3640
..................................................................


WIND (MPH)
  HIGHEST WIND SPEED    16   HIGHEST WIND DIRECTION    NW (320)
  HIGHEST GUST SPEED    21   HIGHEST GUST DIRECTION    NW (320)
  AVERAGE WIND SPEED     8.1


SKY COVER
  AVERAGE SKY COVER 0.7


WEATHER CONDITIONS
 THE FOLLOWING WEATHER WAS RECORDED TODAY.
  NO SIGNIFICANT WEATHER WAS OBSERVED.


RELATIVE HUMIDITY (PERCENT)
 HIGHEST    93           200 AM
 LOWEST     73          1200 PM
 AVERAGE    83

..........................................................


THE VERO BEACH CLIMATE NORMALS FOR TOMORROW
                         NORMAL    RECORD    YEAR
 MAXIMUM TEMPERATURE (F)   77        87      1983
 MINIMUM TEMPERATURE (F)   60        31      1970


SUNRISE AND SUNSET
NOVEMBER 24 2017......SUNRISE   650 AM EST   SUNSET   527 PM EST
NOVEMBER 25 2017......SUNRISE   651 AM EST   SUNSET   527 PM EST


-  INDICATES NEGATIVE NUMBERS.
R  INDICATES RECORD WAS SET OR TIED.
MM INDICATES DATA IS MISSING.
T  INDICATES TRACE AMOUNT.




$$
