000
CDUS42 KMLB 242018
CLIVRB


CLIMATE REPORT
NATIONAL WEATHER SERVICE MELBOURNE FL
417 PM EDT SUN SEP 24 2017


...................................

...THE VERO BEACH CLIMATE SUMMARY FOR SEPTEMBER 24 2017...
VALID TODAY AS OF 0400 PM LOCAL TIME.

CLIMATE NORMAL PERIOD 1981 TO 2010
CLIMATE RECORD PERIOD 1942 TO 2017


WEATHER ITEM   OBSERVED TIME   RECORD YEAR NORMAL DEPARTURE LAST
                VALUE   (LST)  VALUE       VALUE  FROM      YEAR
                                                  NORMAL
..................................................................
TEMPERATURE (F)
 TODAY
  MAXIMUM         88    132 PM  92    1988  87      1       90
                                      1979
                                      1975
  MINIMUM         78    630 AM  67    1968  73      5       75
                                      1966
  AVERAGE         83                        80      3       83

PRECIPITATION (IN)
  TODAY            T             7.19 1963   0.23  -0.23     0.08
  MONTH TO DATE    8.19                      5.43   2.76     4.31
  SINCE SEP 1      8.19                      5.43   2.76     4.31
  SINCE JAN 1     37.61                     40.13  -2.52    57.74

SNOWFALL (IN)
  TODAY            0.0
  MONTH TO DATE    0.0
  SINCE JUL 1      0.0

DEGREE DAYS
 HEATING
  TODAY            0                         0      0        0
  MONTH TO DATE    0                         0      0        0
  SINCE SEP 1      0                         0      0        0
  SINCE JUL 1      0                         0      0        0

 COOLING
  TODAY           18                        15      3       18
  MONTH TO DATE  401                       380     21      425
  SINCE SEP 1    401                       380     21      425
  SINCE JAN 1   3113                      2678    435     3015
..................................................................


WIND (MPH)
  HIGHEST WIND SPEED    16   HIGHEST WIND DIRECTION    NE (30)
  HIGHEST GUST SPEED    22   HIGHEST GUST DIRECTION    NE (40)
  AVERAGE WIND SPEED    10.3


SKY COVER
  AVERAGE SKY COVER 0.4


WEATHER CONDITIONS
 THE FOLLOWING WEATHER WAS RECORDED TODAY.
  LIGHT RAIN
  FOG


RELATIVE HUMIDITY (PERCENT)
 HIGHEST    91           600 AM
 LOWEST     61           300 PM
 AVERAGE    76

..........................................................


THE VERO BEACH CLIMATE NORMALS FOR TOMORROW
                         NORMAL    RECORD    YEAR
 MAXIMUM TEMPERATURE (F)   87        95      1997
 MINIMUM TEMPERATURE (F)   73        65      1990
                                             1967


SUNRISE AND SUNSET
SEPTEMBER 24 2017.....SUNRISE   711 AM EDT   SUNSET   715 PM EDT
SEPTEMBER 25 2017.....SUNRISE   712 AM EDT   SUNSET   714 PM EDT


-  INDICATES NEGATIVE NUMBERS.
R  INDICATES RECORD WAS SET OR TIED.
MM INDICATES DATA IS MISSING.
T  INDICATES TRACE AMOUNT.




$$
