000
CDUS42 KMLB 260642
CLIVRB


CLIMATE REPORT
NATIONAL WEATHER SERVICE MELBOURNE FL
232 AM EDT SUN MAR 26 2017


...................................

...THE VERO BEACH CLIMATE SUMMARY FOR MARCH 25 2017...

CLIMATE NORMAL PERIOD 1981 TO 2010
CLIMATE RECORD PERIOD 1942 TO 2017


WEATHER ITEM   OBSERVED TIME   RECORD YEAR NORMAL DEPARTURE LAST
                VALUE   (LST)  VALUE       VALUE  FROM      YEAR
                                                  NORMAL
..................................................................
TEMPERATURE (F)
 YESTERDAY
  MAXIMUM         80    139 PM  90    1975  78      2       83
                                      1952
                                      1944
  MINIMUM         67    632 AM  37    1968  59      8       64
  AVERAGE         74                        68      6       74

PRECIPITATION (IN)
  YESTERDAY        0.01          1.70 1962   0.15  -0.14     0.56
  MONTH TO DATE    1.62                      3.33  -1.71     1.38
  SINCE MAR 1      1.62                      3.33  -1.71     1.38
  SINCE JAN 1      3.58                      8.50  -4.92    14.73

SNOWFALL (IN)
  YESTERDAY        0.0
  MONTH TO DATE    0.0
  SINCE JUL 1      0.0

DEGREE DAYS
 HEATING
  YESTERDAY        0                         1     -1        0
  MONTH TO DATE   39                        49    -10       11
  SINCE MAR 1     39                        49    -10       11
  SINCE JUL 1    182                       434   -252      279

 COOLING
  YESTERDAY        9                         4      5        9
  MONTH TO DATE  120                       100     20      167
  SINCE MAR 1    120                       100     20      167
  SINCE JAN 1    321                       239     82      265
..................................................................


WIND (MPH)
  HIGHEST WIND SPEED    23   HIGHEST WIND DIRECTION    SE (120)
  HIGHEST GUST SPEED    27   HIGHEST GUST DIRECTION    SE (120)
  AVERAGE WIND SPEED    11.3


SKY COVER
  AVERAGE SKY COVER 0.3


WEATHER CONDITIONS
 THE FOLLOWING WEATHER WAS RECORDED YESTERDAY.
  LIGHT RAIN


RELATIVE HUMIDITY (PERCENT)
 HIGHEST    87           300 AM
 LOWEST     45          1100 AM
 AVERAGE    66

..........................................................


THE VERO BEACH CLIMATE NORMALS FOR TODAY
                         NORMAL    RECORD    YEAR
 MAXIMUM TEMPERATURE (F)   78        88      2015
                                             1980
                                             1944
 MINIMUM TEMPERATURE (F)   59        43      1979


SUNRISE AND SUNSET
MARCH 26 2017.........SUNRISE   719 AM EDT   SUNSET   736 PM EDT
MARCH 27 2017.........SUNRISE   717 AM EDT   SUNSET   737 PM EDT


-  INDICATES NEGATIVE NUMBERS.
R  INDICATES RECORD WAS SET OR TIED.
MM INDICATES DATA IS MISSING.
T  INDICATES TRACE AMOUNT.




$$
