000
CDUS42 KMLB 281137
CLIVRB


CLIMATE REPORT
NATIONAL WEATHER SERVICE MELBOURNE FL
736 AM EDT FRI APR 28 2017


...................................

...THE VERO BEACH CLIMATE SUMMARY FOR APRIL 27 2017...

CLIMATE NORMAL PERIOD 1981 TO 2010
CLIMATE RECORD PERIOD 1942 TO 2017


WEATHER ITEM   OBSERVED TIME   RECORD YEAR NORMAL DEPARTURE LAST
                VALUE   (LST)  VALUE       VALUE  FROM      YEAR
                                                  NORMAL
..................................................................
TEMPERATURE (F)
 YESTERDAY
  MAXIMUM         88    208 PM  93    2006  82      6       83
  MINIMUM         69    609 AM  50    1983  63      6       61
  AVERAGE         79                        72      7       72

PRECIPITATION (IN)
  YESTERDAY        0.00          1.48 2005   0.09  -0.09     0.00
  MONTH TO DATE    2.76                      2.48   0.28     1.60
  SINCE MAR 1      4.38                      6.60  -2.22     4.46
  SINCE JAN 1      6.34                     11.77  -5.43    17.81

SNOWFALL (IN)
  YESTERDAY        0.0
  MONTH TO DATE    0.0
  SINCE JUL 1      0.0

DEGREE DAYS
 HEATING
  YESTERDAY        0                         0      0        0
  MONTH TO DATE    3                        13    -10        5
  SINCE MAR 1     42                        68    -26       16
  SINCE JUL 1    185                       453   -268      284

 COOLING
  YESTERDAY       14                         8      6        7
  MONTH TO DATE  252                       166     86      192
  SINCE MAR 1    409                       295    114      428
  SINCE JAN 1    610                       434    176      526
..................................................................


WIND (MPH)
  HIGHEST WIND SPEED    24   HIGHEST WIND DIRECTION    SE (130)
  HIGHEST GUST SPEED    30   HIGHEST GUST DIRECTION    SE (130)
  AVERAGE WIND SPEED    11.2


SKY COVER
  AVERAGE SKY COVER 0.2


WEATHER CONDITIONS
 THE FOLLOWING WEATHER WAS RECORDED YESTERDAY.
  FOG


RELATIVE HUMIDITY (PERCENT)
 HIGHEST   100           600 AM
 LOWEST     63          1200 PM
 AVERAGE    82

..........................................................


THE VERO BEACH CLIMATE NORMALS FOR TODAY
                         NORMAL    RECORD    YEAR
 MAXIMUM TEMPERATURE (F)   82        91      1967
                                             1965
 MINIMUM TEMPERATURE (F)   63        48      1977


SUNRISE AND SUNSET
APRIL 28 2017.........SUNRISE   645 AM EDT   SUNSET   754 PM EDT
APRIL 29 2017.........SUNRISE   644 AM EDT   SUNSET   755 PM EDT


-  INDICATES NEGATIVE NUMBERS.
R  INDICATES RECORD WAS SET OR TIED.
MM INDICATES DATA IS MISSING.
T  INDICATES TRACE AMOUNT.




$$
