781
CDUS42 KMLB 252124
CLIVRB


CLIMATE REPORT
NATIONAL WEATHER SERVICE MELBOURNE FL
424 PM EST SUN FEB 25 2018


...................................

...THE VERO BEACH CLIMATE SUMMARY FOR FEBRUARY 25 2018...
VALID TODAY AS OF 0400 PM LOCAL TIME.

CLIMATE NORMAL PERIOD 1981 TO 2010
CLIMATE RECORD PERIOD 1942 TO 2018


WEATHER ITEM   OBSERVED TIME   RECORD YEAR NORMAL DEPARTURE LAST
                VALUE   (LST)  VALUE       VALUE  FROM      YEAR
                                                  NORMAL
..................................................................
TEMPERATURE (F)
 TODAY
  MAXIMUM         83    232 PM  87    2017  76      7       87
  MINIMUM         61    614 AM  29    1989  55      6       59
  AVERAGE         72                        65      7       73

PRECIPITATION (IN)
  TODAY            0.00          1.64 1957   0.10  -0.10     0.00
  MONTH TO DATE    0.51                      2.33  -1.82     1.23
  SINCE DEC 1      5.42                      7.02  -1.60     4.10
  SINCE JAN 1      3.19                      4.83  -1.64     1.96

SNOWFALL (IN)
  TODAY            0.0
  MONTH TO DATE    0.0
  SINCE JUL 1      0.0

DEGREE DAYS
 HEATING
  TODAY            0                         3     -3        0
  MONTH TO DATE    8                        89    -81       20
  SINCE DEC 1    247                       346    -99      124
  SINCE JUL 1    267                       376   -109      143

 COOLING
  TODAY            7                         3      4        8
  MONTH TO DATE  188                        67    121       78
  SINCE DEC 1    380                       221    159      383
  SINCE JAN 1    262                       128    134      178
..................................................................


WIND (MPH)
  HIGHEST WIND SPEED    18   HIGHEST WIND DIRECTION    SE (130)
  HIGHEST GUST SPEED    22   HIGHEST GUST DIRECTION    SE (140)
  AVERAGE WIND SPEED     8.7


SKY COVER
  AVERAGE SKY COVER 0.2


WEATHER CONDITIONS
 THE FOLLOWING WEATHER WAS RECORDED TODAY.
  FOG
  FOG W/VISIBILITY <= 1/4 MILE


RELATIVE HUMIDITY (PERCENT)
 HIGHEST   100           600 AM
 LOWEST     55           200 PM
 AVERAGE    78

..........................................................


THE VERO BEACH CLIMATE NORMALS FOR TOMORROW
                         NORMAL    RECORD    YEAR
 MAXIMUM TEMPERATURE (F)   76        86      2013
                                             2008
 MINIMUM TEMPERATURE (F)   56        29      1967


SUNRISE AND SUNSET
FEBRUARY 25 2018......SUNRISE   650 AM EST   SUNSET   620 PM EST
FEBRUARY 26 2018......SUNRISE   649 AM EST   SUNSET   620 PM EST


-  INDICATES NEGATIVE NUMBERS.
R  INDICATES RECORD WAS SET OR TIED.
MM INDICATES DATA IS MISSING.
T  INDICATES TRACE AMOUNT.




$$
