000
CDUS42 KMLB 250648
CLIVRB


CLIMATE REPORT
NATIONAL WEATHER SERVICE MELBOURNE FL
147 AM EST SAT FEB 25 2017


...................................

...THE VERO BEACH CLIMATE SUMMARY FOR FEBRUARY 24 2017...

CLIMATE NORMAL PERIOD 1981 TO 2010
CLIMATE RECORD PERIOD 1942 TO 2017


WEATHER ITEM   OBSERVED TIME   RECORD YEAR NORMAL DEPARTURE LAST
                VALUE   (LST)  VALUE       VALUE  FROM      YEAR
                                                  NORMAL
..................................................................
TEMPERATURE (F)
 YESTERDAY
  MAXIMUM         81    144 PM  89    2012  75      6       81
  MINIMUM         62    213 AM  28    1989  55      7       63
  AVERAGE         72                        65      7       72

PRECIPITATION (IN)
  YESTERDAY        0.00          1.68 1975   0.10  -0.10     0.78
  MONTH TO DATE    1.23                      2.23  -1.00     3.96
  SINCE DEC 1      4.10                      6.92  -2.82    17.92
  SINCE JAN 1      1.96                      4.73  -2.77    13.35

SNOWFALL (IN)
  YESTERDAY        0.0
  MONTH TO DATE    0.0
  SINCE JUL 1      0.0

DEGREE DAYS
 HEATING
  YESTERDAY        0                         3     -3        0
  MONTH TO DATE   20                        86    -66       96
  SINCE DEC 1    124                       343   -219      236
  SINCE JUL 1    143                       373   -230      237

 COOLING
  YESTERDAY        7                         3      4        7
  MONTH TO DATE   70                        64      6       61
  SINCE DEC 1    375                       218    157      390
  SINCE JAN 1    170                       125     45       98
..................................................................


WIND (MPH)
  HIGHEST WIND SPEED    18   HIGHEST WIND DIRECTION    NE (40)
  HIGHEST GUST SPEED    24   HIGHEST GUST DIRECTION    NE (50)
  AVERAGE WIND SPEED     8.5


SKY COVER
  AVERAGE SKY COVER 0.4


WEATHER CONDITIONS
 THE FOLLOWING WEATHER WAS RECORDED YESTERDAY.
  FOG


RELATIVE HUMIDITY (PERCENT)
 HIGHEST   100          1200 AM
 LOWEST     58           100 PM
 AVERAGE    79

..........................................................


THE VERO BEACH CLIMATE NORMALS FOR TODAY
                         NORMAL    RECORD    YEAR
 MAXIMUM TEMPERATURE (F)   76        86      2013
 MINIMUM TEMPERATURE (F)   55        29      1989


SUNRISE AND SUNSET
FEBRUARY 25 2017......SUNRISE   650 AM EST   SUNSET   620 PM EST
FEBRUARY 26 2017......SUNRISE   649 AM EST   SUNSET   621 PM EST


-  INDICATES NEGATIVE NUMBERS.
R  INDICATES RECORD WAS SET OR TIED.
MM INDICATES DATA IS MISSING.
T  INDICATES TRACE AMOUNT.




$$
