000
CDUS42 KMLB 250635
CLIVRB


CLIMATE REPORT
NATIONAL WEATHER SERVICE MELBOURNE FL
235 AM EDT WED MAY 25 2016


...................................

...THE VERO BEACH CLIMATE SUMMARY FOR MAY 24 2016...

CLIMATE NORMAL PERIOD 1981 TO 2010
CLIMATE RECORD PERIOD 1942 TO 2016


WEATHER ITEM   OBSERVED TIME   RECORD YEAR NORMAL DEPARTURE LAST
                VALUE   (LST)  VALUE       VALUE  FROM      YEAR
                                                  NORMAL
..................................................................
TEMPERATURE (F)
 YESTERDAY
  MAXIMUM         87   1023 AM  94    2005  86      1       88
                                      2000
  MINIMUM         72    607 AM  60    1981  70      2       78
  AVERAGE         80                        78      2       83

PRECIPITATION (IN)
  YESTERDAY        T             1.80 1988   0.14  -0.14      T
  MONTH TO DATE   16.37                      2.30  14.07     0.35
  SINCE MAR 1     20.83                      9.14  11.69     7.45
  SINCE JAN 1     34.18                     14.31  19.87    11.08

SNOWFALL (IN)
  YESTERDAY        0.0
  MONTH TO DATE    0.0
  SINCE JUL 1      0.0

DEGREE DAYS
 HEATING
  YESTERDAY        0                         0      0        0
  MONTH TO DATE    0                         0      0        0
  SINCE MAR 1     16                        70    -54       12
  SINCE JUL 1    284                       455   -171      384

 COOLING
  YESTERDAY       15                        13      2       18
  MONTH TO DATE  274                       254     20      309
  SINCE MAR 1    732                       573    159      917
  SINCE JAN 1    830                       712    118     1042
..................................................................


WIND (MPH)
  HIGHEST WIND SPEED    20   HIGHEST WIND DIRECTION     E (110)
  HIGHEST GUST SPEED    26   HIGHEST GUST DIRECTION     E (100)
  AVERAGE WIND SPEED    10.4


SKY COVER
  AVERAGE SKY COVER 0.2


WEATHER CONDITIONS
 THE FOLLOWING WEATHER WAS RECORDED YESTERDAY.
  THUNDERSTORM
  LIGHT RAIN


RELATIVE HUMIDITY (PERCENT)
 HIGHEST    84           500 AM
 LOWEST     44           500 PM
 AVERAGE    64

..........................................................


THE VERO BEACH CLIMATE NORMALS FOR TODAY
                         NORMAL    RECORD    YEAR
 MAXIMUM TEMPERATURE (F)   86        95      1949
 MINIMUM TEMPERATURE (F)   70        57      1967


SUNRISE AND SUNSET
MAY 25 2016...........SUNRISE   628 AM EDT   SUNSET   810 PM EDT
MAY 26 2016...........SUNRISE   628 AM EDT   SUNSET   810 PM EDT


-  INDICATES NEGATIVE NUMBERS.
R  INDICATES RECORD WAS SET OR TIED.
MM INDICATES DATA IS MISSING.
T  INDICATES TRACE AMOUNT.




$$
