000
CDUS41 KBTV 200527
CLIVSF


CLIMATE REPORT
NATIONAL WEATHER SERVICE BURLINGTON VT
126 AM EDT SUN APR 20 2014


...................................

...THE SPRINGFIELD VT CLIMATE SUMMARY FOR APRIL 19 2014...

CLIMATE NORMAL PERIOD 1981 TO 2010
CLIMATE RECORD PERIOD 9999 TO 9999


WEATHER ITEM   OBSERVED TIME   NORMAL DEPARTURE LAST
                VALUE   (LST)  VALUE  FROM      YEAR
                                      NORMAL
......................................................
TEMPERATURE (F)
 YESTERDAY
  MAXIMUM         55    213 PM  58     -3       72
  MINIMUM         27    531 AM  34     -7       50
  AVERAGE         41            46     -5       61

PRECIPITATION (IN)
  YESTERDAY        0.00          0.11  -0.11     0.34
  MONTH TO DATE    1.94          2.51  -0.57     1.60
  SINCE MAR 1      3.96          5.81  -1.85     3.64
  SINCE JAN 1      7.65         11.42  -3.77     6.75

DEGREE DAYS
 HEATING
  YESTERDAY       24            19      5        4
  MONTH TO DATE  443           441      2      436
  SINCE MAR 1   1715          1476    239     1466
  SINCE JUL 1   7426          6921    505     6318

 COOLING
  YESTERDAY        0             0      0        0
  MONTH TO DATE    0             0      0        0
  SINCE MAR 1      0             0      0        0
  SINCE JAN 1      0             0      0        0
......................................................


WIND (MPH)
  HIGHEST WIND SPEED    21   HIGHEST WIND DIRECTION     W (290)
  HIGHEST GUST SPEED    30   HIGHEST GUST DIRECTION     W (290)
  AVERAGE WIND SPEED     5.5


SKY COVER
  AVERAGE SKY COVER 0.1


WEATHER CONDITIONS
 THE FOLLOWING WEATHER WAS RECORDED YESTERDAY.
  NO SIGNIFICANT WEATHER WAS OBSERVED.


RELATIVE HUMIDITY (PERCENT)
 HIGHEST    92           300 AM
 LOWEST     30           500 PM
 AVERAGE    61

..........................................................


THE SPRINGFIELD VT CLIMATE NORMALS FOR TODAY
                         NORMAL    RECORD    YEAR
 MAXIMUM TEMPERATURE (F)   58        MM        MM
 MINIMUM TEMPERATURE (F)   34        MM        MM


SUNRISE AND SUNSET
APRIL 20 2014.........SUNRISE   600 AM EDT   SUNSET   739 PM EDT
APRIL 21 2014.........SUNRISE   558 AM EDT   SUNSET   740 PM EDT


-  INDICATES NEGATIVE NUMBERS.
R  INDICATES RECORD WAS SET OR TIED.
MM INDICATES DATA IS MISSING.
T  INDICATES TRACE AMOUNT.




$$
