667
CDUS41 KBTV 270618
CLIVSF


CLIMATE REPORT
NATIONAL WEATHER SERVICE BURLINGTON VT
216 AM EDT TUE JUN 27 2017


...................................

...THE SPRINGFIELD VT CLIMATE SUMMARY FOR JUNE 26 2017...

CLIMATE NORMAL PERIOD 1981 TO 2010
CLIMATE RECORD PERIOD 9999 TO 9999


WEATHER ITEM   OBSERVED TIME   NORMAL DEPARTURE LAST
                VALUE   (LST)  VALUE  FROM      YEAR
                                      NORMAL
......................................................
TEMPERATURE (F)
 YESTERDAY
  MAXIMUM         74    411 PM  79     -5       89
  MINIMUM         51    350 AM  55     -4       52
  AVERAGE         63            67     -4       71

PRECIPITATION (IN)
  YESTERDAY        0.01          0.10  -0.09     0.00
  MONTH TO DATE    3.86          3.47   0.39     1.55
  SINCE JUN 1      3.86          3.47   0.39     1.55
  SINCE JAN 1     21.45         19.74   1.71    11.97

DEGREE DAYS
 HEATING
  YESTERDAY        2             1      1        0
  MONTH TO DATE   85            92     -7       72
  SINCE JUN 1     85            92     -7       72
  SINCE JUL 1   6911          7515   -604     6519

 COOLING
  YESTERDAY        0             3     -3        6
  MONTH TO DATE   76            50     26       35
  SINCE JUN 1     76            50     26       35
  SINCE JAN 1     90            62     28       76
......................................................


WIND (MPH)
  HIGHEST WIND SPEED    17   HIGHEST WIND DIRECTION     W (260)
  HIGHEST GUST SPEED    24   HIGHEST GUST DIRECTION     W (280)
  AVERAGE WIND SPEED     4.4


SKY COVER
  AVERAGE SKY COVER 0.4


WEATHER CONDITIONS
 THE FOLLOWING WEATHER WAS RECORDED YESTERDAY.
  LIGHT RAIN


RELATIVE HUMIDITY (PERCENT)
 HIGHEST    93          1000 PM
 LOWEST     38           400 PM
 AVERAGE    66

..........................................................


THE SPRINGFIELD VT CLIMATE NORMALS FOR TODAY
                         NORMAL    RECORD    YEAR
 MAXIMUM TEMPERATURE (F)   79        94      1999
 MINIMUM TEMPERATURE (F)   55        46      2004


SUNRISE AND SUNSET
JUNE 27 2017..........SUNRISE   512 AM EDT   SUNSET   835 PM EDT
JUNE 28 2017..........SUNRISE   512 AM EDT   SUNSET   834 PM EDT


-  INDICATES NEGATIVE NUMBERS.
R  INDICATES RECORD WAS SET OR TIED.
MM INDICATES DATA IS MISSING.
T  INDICATES TRACE AMOUNT.




$$
