000
CDUS41 KBTV 030612
CLIVSF


CLIMATE REPORT
NATIONAL WEATHER SERVICE BURLINGTON VT
112 AM EST TUE MAR 3 2015


...................................

...THE SPRINGFIELD VT CLIMATE SUMMARY FOR MARCH 2 2015...

CLIMATE NORMAL PERIOD 1981 TO 2010
CLIMATE RECORD PERIOD 9999 TO 9999


WEATHER ITEM   OBSERVED TIME   NORMAL DEPARTURE LAST
                VALUE   (LST)  VALUE  FROM      YEAR
                                      NORMAL
......................................................
TEMPERATURE (F)
 YESTERDAY
  MAXIMUM         30    359 PM  37     -7       28
  MINIMUM         14    702 AM  17     -3       17
  AVERAGE         22            27     -5       23

PRECIPITATION (IN)
  YESTERDAY        0.03          0.07  -0.04      T
  MONTH TO DATE    0.09          0.14  -0.05      T
  SINCE MAR 1      0.09          0.14  -0.05      T
  SINCE JAN 1      4.24          5.75  -1.51     3.69

DEGREE DAYS
 HEATING
  YESTERDAY       43            38      5       42
  MONTH TO DATE   99            76     23       97
  SINCE MAR 1     99            76     23       97
  SINCE JUL 1   5651          5521    130     5808

 COOLING
  YESTERDAY        0             0      0        0
  MONTH TO DATE    0             0      0        0
  SINCE MAR 1      0             0      0        0
  SINCE JAN 1      0             0      0        0
......................................................


WIND (MPH)
  HIGHEST WIND SPEED    24   HIGHEST WIND DIRECTION     W (290)
  HIGHEST GUST SPEED    41   HIGHEST GUST DIRECTION     W (280)
  AVERAGE WIND SPEED     9.1


SKY COVER
  AVERAGE SKY COVER 0.9


WEATHER CONDITIONS
 THE FOLLOWING WEATHER WAS RECORDED YESTERDAY.
  LIGHT SNOW
  FOG
  HAZE


RELATIVE HUMIDITY (PERCENT)
 HIGHEST    92          1200 AM
 LOWEST     43           400 PM
 AVERAGE    68

..........................................................


THE SPRINGFIELD VT CLIMATE NORMALS FOR TODAY
                         NORMAL    RECORD    YEAR
 MAXIMUM TEMPERATURE (F)   38        MM        MM
 MINIMUM TEMPERATURE (F)   17        MM        MM


SUNRISE AND SUNSET
MARCH  3 2015.........SUNRISE   623 AM EST   SUNSET   541 PM EST
MARCH  4 2015.........SUNRISE   622 AM EST   SUNSET   542 PM EST


-  INDICATES NEGATIVE NUMBERS.
R  INDICATES RECORD WAS SET OR TIED.
MM INDICATES DATA IS MISSING.
T  INDICATES TRACE AMOUNT.




$$
