000
CDUS41 KBTV 190529
CLIVSF


CLIMATE REPORT
NATIONAL WEATHER SERVICE BURLINGTON VT
127 AM EDT THU OCT 19 2017


...................................

...THE SPRINGFIELD VT CLIMATE SUMMARY FOR OCTOBER 18 2017...

CLIMATE NORMAL PERIOD 1981 TO 2010
CLIMATE RECORD PERIOD 9999 TO 9999


WEATHER ITEM   OBSERVED TIME   NORMAL DEPARTURE LAST
                VALUE   (LST)  VALUE  FROM      YEAR
                                      NORMAL
......................................................
TEMPERATURE (F)
 YESTERDAY
  MAXIMUM         71    327 PM  58     13       60
  MINIMUM         31    637 AM  35     -4       53
  AVERAGE         51            46      5       57

PRECIPITATION (IN)
  YESTERDAY        0.00          0.16  -0.16     0.04
  MONTH TO DATE    0.97          2.77  -1.80     0.38
  SINCE SEP 1      3.40          6.53  -3.13     1.44
  SINCE JAN 1     31.69         34.90  -3.21    20.32

DEGREE DAYS
 HEATING
  YESTERDAY       14            19     -5        8
  MONTH TO DATE  166           287   -121      226
  SINCE SEP 1    286           484   -198      367
  SINCE JUL 1    351           539   -188      389

 COOLING
  YESTERDAY        0             0      0        0
  MONTH TO DATE    5             0      5        0
  SINCE SEP 1     86            23     63       44
  SINCE JAN 1    386           344     42      481
......................................................


WIND (MPH)
  HIGHEST WIND SPEED    12   HIGHEST WIND DIRECTION     W (270)
  HIGHEST GUST SPEED    19   HIGHEST GUST DIRECTION     W (270)
  AVERAGE WIND SPEED     2.0


SKY COVER
  AVERAGE SKY COVER 0.0


WEATHER CONDITIONS
 THE FOLLOWING WEATHER WAS RECORDED YESTERDAY.
  NO SIGNIFICANT WEATHER WAS OBSERVED.


RELATIVE HUMIDITY (PERCENT)
 HIGHEST    92           600 AM
 LOWEST     20           300 PM
 AVERAGE    56

..........................................................


THE SPRINGFIELD VT CLIMATE NORMALS FOR TODAY
                         NORMAL    RECORD    YEAR
 MAXIMUM TEMPERATURE (F)   57        72      2016
 MINIMUM TEMPERATURE (F)   35        21      2015


SUNRISE AND SUNSET
OCTOBER 19 2017.......SUNRISE   709 AM EDT   SUNSET   600 PM EDT
OCTOBER 20 2017.......SUNRISE   710 AM EDT   SUNSET   559 PM EDT


-  INDICATES NEGATIVE NUMBERS.
R  INDICATES RECORD WAS SET OR TIED.
MM INDICATES DATA IS MISSING.
T  INDICATES TRACE AMOUNT.




$$
