000
CDUS41 KBTV 220538
CLIVSF


CLIMATE REPORT
NATIONAL WEATHER SERVICE BURLINGTON VT
137 AM EDT FRI MAY 22 2015


...................................

...THE SPRINGFIELD VT CLIMATE SUMMARY FOR MAY 21 2015...

CLIMATE NORMAL PERIOD 1981 TO 2010
CLIMATE RECORD PERIOD 9999 TO 9999


WEATHER ITEM   OBSERVED TIME   NORMAL DEPARTURE LAST
                VALUE   (LST)  VALUE  FROM      YEAR
                                      NORMAL
......................................................
TEMPERATURE (F)
 YESTERDAY
  MAXIMUM         69    307 PM  69      0       77
  MINIMUM         36    141 AM  44     -8       38
  AVERAGE         53            56     -3       58

PRECIPITATION (IN)
  YESTERDAY        0.00          0.13  -0.13     0.00
  MONTH TO DATE    0.60          2.26  -1.66     1.74
  SINCE MAR 1      3.69          9.18  -5.49     7.46
  SINCE JAN 1      7.84         14.79  -6.95    11.15

DEGREE DAYS
 HEATING
  YESTERDAY       12             9      3        7
  MONTH TO DATE  134           241   -107      206
  SINCE MAR 1   1993          1902     91     2123
  SINCE JUL 1   7545          7347    198     7834

 COOLING
  YESTERDAY        0             0      0        0
  MONTH TO DATE   15             0     15        5
  SINCE MAR 1     15             2     13        5
  SINCE JAN 1     15             2     13        5
......................................................


WIND (MPH)
  HIGHEST WIND SPEED    16   HIGHEST WIND DIRECTION     W (270)
  HIGHEST GUST SPEED    21   HIGHEST GUST DIRECTION     W (270)
  AVERAGE WIND SPEED     3.4


SKY COVER
  AVERAGE SKY COVER 0.3


WEATHER CONDITIONS
 THE FOLLOWING WEATHER WAS RECORDED YESTERDAY.
  NO SIGNIFICANT WEATHER WAS OBSERVED.


RELATIVE HUMIDITY (PERCENT)
 HIGHEST    92           300 AM
 LOWEST     19           100 PM
 AVERAGE    56

..........................................................


THE SPRINGFIELD VT CLIMATE NORMALS FOR TODAY
                         NORMAL    RECORD    YEAR
 MAXIMUM TEMPERATURE (F)   69        83      2009
 MINIMUM TEMPERATURE (F)   44        32      2007


SUNRISE AND SUNSET
MAY 22 2015...........SUNRISE   520 AM EDT   SUNSET   814 PM EDT
MAY 23 2015...........SUNRISE   519 AM EDT   SUNSET   815 PM EDT


-  INDICATES NEGATIVE NUMBERS.
R  INDICATES RECORD WAS SET OR TIED.
MM INDICATES DATA IS MISSING.
T  INDICATES TRACE AMOUNT.




$$
