000
CDUS43 KLBF 161007
CLIVTN


CLIMATE REPORT
NATIONAL WEATHER SERVICE NORTH PLATTE
403 AM CST MON JAN 16 2017


...................................

...THE VALENTINE NE CLIMATE SUMMARY FOR JANUARY 15 2017...

CLIMATE NORMAL PERIOD 1981 TO 2010
CLIMATE RECORD PERIOD 1885 TO 2017


WEATHER ITEM   OBSERVED TIME   RECORD YEAR NORMAL DEPARTURE LAST
                VALUE   (LST)  VALUE       VALUE  FROM      YEAR
                                                  NORMAL
..................................................................
TEMPERATURE (F)
 YESTERDAY
  MAXIMUM         47    209 PM  65    2006  37     10       30
                                      2000
  MINIMUM         13    745 AM -20    1963  11      2       22
  AVERAGE         30                        24      6       26

PRECIPITATION (IN)
  YESTERDAY        0.00          0.19 1936   0.01  -0.01     0.01
  MONTH TO DATE    0.12                      0.13  -0.01     0.05
  SINCE DEC 1      1.06                      0.50   0.56     1.09
  SINCE JAN 1      0.12                      0.13  -0.01     0.05

SNOWFALL (IN)
  YESTERDAY        0.0           3.0  2003   0.2   -0.2       T
  MONTH TO DATE    1.2                       2.0   -0.8      1.0
  SINCE DEC 1      6.6                       7.1   -0.5     14.1
  SINCE JUL 1     12.9                      14.7   -1.8     24.2
  SNOW DEPTH       1

DEGREE DAYS
 HEATING
  YESTERDAY       35                        41     -6       39
  MONTH TO DATE  762                       628    134      645
  SINCE DEC 1   2177                      1905    272     1877
  SINCE JUL 1   3283                      3523   -240     3170

 COOLING
  YESTERDAY        0                         0      0        0
  MONTH TO DATE    0                         0      0        0
  SINCE DEC 1      0                         0      0        0
  SINCE JAN 1      0                         0      0        0
..................................................................


WIND (MPH)
  HIGHEST WIND SPEED    10   HIGHEST WIND DIRECTION     S (200)
  HIGHEST GUST SPEED    11   HIGHEST GUST DIRECTION    SW (220)
  AVERAGE WIND SPEED     3.3


SKY COVER
  POSSIBLE SUNSHINE  MM
  AVERAGE SKY COVER 0.2


WEATHER CONDITIONS
 THE FOLLOWING WEATHER WAS RECORDED YESTERDAY.
  NO SIGNIFICANT WEATHER WAS OBSERVED.


RELATIVE HUMIDITY (PERCENT)
 HIGHEST    88           200 AM
 LOWEST     31           300 PM
 AVERAGE    60

..........................................................


THE VALENTINE NE CLIMATE NORMALS FOR TODAY
                         NORMAL    RECORD    YEAR
 MAXIMUM TEMPERATURE (F)   37        70      1974
 MINIMUM TEMPERATURE (F)   11       -22      1890


SUNRISE AND SUNSET
JANUARY 16 2017.......SUNRISE   810 AM CST   SUNSET   535 PM CST
JANUARY 17 2017.......SUNRISE   809 AM CST   SUNSET   536 PM CST


-  INDICATES NEGATIVE NUMBERS.
R  INDICATES RECORD WAS SET OR TIED.
MM INDICATES DATA IS MISSING.
T  INDICATES TRACE AMOUNT.

$$
