590
CDUS43 KLBF 240948
CLIVTN


CLIMATE REPORT
NATIONAL WEATHER SERVICE NORTH PLATTE
447 AM CDT SUN JUL 24 2016


...................................

...THE VALENTINE NE CLIMATE SUMMARY FOR JULY 23 2016...

CLIMATE NORMAL PERIOD 1981 TO 2010
CLIMATE RECORD PERIOD 1885 TO 2016


WEATHER ITEM   OBSERVED TIME   RECORD YEAR NORMAL DEPARTURE LAST
                VALUE   (LST)  VALUE       VALUE  FROM      YEAR
                                                  NORMAL
..................................................................
TEMPERATURE (F)
 YESTERDAY
  MAXIMUM         96    300 PM 109    2012  89      7      102
                                      1964
  MINIMUM         69    622 AM  45    1990  61      8       63
  AVERAGE         83                        75      8       83

PRECIPITATION (IN)
  YESTERDAY        0.18          1.40 1896   0.11   0.07     0.00
  MONTH TO DATE    1.54                      2.42  -0.88     3.25
  SINCE JUN 1      5.70                      5.98  -0.28     6.67
  SINCE JAN 1     19.02                     13.14   5.88    16.06

SNOWFALL (IN)
  YESTERDAY        0.0           0.0    MM   0.0    0.0      0.0
  MONTH TO DATE    0.0                       0.0    0.0      0.0
  SINCE JUN 1      0.0                       0.0    0.0      0.0
  SINCE JUL 1      0.0                       0.0    0.0      0.0
  SNOW DEPTH       0

DEGREE DAYS
 HEATING
  YESTERDAY        0                         0      0        0
  MONTH TO DATE    5                         2      3        2
  SINCE JUN 1     16                        63    -47       10
  SINCE JUL 1      5                         2      3        2

 COOLING
  YESTERDAY       18                        11      7       18
  MONTH TO DATE  227                       219      8      191
  SINCE JUN 1    464                       356    108      331
  SINCE JAN 1    482                       390     92      337
..................................................................


WIND (MPH)
  HIGHEST WIND SPEED    23   HIGHEST WIND DIRECTION     N (340)
  HIGHEST GUST SPEED    31   HIGHEST GUST DIRECTION    NW (330)
  AVERAGE WIND SPEED    10.4


SKY COVER
  POSSIBLE SUNSHINE  MM
  AVERAGE SKY COVER 0.1


WEATHER CONDITIONS
 THE FOLLOWING WEATHER WAS RECORDED YESTERDAY.
  THUNDERSTORM
  HEAVY RAIN
  LIGHT RAIN


RELATIVE HUMIDITY (PERCENT)
 HIGHEST    84           500 AM
 LOWEST     26           600 PM
 AVERAGE    55

..........................................................


THE VALENTINE NE CLIMATE NORMALS FOR TODAY
                         NORMAL    RECORD    YEAR
 MAXIMUM TEMPERATURE (F)   89       108      1940
 MINIMUM TEMPERATURE (F)   61        44      1911


SUNRISE AND SUNSET
JULY 24 2016..........SUNRISE   626 AM CDT   SUNSET   911 PM CDT
JULY 25 2016..........SUNRISE   627 AM CDT   SUNSET   910 PM CDT


-  INDICATES NEGATIVE NUMBERS.
R  INDICATES RECORD WAS SET OR TIED.
MM INDICATES DATA IS MISSING.
T  INDICATES TRACE AMOUNT.




$$
