000
CDUS43 KLBF 122232
CLIVTN


CLIMATE REPORT
NATIONAL WEATHER SERVICE NORTH PLATTE
431 PM CST TUE DEC 12 2017


...................................

...THE VALENTINE NE CLIMATE SUMMARY FOR DECEMBER 12 2017...
VALID TODAY AS OF 0400 PM LOCAL TIME.

CLIMATE NORMAL PERIOD 1981 TO 2010
CLIMATE RECORD PERIOD 1885 TO 2017


WEATHER ITEM   OBSERVED TIME   RECORD YEAR NORMAL DEPARTURE LAST
                VALUE   (LST)  VALUE       VALUE  FROM      YEAR
                                                  NORMAL
..................................................................
TEMPERATURE (F)
 TODAY
  MAXIMUM         61    404 PM  62    1921  36     25       32
  MINIMUM         20    812 AM -22    1932  11      9       -8
                                      1917
  AVERAGE         41                        24     17       12

PRECIPITATION (IN)
  TODAY            0.00          0.38 2015   0.01  -0.01      T
  MONTH TO DATE    0.08                      0.15  -0.07     0.19
  SINCE DEC 1      0.08                      0.15  -0.07     0.19
  SINCE JAN 1     17.74                     19.80  -2.06    25.83

SNOWFALL (IN)
  TODAY            0.0           4.0  2015   0.2   -0.2       T
  MONTH TO DATE    1.2                       2.0   -0.8      1.5
  SINCE DEC 1      1.2                       2.0   -0.8      1.5
  SINCE JUL 1      2.5                       9.6   -7.1      7.8
  SNOW DEPTH       0

DEGREE DAYS
 HEATING
  TODAY           24                        41    -17       53
  MONTH TO DATE  362                       478   -116      547
  SINCE DEC 1    362                       478   -116      547
  SINCE JUL 1   1661                      2096   -435     1653

 COOLING
  TODAY            0                         0      0        0
  MONTH TO DATE    0                         0      0        0
  SINCE DEC 1      0                         0      0        0
  SINCE JAN 1   1060                       821    239      880
..................................................................


WIND (MPH)
  HIGHEST WIND SPEED    17   HIGHEST WIND DIRECTION     W (270)
  HIGHEST GUST SPEED    22   HIGHEST GUST DIRECTION     W (270)
  AVERAGE WIND SPEED     9.1


SKY COVER
  POSSIBLE SUNSHINE  MM
  AVERAGE SKY COVER 0.1


WEATHER CONDITIONS
 THE FOLLOWING WEATHER WAS RECORDED TODAY.
  NO SIGNIFICANT WEATHER WAS OBSERVED.


RELATIVE HUMIDITY (PERCENT)
 HIGHEST    92           600 AM
 LOWEST     19           300 PM
 AVERAGE    56

..........................................................


THE VALENTINE NE CLIMATE NORMALS FOR TOMORROW
                         NORMAL    RECORD    YEAR
 MAXIMUM TEMPERATURE (F)   36        66      1921
 MINIMUM TEMPERATURE (F)   11       -28      1901


SUNRISE AND SUNSET
DECEMBER 12 2017......SUNRISE   804 AM CST   SUNSET   508 PM CST
DECEMBER 13 2017......SUNRISE   805 AM CST   SUNSET   508 PM CST


-  INDICATES NEGATIVE NUMBERS.
R  INDICATES RECORD WAS SET OR TIED.
MM INDICATES DATA IS MISSING.
T  INDICATES TRACE AMOUNT.




$$
