000
CDUS43 KLBF 260943
CLIVTN

CLIMATE REPORT
NATIONAL WEATHER SERVICE NORTH PLATTE
442 AM CDT SAT JUL 26 2014


...................................

...THE VALENTINE NE CLIMATE SUMMARY FOR JULY 25 2014...

CLIMATE NORMAL PERIOD 1981 TO 2010
CLIMATE RECORD PERIOD 1885 TO 2014


WEATHER ITEM   OBSERVED TIME   RECORD YEAR NORMAL DEPARTURE LAST
                VALUE   (LST)  VALUE       VALUE  FROM      YEAR
                                                  NORMAL
..................................................................
TEMPERATURE (F)
 YESTERDAY
  MAXIMUM         92    440 PM 111    2003  89      3       83
  MINIMUM         66    506 AM  40    1911  61      5       59
  AVERAGE         79                        75      4       71

PRECIPITATION (IN)
  YESTERDAY        T             3.17 1984   0.10  -0.10      T
  MONTH TO DATE    0.58                      2.63  -2.05     1.59
  SINCE JUN 1      9.21                      6.19   3.02     4.04
  SINCE JAN 1     16.42                     13.35   3.07    13.44

SNOWFALL (IN)
  YESTERDAY        0.0           0.0    MM   0.0    0.0      0.0
  MONTH TO DATE    0.0                       0.0    0.0      0.0
  SINCE JUN 1      0.0                       0.0    0.0      0.0
  SINCE JUL 1      0.0                       0.0    0.0      0.0
  SNOW DEPTH       0

DEGREE DAYS
 HEATING
  YESTERDAY        0                         0      0        0
  MONTH TO DATE   19                         2     17        0
  SINCE JUN 1     73                        63     10       54
  SINCE JUL 1     19                         2     17        0

 COOLING
  YESTERDAY       14                        11      3        6
  MONTH TO DATE  210                       241    -31      269
  SINCE JUN 1    321                       378    -57      415
  SINCE JAN 1    382                       412    -30      454
..................................................................


WIND (MPH)
  HIGHEST WIND SPEED    22   HIGHEST WIND DIRECTION    NW (330)
  HIGHEST GUST SPEED    29   HIGHEST GUST DIRECTION    NW (320)
  AVERAGE WIND SPEED    10.8


SKY COVER
  POSSIBLE SUNSHINE  MM
  AVERAGE SKY COVER 0.1


WEATHER CONDITIONS
 THE FOLLOWING WEATHER WAS RECORDED YESTERDAY.
  THUNDERSTORM


RELATIVE HUMIDITY (PERCENT)
 HIGHEST    79           800 AM
 LOWEST     32           500 PM
 AVERAGE    56

..........................................................


THE VALENTINE NE CLIMATE NORMALS FOR TODAY
                         NORMAL    RECORD    YEAR
 MAXIMUM TEMPERATURE (F)   89       107      1919
 MINIMUM TEMPERATURE (F)   61        46      2005
                                             1971


SUNRISE AND SUNSET
JULY 26 2014..........SUNRISE   627 AM CDT   SUNSET   910 PM CDT
JULY 27 2014..........SUNRISE   628 AM CDT   SUNSET   908 PM CDT


-  INDICATES NEGATIVE NUMBERS.
R  INDICATES RECORD WAS SET OR TIED.
MM INDICATES DATA IS MISSING.
T  INDICATES TRACE AMOUNT.

$$
