000
CDUS43 KLBF 130933
CLIVTN

CLIMATE REPORT
NATIONAL WEATHER SERVICE NORTH PLATTE
432 AM CDT SUN JUL 13 2014

...................................

...THE VALENTINE NE CLIMATE SUMMARY FOR JULY 12 2014...

CLIMATE NORMAL PERIOD 1981 TO 2010
CLIMATE RECORD PERIOD 1885 TO 2014


WEATHER ITEM   OBSERVED TIME   RECORD YEAR NORMAL DEPARTURE LAST
                VALUE   (LST)  VALUE       VALUE  FROM      YEAR
                                                  NORMAL
..................................................................
TEMPERATURE (F)
 YESTERDAY
  MAXIMUM         84    538 PM 109    1995  89     -5       98
  MINIMUM         64   1159 PM  42    1922  60      4       73
  AVERAGE         74                        75     -1       86

PRECIPITATION (IN)
  YESTERDAY        0.00          1.06 1994   0.10  -0.10     0.00
  MONTH TO DATE    0.44                      1.28  -0.84     0.13
  SINCE JUN 1      9.07                      4.84   4.23     2.58
  SINCE JAN 1     16.28                     12.00   4.28    11.98

SNOWFALL (IN)
  YESTERDAY        0.0           0.0    MM   0.0    0.0      0.0
  MONTH TO DATE    0.0                       0.0    0.0      0.0
  SINCE JUN 1      0.0                       0.0    0.0      0.0
  SINCE JUL 1      0.0                       0.0    0.0      0.0
  SNOW DEPTH       0

DEGREE DAYS
 HEATING
  YESTERDAY        0                         0      0        0
  MONTH TO DATE    7                         2      5        0
  SINCE JUN 1     61                        63     -2       54
  SINCE JUL 1      7                         2      5        0

 COOLING
  YESTERDAY        9                        10     -1       21
  MONTH TO DATE   87                       108    -21      124
  SINCE JUN 1    198                       245    -47      270
  SINCE JAN 1    259                       279    -20      309
..................................................................


WIND (MPH)
  HIGHEST WIND SPEED    14   HIGHEST WIND DIRECTION     N (340)
  HIGHEST GUST SPEED    19   HIGHEST GUST DIRECTION     N (10)
  AVERAGE WIND SPEED     6.8


SKY COVER
  POSSIBLE SUNSHINE  MM
  AVERAGE SKY COVER 0.6


WEATHER CONDITIONS
 THE FOLLOWING WEATHER WAS RECORDED YESTERDAY.
  NO SIGNIFICANT WEATHER WAS OBSERVED.


RELATIVE HUMIDITY (PERCENT)
 HIGHEST    93           300 AM
 LOWEST     51           500 PM
 AVERAGE    72

..........................................................


THE VALENTINE NE CLIMATE NORMALS FOR TODAY
                         NORMAL    RECORD    YEAR
 MAXIMUM TEMPERATURE (F)   89       107      1980
                                             1954
 MINIMUM TEMPERATURE (F)   60        41      1950


SUNRISE AND SUNSET
JULY 13 2014..........SUNRISE   615 AM CDT   SUNSET   920 PM CDT
JULY 14 2014..........SUNRISE   616 AM CDT   SUNSET   919 PM CDT


-  INDICATES NEGATIVE NUMBERS.
R  INDICATES RECORD WAS SET OR TIED.
MM INDICATES DATA IS MISSING.
T  INDICATES TRACE AMOUNT.

$$
