000
CDUS43 KLBF 252233
CLIVTN

CLIMATE REPORT
NATIONAL WEATHER SERVICE NORTH PLATTE
531 PM CDT MON MAY 25 2015


...................................

...THE VALENTINE NE CLIMATE SUMMARY FOR MAY 25 2015...
VALID TODAY AS OF 0500 PM LOCAL TIME.

CLIMATE NORMAL PERIOD 1981 TO 2010
CLIMATE RECORD PERIOD 1885 TO 2015


WEATHER ITEM   OBSERVED TIME   RECORD YEAR NORMAL DEPARTURE LAST
                VALUE   (LST)  VALUE       VALUE  FROM      YEAR
                                                  NORMAL
..................................................................
TEMPERATURE (F)
 TODAY
  MAXIMUM         62    857 AM  97    1985  74    -12       82
  MINIMUM         54   1259 PM  32    1910  47      7       55
  AVERAGE         58                        60     -2       69

PRECIPITATION (IN)
  TODAY            1.45          4.00 1920   0.10   1.35     0.00
  MONTH TO DATE    7.07                      2.45   4.62     1.88
  SINCE MAR 1      8.72                      5.74   2.98     5.42
  SINCE JAN 1      9.34                      6.48   2.86     6.08

SNOWFALL (IN)
  TODAY            0.0           0.0    MM   0.0    0.0      0.0
  MONTH TO DATE    0.0                       0.1   -0.1      1.0
  SINCE MAR 1      0.8                      11.2  -10.4      9.3
  SINCE JUL 1     22.5                      33.3  -10.8     35.8
  SNOW DEPTH       0

DEGREE DAYS
 HEATING
  TODAY            7                         6      1        0
  MONTH TO DATE  272                       231     41      271
  SINCE MAR 1   1407                      1678   -271     1766
  SINCE JUL 1   6533                      6914   -381     7244

 COOLING
  TODAY            0                         1     -1        4
  MONTH TO DATE    3                        22    -19       17
  SINCE MAR 1      5                        26    -21       17
  SINCE JAN 1      5                        26    -21       17
..................................................................


WIND (MPH)
  HIGHEST WIND SPEED    17   HIGHEST WIND DIRECTION     E (110)
  HIGHEST GUST SPEED    21   HIGHEST GUST DIRECTION     E (110)
  AVERAGE WIND SPEED     5.8


SKY COVER
  POSSIBLE SUNSHINE  MM
  AVERAGE SKY COVER 1.0


WEATHER CONDITIONS
 THE FOLLOWING WEATHER WAS RECORDED TODAY.
  THUNDERSTORM
  HEAVY RAIN
  RAIN
  LIGHT RAIN
  FOG


RELATIVE HUMIDITY (PERCENT)
 HIGHEST   100          1200 AM
 LOWEST     84           900 AM
 AVERAGE    92

..........................................................


THE VALENTINE NE CLIMATE NORMALS FOR TOMORROW
                         NORMAL    RECORD    YEAR
 MAXIMUM TEMPERATURE (F)   74        98      1969
 MINIMUM TEMPERATURE (F)   48        28      1992


SUNRISE AND SUNSET
MAY 25 2015...........SUNRISE   611 AM CDT   SUNSET   908 PM CDT
MAY 26 2015...........SUNRISE   610 AM CDT   SUNSET   909 PM CDT


-  INDICATES NEGATIVE NUMBERS.
R  INDICATES RECORD WAS SET OR TIED.
MM INDICATES DATA IS MISSING.
T  INDICATES TRACE AMOUNT.

$$
