000
CDUS46 KPQR 300233
CLIVUO


CLIMATE REPORT
NATIONAL WEATHER SERVICE PORTLAND OREGON
733 PM PDT TUE JUL 29 2014


...................................

...THE VANCOUVER WA CLIMATE SUMMARY FOR JULY 29 2014...
VALID TODAY AS OF 0700 PM LOCAL TIME.

CLIMATE NORMAL PERIOD 1981 TO 2010
CLIMATE RECORD PERIOD 1891 TO 2014


WEATHER ITEM   OBSERVED TIME   RECORD YEAR NORMAL DEPARTURE LAST
                VALUE   (LST)  VALUE       VALUE  FROM      YEAR
                                                  NORMAL
..................................................................
TEMPERATURE (F)
 TODAY
  MAXIMUM         89    451 PM 108    2009  82      7       76
  MINIMUM         61    503 AM  46    1917  58      3       56
  AVERAGE         75                        70      5       66

PRECIPITATION (IN)
  TODAY            0.00                      0.02  -0.02     0.00
  MONTH TO DATE    0.82                      0.67   0.15     0.00
  SINCE OCT 1     27.72                     36.79  -9.07    34.24
  SINCE JAN 1     22.25                     21.04   1.21    14.98

DEGREE DAYS
 HEATING
  TODAY            0                                         0
  MONTH TO DATE    3                                         9
  SINCE JUN 1     81                                        65
  SINCE JUL 1      3                                         9

 COOLING
  TODAY           10                                         1
  MONTH TO DATE  180                                       130
  SINCE JUN 1    196                                       185
  SINCE JAN 1    211                                       197
..................................................................


WIND (MPH)
  HIGHEST WIND SPEED    15   HIGHEST WIND DIRECTION    NW (320)
  HIGHEST GUST SPEED    20   HIGHEST GUST DIRECTION    NW (300)
  AVERAGE WIND SPEED     5.9


SKY COVER
  POSSIBLE SUNSHINE  MM
  AVERAGE SKY COVER 0.0


WEATHER CONDITIONS
 THE FOLLOWING WEATHER WAS RECORDED TODAY.
  NO SIGNIFICANT WEATHER WAS OBSERVED.


RELATIVE HUMIDITY (PERCENT)
 HIGHEST    73           700 AM
 LOWEST     32           400 PM
 AVERAGE    53

..........................................................


THE VANCOUVER WA CLIMATE NORMALS FOR TOMORROW
                         NORMAL    RECORD    YEAR
 MAXIMUM TEMPERATURE (F)   82       105      1907
 MINIMUM TEMPERATURE (F)   58        46      1901


SUNRISE AND SUNSET
JULY 29 2014..........SUNRISE   551 AM PDT   SUNSET   843 PM PDT
JULY 30 2014..........SUNRISE   552 AM PDT   SUNSET   841 PM PDT


-  INDICATES NEGATIVE NUMBERS.
R  INDICATES RECORD WAS SET OR TIED.
MM INDICATES DATA IS MISSING.
T  INDICATES TRACE AMOUNT.




$$
