000
CDUS46 KPQR 231143
CLIVUO


CLIMATE REPORT
NATIONAL WEATHER SERVICE PORTLAND OREGON
342 AM PST TUE JAN 23 2018


...................................

...THE VANCOUVER WA CLIMATE SUMMARY FOR JANUARY 22 2018...

CLIMATE NORMAL PERIOD 1981 TO 2010
CLIMATE RECORD PERIOD 1891 TO 2018


WEATHER ITEM   OBSERVED TIME   RECORD YEAR NORMAL DEPARTURE LAST
                VALUE   (LST)  VALUE       VALUE  FROM      YEAR
                                                  NORMAL
..................................................................
TEMPERATURE (F)
 YESTERDAY
  MAXIMUM         49    157 PM  60    1919  48      1       46
  MINIMUM         42   1143 PM   4    1930  36      6       33
  AVERAGE         46                        42      4       40

PRECIPITATION (IN)
  YESTERDAY        0.19                      0.15   0.04     0.14
  MONTH TO DATE    3.14                      4.07  -0.93     4.29
  SINCE OCT 1     17.33                     19.82  -2.49    24.15
  SINCE JAN 1      3.14                      4.07  -0.93     4.29

DEGREE DAYS
 HEATING
  YESTERDAY       19                                        25
  MONTH TO DATE  450                                       741
  SINCE JUL 1   2218                                      2396

 COOLING
  YESTERDAY        0                                         0
  MONTH TO DATE    0                                         0
  SINCE JAN 1      0                                         0
..................................................................


WIND (MPH)
  HIGHEST WIND SPEED    10   HIGHEST WIND DIRECTION     E (110)
  HIGHEST GUST SPEED    14   HIGHEST GUST DIRECTION    SW (210)
  AVERAGE WIND SPEED     4.1


SKY COVER
  POSSIBLE SUNSHINE  MM
  AVERAGE SKY COVER 0.8


WEATHER CONDITIONS
 THE FOLLOWING WEATHER WAS RECORDED YESTERDAY.
  RAIN
  LIGHT RAIN
  FOG


RELATIVE HUMIDITY (PERCENT)
 HIGHEST   100          1000 PM
 LOWEST     80          1200 PM
 AVERAGE    90

..........................................................




SUNRISE AND SUNSET
JANUARY 23 2018.......SUNRISE   741 AM PST   SUNSET   504 PM PST
JANUARY 24 2018.......SUNRISE   740 AM PST   SUNSET   506 PM PST


-  INDICATES NEGATIVE NUMBERS.
R  INDICATES RECORD WAS SET OR TIED.
MM INDICATES DATA IS MISSING.
T  INDICATES TRACE AMOUNT.




$$
