000
CDUS46 KPQR 242322
CLIVUO


CLIMATE REPORT
NATIONAL WEATHER SERVICE PORTLAND OREGON
422 PM PDT SUN SEP 24 2017


...................................

...THE VANCOUVER WA CLIMATE SUMMARY FOR SEPTEMBER 24 2017...
VALID TODAY AS OF 0400 PM LOCAL TIME.

CLIMATE NORMAL PERIOD 1981 TO 2010
CLIMATE RECORD PERIOD 1891 TO 2017


WEATHER ITEM   OBSERVED TIME   RECORD YEAR NORMAL DEPARTURE LAST
                VALUE   (LST)  VALUE       VALUE  FROM      YEAR
                                                  NORMAL
..................................................................
TEMPERATURE (F)
 TODAY
  MAXIMUM         72    246 PM  94    1943  73     -1       70
  MINIMUM         46    528 AM  31    1970  49     -3       48
  AVERAGE         59                        61     -2       59

PRECIPITATION (IN)
  TODAY            0.00                      0.07  -0.07     0.00
  MONTH TO DATE    2.34                      1.05   1.29     1.15
  SINCE OCT 1     51.32                     38.63  12.69    46.58
  SINCE JAN 1     31.46                     22.88   8.58    22.73

DEGREE DAYS
 HEATING
  TODAY            6                                         6
  MONTH TO DATE   59                                        86
  SINCE SEP 1     59                                        86
  SINCE JUL 1     62                                       108

 COOLING
  TODAY            0                                         0
  MONTH TO DATE  110                                         9
  SINCE SEP 1    110                                         9
  SINCE JAN 1    629                                       398
..................................................................


WIND (MPH)
  HIGHEST WIND SPEED     9   HIGHEST WIND DIRECTION    SW (240)
  HIGHEST GUST SPEED    11   HIGHEST GUST DIRECTION    SW (240)
  AVERAGE WIND SPEED     2.7


SKY COVER
  POSSIBLE SUNSHINE  MM
  AVERAGE SKY COVER 0.2


WEATHER CONDITIONS
 THE FOLLOWING WEATHER WAS RECORDED TODAY.
  NO SIGNIFICANT WEATHER WAS OBSERVED.


RELATIVE HUMIDITY (PERCENT)
 HIGHEST   100           100 AM
 LOWEST     47           300 PM
 AVERAGE    74

..........................................................


THE VANCOUVER WA CLIMATE NORMALS FOR TOMORROW
                         NORMAL    RECORD    YEAR
 MAXIMUM TEMPERATURE (F)   72        92      1991
 MINIMUM TEMPERATURE (F)   49        31      1908


SUNRISE AND SUNSET
SEPTEMBER 24 2017.....SUNRISE   701 AM PDT   SUNSET   704 PM PDT
SEPTEMBER 25 2017.....SUNRISE   702 AM PDT   SUNSET   702 PM PDT


-  INDICATES NEGATIVE NUMBERS.
R  INDICATES RECORD WAS SET OR TIED.
MM INDICATES DATA IS MISSING.
T  INDICATES TRACE AMOUNT.




$$
