000
CDUS46 KPQR 010237
CLIVUO


CLIMATE REPORT
NATIONAL WEATHER SERVICE PORTLAND OREGON
637 PM PST SAT FEB 28 2015


...................................

...THE VANCOUVER WA CLIMATE SUMMARY FOR FEBRUARY 28 2015...
VALID TODAY AS OF 0600 PM LOCAL TIME.

CLIMATE NORMAL PERIOD 1981 TO 2010
CLIMATE RECORD PERIOD 1891 TO 2015


WEATHER ITEM   OBSERVED TIME   RECORD YEAR NORMAL DEPARTURE LAST
                VALUE   (LST)  VALUE       VALUE  FROM      YEAR
                                                  NORMAL
..................................................................
TEMPERATURE (F)
 TODAY
  MAXIMUM         58    415 PM  73    1968  54      4       59
  MINIMUM         37    635 AM  20    1993  36      1       40
  AVERAGE         48                        45      3       50

PRECIPITATION (IN)
  TODAY            0.00                      0.16  -0.16     0.00
  MONTH TO DATE    4.07                      4.03   0.04     4.35
  SINCE OCT 1     22.31                     25.28  -2.97    12.36
  SINCE JAN 1      7.42                      9.53  -2.11     6.89

DEGREE DAYS
 HEATING
  TODAY           17                                        15
  MONTH TO DATE  471                                       714
  SINCE DEC 1   1842                                      2362
  SINCE JUL 1   2650                                      3463

 COOLING
  TODAY            0                                         0
  MONTH TO DATE    0                                         0
  SINCE DEC 1      0                                         0
  SINCE JAN 1      0                                         0
..................................................................


WIND (MPH)
  HIGHEST WIND SPEED    15   HIGHEST WIND DIRECTION    SE (120)
  HIGHEST GUST SPEED    19   HIGHEST GUST DIRECTION    SE (120)
  AVERAGE WIND SPEED     5.3


SKY COVER
  POSSIBLE SUNSHINE  MM
  AVERAGE SKY COVER 0.2


WEATHER CONDITIONS
 THE FOLLOWING WEATHER WAS RECORDED TODAY.
  NO SIGNIFICANT WEATHER WAS OBSERVED.


RELATIVE HUMIDITY (PERCENT)
 HIGHEST    92           100 AM
 LOWEST     24           200 PM
 AVERAGE    58

..........................................................


THE VANCOUVER WA CLIMATE NORMALS FOR TOMORROW
                         NORMAL    RECORD    YEAR
 MAXIMUM TEMPERATURE (F)   54        70      1926
 MINIMUM TEMPERATURE (F)   36        19      1971


SUNRISE AND SUNSET
FEBRUARY 28 2015......SUNRISE   651 AM PST   SUNSET   556 PM PST
MARCH  1 2015.........SUNRISE   649 AM PST   SUNSET   557 PM PST


-  INDICATES NEGATIVE NUMBERS.
R  INDICATES RECORD WAS SET OR TIED.
MM INDICATES DATA IS MISSING.
T  INDICATES TRACE AMOUNT.




$$
