000
CDUS46 KPQR 301141
CLIVUO


CLIMATE REPORT
NATIONAL WEATHER SERVICE PORTLAND OREGON
440 AM PDT THU OCT 30 2014


...................................

...THE VANCOUVER WA CLIMATE SUMMARY FOR OCTOBER 29 2014...

CLIMATE NORMAL PERIOD 1981 TO 2010
CLIMATE RECORD PERIOD 1891 TO 2014


WEATHER ITEM   OBSERVED TIME   RECORD YEAR NORMAL DEPARTURE LAST
                VALUE   (LST)  VALUE       VALUE  FROM      YEAR
                                                  NORMAL
..................................................................
TEMPERATURE (F)
 YESTERDAY
  MAXIMUM         61    329 PM  74    1931  58      3       58
  MINIMUM         56   1059 PM  26    1935  42     14       31
  AVERAGE         59                        50      9       45

PRECIPITATION (IN)
  YESTERDAY        0.08                      0.11  -0.03     0.00
  MONTH TO DATE    4.23                      2.82   1.41     1.09
  SINCE OCT 1      4.23                      2.82   1.41     1.09
  SINCE JAN 1     27.67                     26.21   1.46    22.16

DEGREE DAYS
 HEATING
  YESTERDAY        6                                        20
  MONTH TO DATE  168                                       359
  SINCE JUL 1    197                                       462

 COOLING
  YESTERDAY        0                                         0
  MONTH TO DATE   10                                         0
  SINCE JAN 1    531                                       450
..................................................................


WIND (MPH)
  HIGHEST WIND SPEED    10   HIGHEST WIND DIRECTION     S (200)
  HIGHEST GUST SPEED    16   HIGHEST GUST DIRECTION     S (190)
  AVERAGE WIND SPEED     3.1


SKY COVER
  POSSIBLE SUNSHINE  MM
  AVERAGE SKY COVER 0.7


WEATHER CONDITIONS
 THE FOLLOWING WEATHER WAS RECORDED YESTERDAY.
  LIGHT RAIN
  FOG


RELATIVE HUMIDITY (PERCENT)
 HIGHEST    93          1000 AM
 LOWEST     78          1200 PM
 AVERAGE    86

..........................................................




SUNRISE AND SUNSET
OCTOBER 30 2014.......SUNRISE   748 AM PDT   SUNSET   600 PM PDT
OCTOBER 31 2014.......SUNRISE   749 AM PDT   SUNSET   559 PM PDT


-  INDICATES NEGATIVE NUMBERS.
R  INDICATES RECORD WAS SET OR TIED.
MM INDICATES DATA IS MISSING.
T  INDICATES TRACE AMOUNT.




$$
