000
CDUS46 KPQR 221142
CLIVUO


CLIMATE REPORT
NATIONAL WEATHER SERVICE PORTLAND OREGON
441 AM PDT FRI AUG 22 2014


...................................

...THE VANCOUVER WA CLIMATE SUMMARY FOR AUGUST 21 2014...

CLIMATE NORMAL PERIOD 1981 TO 2010
CLIMATE RECORD PERIOD 1891 TO 2014


WEATHER ITEM   OBSERVED TIME   RECORD YEAR NORMAL DEPARTURE LAST
                VALUE   (LST)  VALUE       VALUE  FROM      YEAR
                                                  NORMAL
..................................................................
TEMPERATURE (F)
 YESTERDAY
  MAXIMUM         79    524 PM  96    1915  81     -2       89
  MINIMUM         50    525 AM  41    1909  57     -7       58
  AVERAGE         65                        69     -4       74

PRECIPITATION (IN)
  YESTERDAY        0.00                      0.02  -0.02     0.00
  MONTH TO DATE    0.02                      0.42  -0.40     0.04
  SINCE OCT 1     27.74                     37.23  -9.49    34.28
  SINCE JAN 1     22.27                     21.48   0.79    15.02

DEGREE DAYS
 HEATING
  YESTERDAY        0                                         0
  MONTH TO DATE    0                                         3
  SINCE JUL 1      3                                        12

 COOLING
  YESTERDAY        0                                         9
  MONTH TO DATE  164                                       117
  SINCE JAN 1    396                                       321
..................................................................


WIND (MPH)
  HIGHEST WIND SPEED     9   HIGHEST WIND DIRECTION     N (340)
  HIGHEST GUST SPEED    15   HIGHEST GUST DIRECTION     N (350)
  AVERAGE WIND SPEED     3.5


SKY COVER
  POSSIBLE SUNSHINE  MM
  AVERAGE SKY COVER 0.2


WEATHER CONDITIONS
 THE FOLLOWING WEATHER WAS RECORDED YESTERDAY.
  NO SIGNIFICANT WEATHER WAS OBSERVED.


RELATIVE HUMIDITY (PERCENT)
 HIGHEST    89           600 AM
 LOWEST     25           200 PM
 AVERAGE    57

..........................................................




SUNRISE AND SUNSET
AUGUST 22 2014........SUNRISE   620 AM PDT   SUNSET   806 PM PDT
AUGUST 23 2014........SUNRISE   621 AM PDT   SUNSET   805 PM PDT


-  INDICATES NEGATIVE NUMBERS.
R  INDICATES RECORD WAS SET OR TIED.
MM INDICATES DATA IS MISSING.
T  INDICATES TRACE AMOUNT.




$$
