000
CDUS46 KPQR 250223
CLIVUO


CLIMATE REPORT
NATIONAL WEATHER SERVICE PORTLAND OREGON
623 PM PST TUE JAN 24 2017


...................................

...THE VANCOUVER WA CLIMATE SUMMARY FOR JANUARY 24 2017...
VALID TODAY AS OF 0600 PM LOCAL TIME.

CLIMATE NORMAL PERIOD 1981 TO 2010
CLIMATE RECORD PERIOD 1891 TO 2017


WEATHER ITEM   OBSERVED TIME   RECORD YEAR NORMAL DEPARTURE LAST
                VALUE   (LST)  VALUE       VALUE  FROM      YEAR
                                                  NORMAL
..................................................................
TEMPERATURE (F)
 TODAY
  MAXIMUM         41    159 PM  63    1935  49     -8       50
  MINIMUM         30    717 AM  10    1949  36     -6       38
  AVERAGE         36                        42     -6       44

PRECIPITATION (IN)
  TODAY            0.00                      0.17  -0.17     0.01
  MONTH TO DATE    4.29                      4.40  -0.11     5.93
  SINCE OCT 1     24.15                     20.15   4.00    29.78
  SINCE JAN 1      4.29                      4.40  -0.11     5.93

DEGREE DAYS
 HEATING
  TODAY           29                                        21
  MONTH TO DATE  795                                       592
  SINCE DEC 1   1662                                      1269
  SINCE JUL 1   2450                                      2201

 COOLING
  TODAY            0                                         0
  MONTH TO DATE    0                                         0
  SINCE DEC 1      0                                         0
  SINCE JAN 1      0                                         0
..................................................................


WIND (MPH)
  HIGHEST WIND SPEED     9   HIGHEST WIND DIRECTION     W (250)
  HIGHEST GUST SPEED    10   HIGHEST GUST DIRECTION     E (110)
  AVERAGE WIND SPEED     2.6


SKY COVER
  POSSIBLE SUNSHINE  MM
  AVERAGE SKY COVER 0.6


WEATHER CONDITIONS
 THE FOLLOWING WEATHER WAS RECORDED TODAY.
  FOG
  HAZE


RELATIVE HUMIDITY (PERCENT)
 HIGHEST    92           200 AM
 LOWEST     79           200 PM
 AVERAGE    86

..........................................................


THE VANCOUVER WA CLIMATE NORMALS FOR TOMORROW
                         NORMAL    RECORD    YEAR
 MAXIMUM TEMPERATURE (F)   49        58      1993
 MINIMUM TEMPERATURE (F)   36         6      1930


SUNRISE AND SUNSET
JANUARY 24 2017.......SUNRISE   740 AM PST   SUNSET   506 PM PST
JANUARY 25 2017.......SUNRISE   739 AM PST   SUNSET   507 PM PST


-  INDICATES NEGATIVE NUMBERS.
R  INDICATES RECORD WAS SET OR TIED.
MM INDICATES DATA IS MISSING.
T  INDICATES TRACE AMOUNT.




$$
