000
CDUS46 KPQR 281142
CLIVUO


CLIMATE REPORT
NATIONAL WEATHER SERVICE PORTLAND OREGON
441 AM PDT SUN AUG 28 2016


...................................

...THE VANCOUVER WA CLIMATE SUMMARY FOR AUGUST 27 2016...

CLIMATE NORMAL PERIOD 1981 TO 2010
CLIMATE RECORD PERIOD 1891 TO 2016


WEATHER ITEM   OBSERVED TIME   RECORD YEAR NORMAL DEPARTURE LAST
                VALUE   (LST)  VALUE       VALUE  FROM      YEAR
                                                  NORMAL
..................................................................
TEMPERATURE (F)
 YESTERDAY
  MAXIMUM         82    239 PM  98    1935  81      1       88
  MINIMUM         59    342 AM  40    1981  56      3       56
  AVERAGE         71                        68      3       72

PRECIPITATION (IN)
  YESTERDAY        0.00                      0.04  -0.04     0.00
  MONTH TO DATE    0.13                      0.61  -0.48     0.01
  SINCE OCT 1     45.36                     37.42   7.94    30.23
  SINCE JAN 1     21.51                     21.67  -0.16    15.34

DEGREE DAYS
 HEATING
  YESTERDAY        0                                         0
  MONTH TO DATE    8                                         0
  SINCE JUL 1     19                                         4

 COOLING
  YESTERDAY        6                                         7
  MONTH TO DATE  171                                       181
  SINCE JAN 1    380                                       609
..................................................................


WIND (MPH)
  HIGHEST WIND SPEED    15   HIGHEST WIND DIRECTION    NW (330)
  HIGHEST GUST SPEED    21   HIGHEST GUST DIRECTION    NW (320)
  AVERAGE WIND SPEED     4.6


SKY COVER
  POSSIBLE SUNSHINE  MM
  AVERAGE SKY COVER 0.1


WEATHER CONDITIONS
 THE FOLLOWING WEATHER WAS RECORDED YESTERDAY.
  NO SIGNIFICANT WEATHER WAS OBSERVED.


RELATIVE HUMIDITY (PERCENT)
 HIGHEST    78           400 AM
 LOWEST     39           200 PM
 AVERAGE    59

..........................................................




SUNRISE AND SUNSET
AUGUST 28 2016........SUNRISE   628 AM PDT   SUNSET   755 PM PDT
AUGUST 29 2016........SUNRISE   629 AM PDT   SUNSET   753 PM PDT


-  INDICATES NEGATIVE NUMBERS.
R  INDICATES RECORD WAS SET OR TIED.
MM INDICATES DATA IS MISSING.
T  INDICATES TRACE AMOUNT.




$$
