000
CDUS46 KPQR 061147
CLIVUO


CLIMATE REPORT
NATIONAL WEATHER SERVICE PORTLAND OREGON
346 AM PST TUE DEC 6 2016


...................................

...THE VANCOUVER WA CLIMATE SUMMARY FOR DECEMBER 5 2016...

CLIMATE NORMAL PERIOD 1981 TO 2010
CLIMATE RECORD PERIOD 1891 TO 2016


WEATHER ITEM   OBSERVED TIME   RECORD YEAR NORMAL DEPARTURE LAST
                VALUE   (LST)  VALUE       VALUE  FROM      YEAR
                                                  NORMAL
..................................................................
TEMPERATURE (F)
 YESTERDAY
  MAXIMUM         40    124 PM  62    1938  48     -8       47
  MINIMUM         34   1043 AM  15    2013  36     -2       43
  AVERAGE         37                        42     -5       45

PRECIPITATION (IN)
  YESTERDAY        0.30                      0.20   0.10     0.41
  MONTH TO DATE    1.10                      1.00   0.10     2.13
  SINCE OCT 1     16.20                      9.98   6.22     9.95
  SINCE JAN 1     38.93                     33.37   5.56    27.06

DEGREE DAYS
 HEATING
  YESTERDAY       28                                        20
  MONTH TO DATE  113                                       112
  SINCE JUL 1    901                                      1044

 COOLING
  YESTERDAY        0                                         0
  MONTH TO DATE    0                                         0
  SINCE JAN 1    407                                       660
..................................................................


WIND (MPH)
  HIGHEST WIND SPEED    12   HIGHEST WIND DIRECTION     S (170)
  HIGHEST GUST SPEED    17   HIGHEST GUST DIRECTION     S (180)
  AVERAGE WIND SPEED     5.1


SKY COVER
  POSSIBLE SUNSHINE  MM
  AVERAGE SKY COVER 1.0


WEATHER CONDITIONS
 THE FOLLOWING WEATHER WAS RECORDED YESTERDAY.
  RAIN
  LIGHT RAIN
  LIGHT SNOW
  FOG


RELATIVE HUMIDITY (PERCENT)
 HIGHEST    92           300 AM
 LOWEST     79           400 PM
 AVERAGE    86

..........................................................




SUNRISE AND SUNSET
DECEMBER  6 2016......SUNRISE   737 AM PST   SUNSET   427 PM PST
DECEMBER  7 2016......SUNRISE   738 AM PST   SUNSET   427 PM PST


-  INDICATES NEGATIVE NUMBERS.
R  INDICATES RECORD WAS SET OR TIED.
MM INDICATES DATA IS MISSING.
T  INDICATES TRACE AMOUNT.




$$
