000
CDUS41 KAKQ 290845
CLIWAL


CLIMATE REPORT
NATIONAL WEATHER SERVICE WAKEFIELD, VA
345 AM EST THU JAN 29 2015


...................................

...THE WALLOPS ISLAND VA CLIMATE SUMMARY FOR JANUARY 28 2015...

CLIMATE NORMAL PERIOD 1981 TO 2010
CLIMATE RECORD PERIOD 1963 TO 2015


WEATHER ITEM   OBSERVED TIME   RECORD YEAR NORMAL DEPARTURE
                VALUE   (LST)  VALUE       VALUE  FROM
                                                  NORMAL
...............................................................
TEMPERATURE (F)
 YESTERDAY
  MAXIMUM         37    331 PM  69    1999  45     -8
  MINIMUM         23    724 AM   8    1987  28     -5
  AVERAGE         30                        37     -7

PRECIPITATION (IN)
  YESTERDAY        0.00          3.54        0.10  -0.10
  MONTH TO DATE    4.71                      2.74   1.97
  SINCE DEC 1      7.93                      6.17   1.76
  SINCE JAN 1      4.71                      2.74   1.97

SNOWFALL (IN)
  YESTERDAY        0.0           4.0  2014   0.1   -0.1
  MONTH TO DATE    T                         1.8   -1.8
  SINCE NOV 1      T                         3.8   -3.8
  SINCE JUL 1      T                         3.8   -3.8

DEGREE DAYS
 HEATING
  YESTERDAY       35                                7
  MONTH TO DATE  810                               10
  SINCE DEC 1   1488                              -70
  SINCE JUL 1   2182                              -80

 COOLING
  YESTERDAY        0                                0
  MONTH TO DATE    0                                0
  SINCE DEC 1      0                                0
  SINCE JAN 1      0                                0
...............................................................


WIND (MPH)
  HIGHEST WIND SPEED    20   HIGHEST WIND DIRECTION    NW (320)
  HIGHEST GUST SPEED    28   HIGHEST GUST DIRECTION    NW (330)
  AVERAGE WIND SPEED    12.6




RELATIVE HUMIDITY (PERCENT)
 HIGHEST    69
 LOWEST     32
 AVERAGE    51

..........................................................


THE WALLOPS ISLAND VA CLIMATE NORMALS FOR TODAY
                         NORMAL    RECORD    YEAR
 MAXIMUM TEMPERATURE (F)   45        72      2002
 MINIMUM TEMPERATURE (F)   29         8      2014


SUNRISE AND SUNSET
JANUARY 29 2015.......SUNRISE   709 AM EST   SUNSET   522 PM EST
JANUARY 30 2015.......SUNRISE   708 AM EST   SUNSET   523 PM EST


-  INDICATES NEGATIVE NUMBERS.
R  INDICATES RECORD WAS SET OR TIED.
MM INDICATES DATA IS MISSING.
T  INDICATES TRACE AMOUNT.




$$
