000
CDUS41 KAKQ 080831
CLIWAL


CLIMATE REPORT
NATIONAL WEATHER SERVICE WAKEFIELD, VA
331 AM EST MON FEB 8 2016


...................................

...THE WALLOPS ISLAND VA CLIMATE SUMMARY FOR FEBRUARY 7 2016...

CLIMATE NORMAL PERIOD 1981 TO 2010
CLIMATE RECORD PERIOD 1963 TO 2016


WEATHER ITEM   OBSERVED TIME   RECORD YEAR NORMAL DEPARTURE
                VALUE   (LST)  VALUE       VALUE  FROM
                                                  NORMAL
...............................................................
TEMPERATURE (F)
 YESTERDAY
  MAXIMUM         44    152 PM  70    2008  46     -2
  MINIMUM         25    305 AM   8    1996  29     -4
  AVERAGE         35                        38     -3

PRECIPITATION (IN)
  YESTERDAY        T             0.71        0.08  -0.08
  MONTH TO DATE    2.29                      0.65   1.64
  SINCE DEC 1      9.19                      7.12   2.07
  SINCE JAN 1      4.91                      3.69   1.22

SNOWFALL (IN)
  YESTERDAY        0.0           5.1  1979   0.1   -0.1
  MONTH TO DATE    1.0                       0.8    0.2
  SINCE NOV 1      8.3                       4.8    3.5
  SINCE JUL 1      8.3                       4.8    3.5

DEGREE DAYS
 HEATING
  YESTERDAY       30                                3
  MONTH TO DATE  140                              -55
  SINCE DEC 1   1342                             -493
  SINCE JUL 1   1864                             -675

 COOLING
  YESTERDAY        0                                0
  MONTH TO DATE    0                                0
  SINCE DEC 1      7                                7
  SINCE JAN 1      0                                0
...............................................................


WIND (MPH)
  HIGHEST WIND SPEED    23   HIGHEST WIND DIRECTION     N (20)
  HIGHEST GUST SPEED    33   HIGHEST GUST DIRECTION     N (20)
  AVERAGE WIND SPEED    10.5




RELATIVE HUMIDITY (PERCENT)
 HIGHEST    92
 LOWEST     51
 AVERAGE    72

..........................................................


THE WALLOPS ISLAND VA CLIMATE NORMALS FOR TODAY
                         NORMAL    RECORD    YEAR
 MAXIMUM TEMPERATURE (F)   46        69      2009
 MINIMUM TEMPERATURE (F)   29        12      2007


SUNRISE AND SUNSET
FEBRUARY  8 2016......SUNRISE   700 AM EST   SUNSET   532 PM EST
FEBRUARY  9 2016......SUNRISE   659 AM EST   SUNSET   534 PM EST


-  INDICATES NEGATIVE NUMBERS.
R  INDICATES RECORD WAS SET OR TIED.
MM INDICATES DATA IS MISSING.
T  INDICATES TRACE AMOUNT.




$$
