000
CDUS41 KAKQ 160645
CLIWAL


CLIMATE REPORT
NATIONAL WEATHER SERVICE WAKEFIELD, VA
145 AM EST MON JAN 16 2017


...................................

...THE WALLOPS ISLAND VA CLIMATE SUMMARY FOR JANUARY 15 2017...

CLIMATE NORMAL PERIOD 1981 TO 2010
CLIMATE RECORD PERIOD 1963 TO 2017


WEATHER ITEM   OBSERVED TIME   RECORD YEAR NORMAL DEPARTURE
                VALUE   (LST)  VALUE       VALUE  FROM
                                                  NORMAL
...............................................................
TEMPERATURE (F)
 YESTERDAY
  MAXIMUM         46    259 PM  70    2007  45      1
  MINIMUM         36    804 AM   8    1994  28      8
  AVERAGE         41                        36      5

PRECIPITATION (IN)
  YESTERDAY        T             1.20        0.11  -0.11
  MONTH TO DATE    2.16                      1.49   0.67
  SINCE DEC 1      6.13                      4.92   1.21
  SINCE JAN 1      2.16                      1.49   0.67

SNOWFALL (IN)
  YESTERDAY       MM             3.4  1966   0.1   MM
  MONTH TO DATE   10.1                       0.8    9.3
  SINCE NOV 1     10.1                       2.8    7.3
  SINCE JUL 1     10.1                       2.8    7.3

DEGREE DAYS
 HEATING
  YESTERDAY       24                               -5
  MONTH TO DATE  393                              -33
  SINCE DEC 1   1112                              -72
  SINCE JUL 1   1698                             -190

 COOLING
  YESTERDAY        0                                0
  MONTH TO DATE    0                                0
  SINCE DEC 1      0                                0
  SINCE JAN 1      0                                0
...............................................................


WIND (MPH)
  HIGHEST WIND SPEED    13   HIGHEST WIND DIRECTION    NW (330)
  HIGHEST GUST SPEED    17   HIGHEST GUST DIRECTION     N (340)
  AVERAGE WIND SPEED     5.4




RELATIVE HUMIDITY (PERCENT)
 HIGHEST   100
 LOWEST     53
 AVERAGE    77

..........................................................


THE WALLOPS ISLAND VA CLIMATE NORMALS FOR TODAY
                         NORMAL    RECORD    YEAR
 MAXIMUM TEMPERATURE (F)   45        67      2007
 MINIMUM TEMPERATURE (F)   28         6      1994


SUNRISE AND SUNSET
JANUARY 16 2017.......SUNRISE   716 AM EST   SUNSET   508 PM EST
JANUARY 17 2017.......SUNRISE   716 AM EST   SUNSET   509 PM EST


-  INDICATES NEGATIVE NUMBERS.
R  INDICATES RECORD WAS SET OR TIED.
MM INDICATES DATA IS MISSING.
T  INDICATES TRACE AMOUNT.




$$
