000
CDUS41 KAKQ 212131
CLIWAL


CLIMATE REPORT
NATIONAL WEATHER SERVICE WAKEFIELD, VA
531 PM EDT TUE OCT 21 2014


...................................

...THE WALLOPS ISLAND VA CLIMATE SUMMARY FOR OCTOBER 21 2014...
VALID TODAY AS OF 0500 PM LOCAL TIME.

CLIMATE NORMAL PERIOD 1981 TO 2010
CLIMATE RECORD PERIOD 1963 TO 2014


WEATHER ITEM   OBSERVED TIME   RECORD YEAR NORMAL DEPARTURE
                VALUE   (LST)  VALUE       VALUE  FROM
                                                  NORMAL
...............................................................
TEMPERATURE (F)
 TODAY
  MAXIMUM         74    133 PM  81    1984  67      7
  MINIMUM         57    516 AM  31    1974  48      9
  AVERAGE         66

PRECIPITATION (IN)
  TODAY            T             1.18 1988   0.10  -0.10
  MONTH TO DATE    0.82                      2.12  -1.30
  SINCE SEP 1      5.55                      6.10  -0.55
  SINCE JAN 1     31.14                     33.49  -2.35

SNOWFALL (IN)
  TODAY            0.0           0.0    MM
  MONTH TO DATE    0.0
  SINCE NOV 1     13.1
  SINCE JUL 1      0.0
  SNOW DEPTH       0

DEGREE DAYS
 HEATING
  TODAY            0

 COOLING
  TODAY            1
...............................................................


WIND (MPH)
  HIGHEST WIND SPEED    13   HIGHEST WIND DIRECTION     W (260)
  HIGHEST GUST SPEED    18   HIGHEST GUST DIRECTION     W (250)




RELATIVE HUMIDITY (PERCENT)
 HIGHEST    90
 LOWEST     44
 AVERAGE    67

..........................................................


THE WALLOPS ISLAND VA CLIMATE NORMALS FOR TOMORROW
                         NORMAL    RECORD    YEAR
 MAXIMUM TEMPERATURE (F)   66        79      2001
                                             1975
 MINIMUM TEMPERATURE (F)   48        30      1974


SUNRISE AND SUNSET
OCTOBER 21 2014.......SUNRISE   716 AM EDT   SUNSET   616 PM EDT
OCTOBER 22 2014.......SUNRISE   717 AM EDT   SUNSET   615 PM EDT


-  INDICATES NEGATIVE NUMBERS.
R  INDICATES RECORD WAS SET OR TIED.
MM INDICATES DATA IS MISSING.
T  INDICATES TRACE AMOUNT.




$$
