000
CDUS41 KAKQ 270545
CLIWAL


CLIMATE REPORT
NATIONAL WEATHER SERVICE WAKEFIELD, VA
145 AM EDT THU APR 27 2017


...................................

...THE WALLOPS ISLAND VA CLIMATE SUMMARY FOR APRIL 26 2017...

CLIMATE NORMAL PERIOD 1981 TO 2010
CLIMATE RECORD PERIOD 1963 TO 2017


WEATHER ITEM   OBSERVED TIME   RECORD YEAR NORMAL DEPARTURE
                VALUE   (LST)  VALUE       VALUE  FROM
                                                  NORMAL
...............................................................
TEMPERATURE (F)
 YESTERDAY
  MAXIMUM         67    539 PM  93    1990  66      1
  MINIMUM         56   1050 PM  38    2001  48      8
  AVERAGE         62                        57      5

PRECIPITATION (IN)
  YESTERDAY        0.04          2.13        0.09  -0.05
  MONTH TO DATE    2.22                      2.72  -0.50
  SINCE MAR 1      5.60                      6.72  -1.12
  SINCE JAN 1     11.80                     12.52  -0.72

SNOWFALL (IN)
  YESTERDAY        0.0           0.0    MM   0.0    0.0
  MONTH TO DATE    0.0                       0.1   -0.1
  SINCE NOV 1     10.1                       7.9    2.2
  SINCE JUL 1     10.1                       7.9    2.2

DEGREE DAYS
 HEATING
  YESTERDAY        3                               -6
  MONTH TO DATE  176                             -136
  SINCE MAR 1    790                             -141
  SINCE JUL 1   3366                             -645

 COOLING
  YESTERDAY        0                               -1
  MONTH TO DATE   22                               18
  SINCE MAR 1     24                               19
  SINCE JAN 1     24                               19
...............................................................


WIND (MPH)
  HIGHEST WIND SPEED    14   HIGHEST WIND DIRECTION    NW (300)
  HIGHEST GUST SPEED    22   HIGHEST GUST DIRECTION     W (280)
  AVERAGE WIND SPEED     6.9




RELATIVE HUMIDITY (PERCENT)
 HIGHEST   100
 LOWEST     78
 AVERAGE    89

..........................................................


THE WALLOPS ISLAND VA CLIMATE NORMALS FOR TODAY
                         NORMAL    RECORD    YEAR
 MAXIMUM TEMPERATURE (F)   66        89      2009
 MINIMUM TEMPERATURE (F)   48        37      2001


SUNRISE AND SUNSET
APRIL 27 2017.........SUNRISE   610 AM EDT   SUNSET   749 PM EDT
APRIL 28 2017.........SUNRISE   609 AM EDT   SUNSET   750 PM EDT


-  INDICATES NEGATIVE NUMBERS.
R  INDICATES RECORD WAS SET OR TIED.
MM INDICATES DATA IS MISSING.
T  INDICATES TRACE AMOUNT.




$$
