000
CDUS46 KLOX 250915
CLIWJF


CLIMATE REPORT
NATIONAL WEATHER SERVICE LOS ANGELES/OXNARD CA
215 AM PDT SAT MAR 25 2017


...................................

...THE LANCASTER FOX FIELD CA CLIMATE SUMMARY FOR MARCH 24 2017...

CLIMATE NORMAL PERIOD 1981 TO 2010
CLIMATE RECORD PERIOD 1948 TO 2017


WEATHER ITEM   OBSERVED TIME   RECORD YEAR NORMAL DEPARTURE
                VALUE   (LST)  VALUE       VALUE  FROM
                                                  NORMAL
...............................................................
TEMPERATURE (F)
 YESTERDAY
  MAXIMUM         75   1200 PM  86    1956  69      6
  MINIMUM         34    454 AM  27    2009  40     -6
  AVERAGE         55                        54      1

PRECIPITATION (IN)
  YESTERDAY        0.00          0.35 1994   0.03  -0.03
  MONTH TO DATE    0.17                      0.96  -0.79
  SINCE OCT 1      6.51                      6.37   0.14
  SINCE JAN 1      4.52                      4.24   0.28

SNOWFALL (IN)
  YESTERDAY        0.0           T    1983
  MONTH TO DATE    0.0
  SINCE MAR 1      0.0
  SINCE JUL 1      0.0
  SNOW DEPTH       0

DEGREE DAYS
 HEATING
  YESTERDAY       10                               -1
  MONTH TO DATE  219                              -77
  SINCE MAR 1    219                              -77
  SINCE JUL 1   2218                             -371

 COOLING
  YESTERDAY        0                                0
  MONTH TO DATE    4                                4
  SINCE MAR 1      4                                4
  SINCE JAN 1      4                                4
...............................................................


WIND (MPH)
  HIGHEST WIND SPEED    28   HIGHEST WIND DIRECTION     W (260)
  HIGHEST GUST SPEED    32   HIGHEST GUST DIRECTION     W (260)
  AVERAGE WIND SPEED     9.9




RELATIVE HUMIDITY (PERCENT)
 HIGHEST    70
 LOWEST     22
 AVERAGE    46

..........................................................


THE LANCASTER FOX FIELD CA CLIMATE NORMALS FOR TODAY
                         NORMAL    RECORD    YEAR
 MAXIMUM TEMPERATURE (F)   69        84      1988
 MINIMUM TEMPERATURE (F)   40        28      1987


SUNRISE AND SUNSET
MARCH 25 2017.........SUNRISE   649 AM PDT   SUNSET   709 PM PDT
MARCH 26 2017.........SUNRISE   648 AM PDT   SUNSET   710 PM PDT


-  INDICATES NEGATIVE NUMBERS.
R  INDICATES RECORD WAS SET OR TIED.
MM INDICATES DATA IS MISSING.
T  INDICATES TRACE AMOUNT.




$$
