000
CDUS46 KLOX 020907
CLIWJF


CLIMATE REPORT
NATIONAL WEATHER SERVICE LOS ANGELES/OXNARD CA
107 AM PST FRI DEC 2 2016


...................................

...THE LANCASTER FOX FIELD CA CLIMATE SUMMARY FOR DECEMBER 1 2016...

CLIMATE NORMAL PERIOD 1981 TO 2010
CLIMATE RECORD PERIOD 1948 TO 2016


WEATHER ITEM   OBSERVED TIME   RECORD YEAR NORMAL DEPARTURE
                VALUE   (LST)  VALUE       VALUE  FROM
                                                  NORMAL
...............................................................
TEMPERATURE (F)
 YESTERDAY
  MAXIMUM         57    323 PM  75    1995  61     -4
  MINIMUM         32    709 AM  15    2004  31      1
  AVERAGE         45                        46     -1

PRECIPITATION (IN)
  YESTERDAY        0.00          0.31 1967   0.02  -0.02
  MONTH TO DATE    0.00                      0.02  -0.02
  SINCE OCT 1      0.40                      1.00  -0.60
  SINCE JAN 1      2.93                      6.25  -3.32

SNOWFALL (IN)
  YESTERDAY        0.0           0.0    MM
  MONTH TO DATE    0.0
  SINCE DEC 1      0.0
  SINCE JUL 1      0.0
  SNOW DEPTH       0

DEGREE DAYS
 HEATING
  YESTERDAY       20                                1
  MONTH TO DATE   20                                1
  SINCE DEC 1     20                                1
  SINCE JUL 1    446                             -118

 COOLING
  YESTERDAY        0                                0
  MONTH TO DATE    0                                0
  SINCE DEC 1      0                                0
  SINCE JAN 1   2148                              266
...............................................................


WIND (MPH)
  HIGHEST WIND SPEED    18   HIGHEST WIND DIRECTION     W (290)
  HIGHEST GUST SPEED    23   HIGHEST GUST DIRECTION     W (290)
  AVERAGE WIND SPEED     5.8




RELATIVE HUMIDITY (PERCENT)
 HIGHEST    76
 LOWEST     22
 AVERAGE    49

..........................................................


THE LANCASTER FOX FIELD CA CLIMATE NORMALS FOR TODAY
                         NORMAL    RECORD    YEAR
 MAXIMUM TEMPERATURE (F)   60        76      1949
 MINIMUM TEMPERATURE (F)   31        17      2004


SUNRISE AND SUNSET
DECEMBER  2 2016......SUNRISE   643 AM PST   SUNSET   442 PM PST
DECEMBER  3 2016......SUNRISE   644 AM PST   SUNSET   442 PM PST


-  INDICATES NEGATIVE NUMBERS.
R  INDICATES RECORD WAS SET OR TIED.
MM INDICATES DATA IS MISSING.
T  INDICATES TRACE AMOUNT.




$$
