000
CDUS46 KLOX 010114
CLIWJF


CLIMATE REPORT
NATIONAL WEATHER SERVICE LOS ANGELES/OXNARD CA
614 PM PDT TUE JUN 30 2015


...................................

...THE LANCASTER CLIMATE SUMMARY FOR JUNE 30 2015...
VALID TODAY AS OF 0600 PM LOCAL TIME.

CLIMATE NORMAL PERIOD 1981 TO 2010
CLIMATE RECORD PERIOD 1948 TO 2015


WEATHER ITEM   OBSERVED TIME   RECORD YEAR NORMAL DEPARTURE LAST
                VALUE   (LST)  VALUE       VALUE  FROM      YEAR
                                                  NORMAL
..................................................................
TEMPERATURE (F)
 TODAY
  MAXIMUM        105    130 PM 115    2013  95     10      102
  MINIMUM         70    456 AM  45    1970  65      5       63
  AVERAGE         88                        80      8       83

PRECIPITATION (IN)
  TODAY            0.00          0.00   MM   0.00   0.00     0.00
  MONTH TO DATE    0.04                      0.05  -0.01     0.00
  SINCE OCT 1      4.65                      7.04  -2.39     3.91
  SINCE JAN 1      1.73                      4.91  -3.18     2.32

SNOWFALL (IN)
  TODAY            0.0           0.0    MM   0.0             0.0
  MONTH TO DATE    0.0                       0.0             0.0
  SINCE JUN 1      0.0                       0.0             0.0
  SINCE JUL 1      0.0                       2.3             0.0
  SNOW DEPTH      MM

DEGREE DAYS
 HEATING
  TODAY            0                         0      0        0
  MONTH TO DATE    2                         6     -4        0
  SINCE JUN 1      2                         8     -6        0
  SINCE JUL 1   2378                      2937   -559     2733

 COOLING
  TODAY           23                        15      8       18
  MONTH TO DATE  475                       341    134      400
  SINCE JUN 1    475                       341    134      400
  SINCE JAN 1    573                       530     43      600
..................................................................


WIND (MPH)
  HIGHEST WIND SPEED    37   HIGHEST WIND DIRECTION    SW (230)
  HIGHEST GUST SPEED    47   HIGHEST GUST DIRECTION    SW (240)
  AVERAGE WIND SPEED     8.9


SKY COVER
  POSSIBLE SUNSHINE  MM
  AVERAGE SKY COVER 0.0


WEATHER CONDITIONS
 THE FOLLOWING WEATHER WAS RECORDED TODAY.
  HAZE


RELATIVE HUMIDITY (PERCENT)
 HIGHEST    37           500 AM
 LOWEST     17          1200 PM
 AVERAGE    27

..........................................................


THE LANCASTER CLIMATE NORMALS FOR TOMORROW
                         NORMAL    RECORD    YEAR
 MAXIMUM TEMPERATURE (F)   95       109      1950
 MINIMUM TEMPERATURE (F)   65        51      1969


SUNRISE AND SUNSET
JUNE 30 2015..........SUNRISE   543 AM PDT   SUNSET   810 PM PDT
JULY  1 2015..........SUNRISE   543 AM PDT   SUNSET   810 PM PDT


-  INDICATES NEGATIVE NUMBERS.
R  INDICATES RECORD WAS SET OR TIED.
MM INDICATES DATA IS MISSING.
T  INDICATES TRACE AMOUNT.




$$
