000
CDUS46 KLOX 280909
CLIWJF


CLIMATE REPORT
NATIONAL WEATHER SERVICE LOS ANGELES/OXNARD CA
209 AM PDT FRI APR 28 2017


...................................

...THE LANCASTER FOX FIELD CA CLIMATE SUMMARY FOR APRIL 27 2017...

CLIMATE NORMAL PERIOD 1981 TO 2010
CLIMATE RECORD PERIOD 1948 TO 2017


WEATHER ITEM   OBSERVED TIME   RECORD YEAR NORMAL DEPARTURE
                VALUE   (LST)  VALUE       VALUE  FROM
                                                  NORMAL
...............................................................
TEMPERATURE (F)
 YESTERDAY
  MAXIMUM         70    335 PM  95    2004  76     -6
  MINIMUM         58    616 AM  32    1971  48     10
  AVERAGE         64                        62      2

PRECIPITATION (IN)
  YESTERDAY        0.00          0.16 1960   0.01  -0.01
  MONTH TO DATE    T                         0.33  -0.33
  SINCE OCT 1      6.51                      6.88  -0.37
  SINCE JAN 1      4.52                      4.75  -0.23

SNOWFALL (IN)
  YESTERDAY        0.0           0.0    MM
  MONTH TO DATE    0.0
  SINCE MAR 1      0.0
  SINCE JUL 1      0.0
  SNOW DEPTH       0

DEGREE DAYS
 HEATING
  YESTERDAY        1                               -3
  MONTH TO DATE  119                              -76
  SINCE MAR 1    400                             -163
  SINCE JUL 1   2399                             -457

 COOLING
  YESTERDAY        0                               -2
  MONTH TO DATE    6                              -15
  SINCE MAR 1     10                              -13
  SINCE JAN 1     10                              -13
...............................................................


WIND (MPH)
  HIGHEST WIND SPEED    44   HIGHEST WIND DIRECTION     W (280)
  HIGHEST GUST SPEED    54   HIGHEST GUST DIRECTION     W (280)
  AVERAGE WIND SPEED    23.3




RELATIVE HUMIDITY (PERCENT)
 HIGHEST    67
 LOWEST     27
 AVERAGE    47

..........................................................


THE LANCASTER FOX FIELD CA CLIMATE NORMALS FOR TODAY
                         NORMAL    RECORD    YEAR
 MAXIMUM TEMPERATURE (F)   77        96      2013
                                             2007
 MINIMUM TEMPERATURE (F)   49        31      1955


SUNRISE AND SUNSET
APRIL 28 2017.........SUNRISE   605 AM PDT   SUNSET   736 PM PDT
APRIL 29 2017.........SUNRISE   604 AM PDT   SUNSET   737 PM PDT


-  INDICATES NEGATIVE NUMBERS.
R  INDICATES RECORD WAS SET OR TIED.
MM INDICATES DATA IS MISSING.
T  INDICATES TRACE AMOUNT.




$$
