000
CDUS46 KLOX 030111
CLIWJF


CLIMATE REPORT
NATIONAL WEATHER SERVICE LOS ANGELES/OXNARD CA
511 PM PST MON MAR 2 2015


...................................

...THE LANCASTER CLIMATE SUMMARY FOR MARCH 2 2015...
VALID TODAY AS OF 0500 PM LOCAL TIME.

CLIMATE NORMAL PERIOD 1981 TO 2010
CLIMATE RECORD PERIOD 1948 TO 2015


WEATHER ITEM   OBSERVED TIME   RECORD YEAR NORMAL DEPARTURE LAST
                VALUE   (LST)  VALUE       VALUE  FROM      YEAR
                                                  NORMAL
..................................................................
TEMPERATURE (F)
 TODAY
  MAXIMUM         55    140 PM  79    1999  65    -10       56
  MINIMUM         36    550 AM  18    1971  38     -2       39
  AVERAGE         46                        51     -5       48

PRECIPITATION (IN)
  TODAY            T             1.59 1983   0.05  -0.05     0.00
  MONTH TO DATE    0.04                      0.10  -0.06     0.22
  SINCE OCT 1      4.32                      5.51  -1.19     3.68
  SINCE JAN 1      1.40                      3.38  -1.98     2.09

SNOWFALL (IN)
  TODAY           MM             T    1985   0.0            MM
  MONTH TO DATE   MM                         0.0            MM
  SINCE MAR 1     MM                         0.0            MM
  SINCE JUL 1      0.0                       2.3             0.0
  SNOW DEPTH       0

DEGREE DAYS
 HEATING
  TODAY           19                        14      5       17
  MONTH TO DATE   37                        28      9       32
  SINCE MAR 1     37                        28      9       32
  SINCE JUL 1   1906                      2321   -415     2269

 COOLING
  TODAY            0                         0      0        0
  MONTH TO DATE    0                         0      0        0
  SINCE MAR 1      0                         0      0        0
  SINCE JAN 1      0                         0      0        6
..................................................................


WIND (MPH)
  HIGHEST WIND SPEED    28   HIGHEST WIND DIRECTION    SW (240)
  HIGHEST GUST SPEED    32   HIGHEST GUST DIRECTION    SW (240)
  AVERAGE WIND SPEED    13.3


SKY COVER
  POSSIBLE SUNSHINE  MM
  AVERAGE SKY COVER 0.3


WEATHER CONDITIONS
 THE FOLLOWING WEATHER WAS RECORDED TODAY.
  LIGHT RAIN


RELATIVE HUMIDITY (PERCENT)
 HIGHEST    85           400 AM
 LOWEST     46           100 PM
 AVERAGE    66

..........................................................


THE LANCASTER CLIMATE NORMALS FOR TOMORROW
                         NORMAL    RECORD    YEAR
 MAXIMUM TEMPERATURE (F)   65        79      1959
 MINIMUM TEMPERATURE (F)   38        18      2002


SUNRISE AND SUNSET
MARCH  2 2015.........SUNRISE   621 AM PST   SUNSET   549 PM PST
MARCH  3 2015.........SUNRISE   620 AM PST   SUNSET   550 PM PST


-  INDICATES NEGATIVE NUMBERS.
R  INDICATES RECORD WAS SET OR TIED.
MM INDICATES DATA IS MISSING.
T  INDICATES TRACE AMOUNT.




$$
