000
CDUS46 KLOX 240929
CLIWJF


CLIMATE REPORT
NATIONAL WEATHER SERVICE LOS ANGELES/OXNARD CA
129 AM PST FRI NOV 24 2017


...................................

...THE LANCASTER FOX FIELD CA CLIMATE SUMMARY FOR NOVEMBER 23 2017...

CLIMATE NORMAL PERIOD 1981 TO 2010
CLIMATE RECORD PERIOD 1948 TO 2017


WEATHER ITEM   OBSERVED TIME   RECORD YEAR NORMAL DEPARTURE
                VALUE   (LST)  VALUE       VALUE  FROM
                                                  NORMAL
...............................................................
TEMPERATURE (F)
 YESTERDAY
  MAXIMUM         82R   258 PM  82    2017  64     18
  MINIMUM         38    626 AM  13    1958  33      5
  AVERAGE         60                        48     12

PRECIPITATION (IN)
  YESTERDAY        0.00          0.50 1965   0.02  -0.02
  MONTH TO DATE    0.02                      0.39  -0.37
  SINCE OCT 1      0.02                      0.83  -0.81
  SINCE JAN 1      4.64                      6.08  -1.44

SNOWFALL (IN)
  YESTERDAY        0.0           0.0    MM
  MONTH TO DATE    0.0
  SINCE SEP 1      0.0
  SINCE JUL 1      0.0
  SNOW DEPTH       0

DEGREE DAYS
 HEATING
  YESTERDAY        5                              -12
  MONTH TO DATE  176                             -108
  SINCE SEP 1    284                             -136
  SINCE JUL 1    284                             -136

 COOLING
  YESTERDAY        0                                0
  MONTH TO DATE    0                                0
  SINCE SEP 1    310                              -12
  SINCE JAN 1   2214                              333
...............................................................


WIND (MPH)
  HIGHEST WIND SPEED     7   HIGHEST WIND DIRECTION     E (110)
  HIGHEST GUST SPEED    14   HIGHEST GUST DIRECTION    NW (330)
  AVERAGE WIND SPEED     1.9




RELATIVE HUMIDITY (PERCENT)
 HIGHEST    60
 LOWEST     17
 AVERAGE    39

..........................................................


THE LANCASTER FOX FIELD CA CLIMATE NORMALS FOR TODAY
                         NORMAL    RECORD    YEAR
 MAXIMUM TEMPERATURE (F)   63        81      1949
 MINIMUM TEMPERATURE (F)   33        20      2003


SUNRISE AND SUNSET
NOVEMBER 24 2017......SUNRISE   636 AM PST   SUNSET   443 PM PST
NOVEMBER 25 2017......SUNRISE   637 AM PST   SUNSET   443 PM PST


-  INDICATES NEGATIVE NUMBERS.
R  INDICATES RECORD WAS SET OR TIED.
MM INDICATES DATA IS MISSING.
T  INDICATES TRACE AMOUNT.




$$
