000
CDUS46 KLOX 250113
CLIWJF


CLIMATE REPORT
NATIONAL WEATHER SERVICE LOS ANGELES/OXNARD CA
513 PM PST SAT JAN 24 2015


...................................

...THE LANCASTER CLIMATE SUMMARY FOR JANUARY 24 2015...
VALID TODAY AS OF 0500 PM LOCAL TIME.

CLIMATE NORMAL PERIOD 1981 TO 2010
CLIMATE RECORD PERIOD 1948 TO 2015


WEATHER ITEM   OBSERVED TIME   RECORD YEAR NORMAL DEPARTURE LAST
                VALUE   (LST)  VALUE       VALUE  FROM      YEAR
                                                  NORMAL
..................................................................
TEMPERATURE (F)
 TODAY
  MAXIMUM         67    228 PM  73    1975  59      8       62
  MINIMUM         27    418 AM  18    2002  32     -5       34
  AVERAGE         47                        46      1       48

PRECIPITATION (IN)
  TODAY            0.00          0.54 2008   0.05  -0.05     0.00
  MONTH TO DATE    0.85                      1.15  -0.30     0.00
  SINCE OCT 1      3.77                      3.28   0.49     1.59
  SINCE JAN 1      0.85                      1.15  -0.30     0.00

SNOWFALL (IN)
  TODAY            0.0           0.0    MM   0.0             0.0
  MONTH TO DATE    0.0                       0.3             0.0
  SINCE DEC 1      0.0                       1.6             0.0
  SINCE JUL 1      0.0                       1.6             0.0
  SNOW DEPTH       0

DEGREE DAYS
 HEATING
  TODAY           18                        19     -1       17
  MONTH TO DATE  485                       490     -5      445
  SINCE DEC 1   1051                      1147    -96     1150
  SINCE JUL 1   1448                      1692   -244     1801

 COOLING
  TODAY            0                         0      0        0
  MONTH TO DATE    0                         0      0        0
  SINCE DEC 1      0                         0      0        0
  SINCE JAN 1      0                         0      0        0
..................................................................


WIND (MPH)
  HIGHEST WIND SPEED    29   HIGHEST WIND DIRECTION     E (70)
  HIGHEST GUST SPEED    37   HIGHEST GUST DIRECTION     E (80)
  AVERAGE WIND SPEED    10.6


SKY COVER
  POSSIBLE SUNSHINE  MM
  AVERAGE SKY COVER 0.0


WEATHER CONDITIONS
 THE FOLLOWING WEATHER WAS RECORDED TODAY.
  HAZE


RELATIVE HUMIDITY (PERCENT)
 HIGHEST    85           700 AM
 LOWEST     18           100 PM
 AVERAGE    52

..........................................................


THE LANCASTER CLIMATE NORMALS FOR TOMORROW
                         NORMAL    RECORD    YEAR
 MAXIMUM TEMPERATURE (F)   59        76      1975
 MINIMUM TEMPERATURE (F)   32        18      2002


SUNRISE AND SUNSET
JANUARY 24 2015.......SUNRISE   656 AM PST   SUNSET   514 PM PST
JANUARY 25 2015.......SUNRISE   656 AM PST   SUNSET   515 PM PST


-  INDICATES NEGATIVE NUMBERS.
R  INDICATES RECORD WAS SET OR TIED.
MM INDICATES DATA IS MISSING.
T  INDICATES TRACE AMOUNT.




$$
