556
CDUS46 KLOX 230859
CLIWJF


CLIMATE REPORT
NATIONAL WEATHER SERVICE LOS ANGELES/OXNARD CA
1259 AM PST FRI FEB 23 2018


...................................

...THE LANCASTER FOX FIELD CA CLIMATE SUMMARY FOR FEBRUARY 22 2018...

CLIMATE NORMAL PERIOD 1981 TO 2010
CLIMATE RECORD PERIOD 1948 TO 2018


WEATHER ITEM   OBSERVED TIME   RECORD YEAR NORMAL DEPARTURE
                VALUE   (LST)  VALUE       VALUE  FROM
                                                  NORMAL
...............................................................
TEMPERATURE (F)
 YESTERDAY
  MAXIMUM         53    240 PM  76    2012  63    -10
                                      2002
  MINIMUM         31    709 AM  14    1953  36     -5
  AVERAGE         42                        50     -8

PRECIPITATION (IN)
  YESTERDAY        0.00          0.39 2015   0.06  -0.06
  MONTH TO DATE    0.01                      1.43  -1.42
  SINCE OCT 1      0.98                      5.06  -4.08
  SINCE JAN 1      0.96                      2.93  -1.97

SNOWFALL (IN)
  YESTERDAY        0.0           0.5  1969
  MONTH TO DATE    0.0
  SINCE DEC 1      0.0
  SINCE JUL 1      0.0
  SNOW DEPTH       0

DEGREE DAYS
 HEATING
  YESTERDAY       23                                8
  MONTH TO DATE  350                              -29
  SINCE DEC 1   1474                             -185
  SINCE JUL 1   1836                             -368

 COOLING
  YESTERDAY        0                                0
  MONTH TO DATE    0                                0
  SINCE DEC 1      0                                0
  SINCE JAN 1      0                                0
...............................................................


WIND (MPH)
  HIGHEST WIND SPEED    25   HIGHEST WIND DIRECTION    SW (220)
  HIGHEST GUST SPEED    33   HIGHEST GUST DIRECTION    SW (240)
  AVERAGE WIND SPEED    14.5




RELATIVE HUMIDITY (PERCENT)
 HIGHEST    67
 LOWEST     35
 AVERAGE    51

..........................................................


THE LANCASTER FOX FIELD CA CLIMATE NORMALS FOR TODAY
                         NORMAL    RECORD    YEAR
 MAXIMUM TEMPERATURE (F)   63        79      1989
 MINIMUM TEMPERATURE (F)   36        18      1984


SUNRISE AND SUNSET
FEBRUARY 23 2018......SUNRISE   629 AM PST   SUNSET   543 PM PST
FEBRUARY 24 2018......SUNRISE   628 AM PST   SUNSET   544 PM PST


-  INDICATES NEGATIVE NUMBERS.
R  INDICATES RECORD WAS SET OR TIED.
MM INDICATES DATA IS MISSING.
T  INDICATES TRACE AMOUNT.




$$
