034
CDUS46 KLOX 260917
CLIWJF


CLIMATE REPORT
NATIONAL WEATHER SERVICE LOS ANGELES/OXNARD CA
217 AM PDT MON JUN 26 2017


...................................

...THE LANCASTER FOX FIELD CA CLIMATE SUMMARY FOR JUNE 25 2017...

CLIMATE NORMAL PERIOD 1981 TO 2010
CLIMATE RECORD PERIOD 1948 TO 2017


WEATHER ITEM   OBSERVED TIME   RECORD YEAR NORMAL DEPARTURE
                VALUE   (LST)  VALUE       VALUE  FROM
                                                  NORMAL
...............................................................
TEMPERATURE (F)
 YESTERDAY
  MAXIMUM        108R   108 PM 106    2006  94     14
                                      1957
  MINIMUM         75   1159 PM  49    1950  64     11
  AVERAGE         92                        79     13

PRECIPITATION (IN)
  YESTERDAY        0.00          0.00   MM   0.00   0.00
  MONTH TO DATE    0.00                      0.04  -0.04
  SINCE OCT 1      6.51                      7.03  -0.52
  SINCE JAN 1      4.52                      4.90  -0.38

SNOWFALL (IN)
  YESTERDAY        0.0           0.0    MM
  MONTH TO DATE    0.0
  SINCE JUN 1      0.0
  SINCE JUL 1      0.0
  SNOW DEPTH       0

DEGREE DAYS
 HEATING
  YESTERDAY        0                                0
  MONTH TO DATE    9                                3
  SINCE JUN 1      9                                3
  SINCE JUL 1   2492                             -443

 COOLING
  YESTERDAY       27                               13
  MONTH TO DATE  376                              108
  SINCE JUN 1    376                              108
  SINCE JAN 1    537                               80
...............................................................


WIND (MPH)
  HIGHEST WIND SPEED    28   HIGHEST WIND DIRECTION    NW (310)
  HIGHEST GUST SPEED    37   HIGHEST GUST DIRECTION    NW (310)
  AVERAGE WIND SPEED    12.7




RELATIVE HUMIDITY (PERCENT)
 HIGHEST    26
 LOWEST      6
 AVERAGE    16

..........................................................


THE LANCASTER FOX FIELD CA CLIMATE NORMALS FOR TODAY
                         NORMAL    RECORD    YEAR
 MAXIMUM TEMPERATURE (F)   94       107      2016
 MINIMUM TEMPERATURE (F)   64        43      1965


SUNRISE AND SUNSET
JUNE 26 2017..........SUNRISE   542 AM PDT   SUNSET   810 PM PDT
JUNE 27 2017..........SUNRISE   542 AM PDT   SUNSET   810 PM PDT


-  INDICATES NEGATIVE NUMBERS.
R  INDICATES RECORD WAS SET OR TIED.
MM INDICATES DATA IS MISSING.
T  INDICATES TRACE AMOUNT.




$$
