000
CDUS46 KLOX 290114
CLIWJF


CLIMATE REPORT
NATIONAL WEATHER SERVICE LOS ANGELES/OXNARD CA
614 PM PDT SAT MAY 28 2016


...................................

...THE LANCASTER CLIMATE SUMMARY FOR MAY 28 2016...
VALID TODAY AS OF 0600 PM LOCAL TIME.

CLIMATE NORMAL PERIOD 1981 TO 2010
CLIMATE RECORD PERIOD 1948 TO 2016


WEATHER ITEM   OBSERVED TIME   RECORD YEAR NORMAL DEPARTURE LAST
                VALUE   (LST)  VALUE       VALUE  FROM      YEAR
                                                  NORMAL
..................................................................
TEMPERATURE (F)
 TODAY
  MAXIMUM         87    211 PM 106    2003  86      1       92
  MINIMUM         58    508 AM  42    1953  57      1       57
  AVERAGE         73                        71      2       75

PRECIPITATION (IN)
  TODAY            0.00          0.25 1971   0.00   0.00     0.00
  MONTH TO DATE    0.00                      0.08  -0.08     0.28
  SINCE OCT 1      3.82                      6.98  -3.16     4.61
  SINCE JAN 1      2.53                      4.85  -2.32     1.69

SNOWFALL (IN)
  TODAY            0.0           0.0    MM   0.0             0.0
  MONTH TO DATE    0.0                       0.0             0.0
  SINCE MAR 1      0.0                       0.0             0.0
  SINCE JUL 1      0.0                       2.3             0.0
  SNOW DEPTH       0

DEGREE DAYS
 HEATING
  TODAY            0                         1     -1        0
  MONTH TO DATE   51                        57     -6      105
  SINCE MAR 1    421                       632   -211      507
  SINCE JUL 1   2672                      2925   -253     2376

 COOLING
  TODAY            8                         7      1       10
  MONTH TO DATE   94                       135    -41       40
  SINCE MAR 1    115                       165    -50       68
  SINCE JAN 1    118                       165    -47       68
..................................................................


WIND (MPH)
  HIGHEST WIND SPEED    25   HIGHEST WIND DIRECTION    SW (240)
  HIGHEST GUST SPEED    32   HIGHEST GUST DIRECTION    SW (230)
  AVERAGE WIND SPEED     7.7


SKY COVER
  POSSIBLE SUNSHINE  MM
  AVERAGE SKY COVER 0.0


WEATHER CONDITIONS
 THE FOLLOWING WEATHER WAS RECORDED TODAY.
  NO SIGNIFICANT WEATHER WAS OBSERVED.


RELATIVE HUMIDITY (PERCENT)
 HIGHEST    49           500 AM
 LOWEST     16          1200 PM
 AVERAGE    33

..........................................................


THE LANCASTER CLIMATE NORMALS FOR TOMORROW
                         NORMAL    RECORD    YEAR
 MAXIMUM TEMPERATURE (F)   86       101      1984
 MINIMUM TEMPERATURE (F)   57        39      2010


SUNRISE AND SUNSET
MAY 28 2016...........SUNRISE   542 AM PDT   SUNSET   759 PM PDT
MAY 29 2016...........SUNRISE   542 AM PDT   SUNSET   759 PM PDT


-  INDICATES NEGATIVE NUMBERS.
R  INDICATES RECORD WAS SET OR TIED.
MM INDICATES DATA IS MISSING.
T  INDICATES TRACE AMOUNT.




$$
