390
CDUS46 KLOX 210117
CLIWJF


CLIMATE REPORT
NATIONAL WEATHER SERVICE LOS ANGELES/OXNARD CA
517 PM PST FRI JAN 20 2017


...................................

...THE LANCASTER CLIMATE SUMMARY FOR JANUARY 20 2017...
VALID TODAY AS OF 0500 PM LOCAL TIME.

CLIMATE NORMAL PERIOD 1981 TO 2010
CLIMATE RECORD PERIOD 1948 TO 2017


WEATHER ITEM   OBSERVED TIME   RECORD YEAR NORMAL DEPARTURE LAST
                VALUE   (LST)  VALUE       VALUE  FROM      YEAR
                                                  NORMAL
..................................................................
TEMPERATURE (F)
 TODAY
  MAXIMUM         51    156 PM  80    1971  59     -8       66
  MINIMUM         43    454 AM  12    1963  31     12       36
  AVERAGE         47                        45      2       51

PRECIPITATION (IN)
  TODAY            0.49          0.90 2010   0.05   0.44     0.00
  MONTH TO DATE    1.78                      0.97   0.81     1.39
  SINCE OCT 1      3.77                      3.10   0.67     2.68
  SINCE JAN 1      1.78                      0.97   0.81     1.39

SNOWFALL (IN)
  TODAY           MM             0.0    MM   0.0             0.0
  MONTH TO DATE    0.0                       0.2             0.0
  SINCE DEC 1      0.0                       1.5             0.0
  SINCE JUL 1      0.0                       1.5             0.0
  SNOW DEPTH       0

DEGREE DAYS
 HEATING
  TODAY           18                        20     -2       14
  MONTH TO DATE  371                       411    -40      410
  SINCE DEC 1    949                      1068   -119     1105
  SINCE JUL 1   1375                      1613   -238     1685

 COOLING
  TODAY            0                         0      0        0
  MONTH TO DATE    0                         0      0        0
  SINCE DEC 1      0                         0      0        0
  SINCE JAN 1      0                         0      0        0
..................................................................


WIND (MPH)
  HIGHEST WIND SPEED    30   HIGHEST WIND DIRECTION    SW (240)
  HIGHEST GUST SPEED    37   HIGHEST GUST DIRECTION     S (190)
  AVERAGE WIND SPEED    15.7


SKY COVER
  POSSIBLE SUNSHINE  MM
  AVERAGE SKY COVER 0.9


WEATHER CONDITIONS
 THE FOLLOWING WEATHER WAS RECORDED TODAY.
  HEAVY RAIN
  RAIN
  LIGHT RAIN
  FOG


RELATIVE HUMIDITY (PERCENT)
 HIGHEST    89           400 AM
 LOWEST     76          1200 AM
 AVERAGE    83

..........................................................


THE LANCASTER CLIMATE NORMALS FOR TOMORROW
                         NORMAL    RECORD    YEAR
 MAXIMUM TEMPERATURE (F)   59        75      1950
 MINIMUM TEMPERATURE (F)   32        14      1987


SUNRISE AND SUNSET
JANUARY 20 2017.......SUNRISE   658 AM PST   SUNSET   510 PM PST
JANUARY 21 2017.......SUNRISE   658 AM PST   SUNSET   511 PM PST


-  INDICATES NEGATIVE NUMBERS.
R  INDICATES RECORD WAS SET OR TIED.
MM INDICATES DATA IS MISSING.
T  INDICATES TRACE AMOUNT.




$$
