000
CDUS46 KLOX 100904
CLIWJF


CLIMATE REPORT
NATIONAL WEATHER SERVICE LOS ANGELES/OXNARD CA
104 AM PST WED FEB 10 2016


...................................

...THE LANCASTER FOX FIELD CA CLIMATE SUMMARY FOR FEBRUARY 9 2016...

CLIMATE NORMAL PERIOD 1981 TO 2010
CLIMATE RECORD PERIOD 1948 TO 2016


WEATHER ITEM   OBSERVED TIME   RECORD YEAR NORMAL DEPARTURE
                VALUE   (LST)  VALUE       VALUE  FROM
                                                  NORMAL
...............................................................
TEMPERATURE (F)
 YESTERDAY
  MAXIMUM         75    417 PM  80    1951  61     14
  MINIMUM         32    706 AM  18    2003  34     -2
  AVERAGE         54                        47      7

PRECIPITATION (IN)
  YESTERDAY        0.00          1.22 1978   0.06  -0.06
  MONTH TO DATE    T                         0.55  -0.55
  SINCE OCT 1      3.02                      4.18  -1.16
  SINCE JAN 1      1.73                      2.05  -0.32

SNOWFALL (IN)
  YESTERDAY        0.0           6.0  1989
  MONTH TO DATE    0.0
  SINCE DEC 1      0.0
  SINCE JUL 1      0.0
  SNOW DEPTH       0

DEGREE DAYS
 HEATING
  YESTERDAY       11                               -7
  MONTH TO DATE  183                               19
  SINCE DEC 1   1463                               19
  SINCE JUL 1   2043                               54

 COOLING
  YESTERDAY        0                                0
  MONTH TO DATE    0                                0
  SINCE DEC 1      0                                0
  SINCE JAN 1      0                                0
...............................................................


WIND (MPH)
  HIGHEST WIND SPEED    14   HIGHEST WIND DIRECTION    NE (50)
  HIGHEST GUST SPEED    17   HIGHEST GUST DIRECTION    NE (40)
  AVERAGE WIND SPEED     4.2




RELATIVE HUMIDITY (PERCENT)
 HIGHEST    72
 LOWEST     14
 AVERAGE    43

..........................................................


THE LANCASTER FOX FIELD CA CLIMATE NORMALS FOR TODAY
                         NORMAL    RECORD    YEAR
 MAXIMUM TEMPERATURE (F)   61        78      1961
 MINIMUM TEMPERATURE (F)   34        20      2011
                                             1986


SUNRISE AND SUNSET
FEBRUARY 10 2016......SUNRISE   644 AM PST   SUNSET   531 PM PST
FEBRUARY 11 2016......SUNRISE   643 AM PST   SUNSET   532 PM PST


-  INDICATES NEGATIVE NUMBERS.
R  INDICATES RECORD WAS SET OR TIED.
MM INDICATES DATA IS MISSING.
T  INDICATES TRACE AMOUNT.




$$
