000
CDUS46 KLOX 020903
CLIWJF


CLIMATE REPORT
NATIONAL WEATHER SERVICE LOS ANGELES/OXNARD CA
203 AM PDT WED SEP 2 2015


...................................

...THE LANCASTER FOX FIELD CA CLIMATE SUMMARY FOR SEPTEMBER 1 2015...

CLIMATE NORMAL PERIOD 1981 TO 2010
CLIMATE RECORD PERIOD 1948 TO 2015


WEATHER ITEM   OBSERVED TIME   RECORD YEAR NORMAL DEPARTURE
                VALUE   (LST)  VALUE       VALUE  FROM
                                                  NORMAL
...............................................................
TEMPERATURE (F)
 YESTERDAY
  MAXIMUM         92    259 PM 110    1950  95     -3
  MINIMUM         62    541 AM  46    1957  61      1
  AVERAGE         77                        78     -1

PRECIPITATION (IN)
  YESTERDAY        0.00          0.16 1967   0.00   0.00
  MONTH TO DATE    0.00                      0.00   0.00
  SINCE OCT 1      6.99                      7.23  -0.24
  SINCE JAN 1      4.07                      5.10  -1.03

SNOWFALL (IN)
  YESTERDAY        0.0           0.0    MM
  MONTH TO DATE    0.0
  SINCE SEP 1      0.0
  SINCE JUL 1      0.0
  SNOW DEPTH       0

DEGREE DAYS
 HEATING
  YESTERDAY        0                                0
  MONTH TO DATE    0                                0
  SINCE SEP 1      0                                0
  SINCE JUL 1      0                                0

 COOLING
  YESTERDAY       12                               -1
  MONTH TO DATE   12                               -1
  SINCE SEP 1     12                               -1
  SINCE JAN 1   1605                               33
...............................................................


WIND (MPH)
  HIGHEST WIND SPEED    23   HIGHEST WIND DIRECTION    SW (230)
  HIGHEST GUST SPEED    28   HIGHEST GUST DIRECTION     W (250)
  AVERAGE WIND SPEED    11.8




RELATIVE HUMIDITY (PERCENT)
 HIGHEST    44
 LOWEST     15
 AVERAGE    30

..........................................................


THE LANCASTER FOX FIELD CA CLIMATE NORMALS FOR TODAY
                         NORMAL    RECORD    YEAR
 MAXIMUM TEMPERATURE (F)   95       112      1950
 MINIMUM TEMPERATURE (F)   61        45      1964


SUNRISE AND SUNSET
SEPTEMBER  2 2015.....SUNRISE   626 AM PDT   SUNSET   718 PM PDT
SEPTEMBER  3 2015.....SUNRISE   627 AM PDT   SUNSET   717 PM PDT


-  INDICATES NEGATIVE NUMBERS.
R  INDICATES RECORD WAS SET OR TIED.
MM INDICATES DATA IS MISSING.
T  INDICATES TRACE AMOUNT.




$$
