299
CDUS46 KLOX 270909
CLIWJF


CLIMATE REPORT
NATIONAL WEATHER SERVICE LOS ANGELES/OXNARD CA
209 AM PDT WED JUL 27 2016


...................................

...THE LANCASTER FOX FIELD CA CLIMATE SUMMARY FOR JULY 26 2016...

CLIMATE NORMAL PERIOD 1981 TO 2010
CLIMATE RECORD PERIOD 1948 TO 2016


WEATHER ITEM   OBSERVED TIME   RECORD YEAR NORMAL DEPARTURE
                VALUE   (LST)  VALUE       VALUE  FROM
                                                  NORMAL
...............................................................
TEMPERATURE (F)
 YESTERDAY
  MAXIMUM        108    118 PM 109    1975  99      9
  MINIMUM         78    541 AM  53    1987  67     11
  AVERAGE         93                        83     10

PRECIPITATION (IN)
  YESTERDAY        0.00          T    2003   0.00   0.00
                                      2003
                                      2013
  MONTH TO DATE    0.00                      0.08  -0.08
  SINCE OCT 1      3.82                      7.12  -3.30
  SINCE JAN 1      2.53                      4.99  -2.46

SNOWFALL (IN)
  YESTERDAY        0.0           0.0    MM
  MONTH TO DATE    0.0
  SINCE JUN 1      0.0
  SINCE JUL 1      0.0
  SNOW DEPTH       0

DEGREE DAYS
 HEATING
  YESTERDAY        0                                0
  MONTH TO DATE    0                                0
  SINCE JUN 1      0                               -8
  SINCE JUL 1      0                                0

 COOLING
  YESTERDAY       28                               10
  MONTH TO DATE  483                               35
  SINCE JUN 1   1017                              228
  SINCE JAN 1   1185                              207
...............................................................


WIND (MPH)
  HIGHEST WIND SPEED    25   HIGHEST WIND DIRECTION     W (250)
  HIGHEST GUST SPEED    30   HIGHEST GUST DIRECTION     W (250)
  AVERAGE WIND SPEED    10.0




RELATIVE HUMIDITY (PERCENT)
 HIGHEST    24
 LOWEST      9
 AVERAGE    17

..........................................................


THE LANCASTER FOX FIELD CA CLIMATE NORMALS FOR TODAY
                         NORMAL    RECORD    YEAR
 MAXIMUM TEMPERATURE (F)   99       107      1980
 MINIMUM TEMPERATURE (F)   67        49      1957


SUNRISE AND SUNSET
JULY 27 2016..........SUNRISE   600 AM PDT   SUNSET   759 PM PDT
JULY 28 2016..........SUNRISE   600 AM PDT   SUNSET   758 PM PDT


-  INDICATES NEGATIVE NUMBERS.
R  INDICATES RECORD WAS SET OR TIED.
MM INDICATES DATA IS MISSING.
T  INDICATES TRACE AMOUNT.




$$
