000
CDUS45 KLKN 280038
CLIWMC


CLIMATE REPORT
NATIONAL WEATHER SERVICE ELKO NV
538 PM PDT THU JUL 27 2017


...................................

...THE WINNEMUCCA AIRPORT NV CLIMATE SUMMARY FOR JULY 27 2017...
VALID TODAY AS OF 0500 PM LOCAL TIME.

CLIMATE NORMAL PERIOD 1981 TO 2010
CLIMATE RECORD PERIOD 1877 TO 2017


WEATHER ITEM   OBSERVED TIME   RECORD YEAR NORMAL DEPARTURE LAST
                VALUE   (LST)  VALUE       VALUE  FROM      YEAR
                                                  NORMAL
..................................................................
TEMPERATURE (F)
 TODAY
  MAXIMUM         92    359 PM 106    1975  95     -3      103
  MINIMUM         56    459 AM  38    1909  52      4       50
  AVERAGE         74                        74      0       77

PRECIPITATION (IN)
  TODAY            T             0.16 1941   0.01  -0.01     0.00
  MONTH TO DATE    0.06                      0.21  -0.15      T
  SINCE OCT 1     11.06                      7.62   3.44     8.86
  SINCE JAN 1      6.52                      5.14   1.38     4.58

SNOWFALL (IN)
  TODAY            0.0           0.0  1877   0.0    0.0      0.0
  MONTH TO DATE    0.0                       0.0    0.0      0.0
  SINCE JUN 1      0.0                       T      0.0      0.0
  SINCE JUL 1      0.0                       0.0    0.0      0.0
  SNOW DEPTH       0

DEGREE DAYS
 HEATING
  TODAY            0                         0      0        0
  MONTH TO DATE    0                         6     -6       17
  SINCE JUN 1     73                       111    -38       71
  SINCE JUL 1      0                         6     -6       17

 COOLING
  TODAY            9                         9      0       12
  MONTH TO DATE  317                       211    106      165
  SINCE JUN 1    457                       290    167      298
  SINCE JAN 1    464                       301    163      298
..................................................................


WIND (MPH)
  HIGHEST WIND SPEED    21   HIGHEST WIND DIRECTION    SW (230)
  HIGHEST GUST SPEED    25   HIGHEST GUST DIRECTION    SW (220)



WEATHER CONDITIONS
 THE FOLLOWING WEATHER WAS RECORDED TODAY.
  NO SIGNIFICANT WEATHER WAS OBSERVED.


RELATIVE HUMIDITY (PERCENT)
 HIGHEST    83           500 AM
 LOWEST     11           300 PM
 AVERAGE    47

..........................................................


THE WINNEMUCCA AIRPORT NV CLIMATE NORMALS FOR TOMORROW
                         NORMAL    RECORD    YEAR
 MAXIMUM TEMPERATURE (F)   95       106      1971
                                             1934
 MINIMUM TEMPERATURE (F)   52        37      1916
                                             1909


SUNRISE AND SUNSET
JULY 27 2017..........SUNRISE   543 AM PDT   SUNSET   812 PM PDT
JULY 28 2017..........SUNRISE   544 AM PDT   SUNSET   811 PM PDT


-  INDICATES NEGATIVE NUMBERS.
R  INDICATES RECORD WAS SET OR TIED.
MM INDICATES DATA IS MISSING.
T  INDICATES TRACE AMOUNT.




$$
