000
CDUS45 KLKN 270936
CLIWMC


CLIMATE REPORT
NATIONAL WEATHER SERVICE ELKO NV
233 AM PDT FRI MAR 27 2015


...................................

...THE WINNEMUCCA AIRPORT NV CLIMATE SUMMARY FOR MARCH 26 2015...

CLIMATE NORMAL PERIOD 1981 TO 2010
CLIMATE RECORD PERIOD 1877 TO 2015


WEATHER ITEM   OBSERVED TIME   RECORD YEAR NORMAL DEPARTURE LAST
                VALUE   (LST)  VALUE       VALUE  FROM      YEAR
                                                  NORMAL
..................................................................
TEMPERATURE (F)
 YESTERDAY
  MAXIMUM         71    412 PM  74    1997  58     13       53
                                      1988
  MINIMUM         30    609 AM   8    1913  28      2       37
  AVERAGE         51                        43      8       45

PRECIPITATION (IN)
  YESTERDAY        0.00          0.40 2003   0.03  -0.03      T
  MONTH TO DATE    0.17                      0.69  -0.52     0.52
  SINCE OCT 1      3.91                      4.70  -0.79     4.79
  SINCE JAN 1      1.34                      2.22  -0.88     2.13

SNOWFALL (IN)
  YESTERDAY        0.0           4.6  1945   0.1   -0.1      0.0
  MONTH TO DATE    T                         2.8   -2.8       T
  SINCE MAR 1      T                         2.8   -2.8       T
  SINCE JUL 1      2.9                      18.8  -15.9     21.5
  SNOW DEPTH       0

DEGREE DAYS
 HEATING
  YESTERDAY       14                        22     -8       20
  MONTH TO DATE  456                       630   -174      591
  SINCE MAR 1    456                       630   -174      591
  SINCE JUL 1   4238                      5219   -981     5250

 COOLING
  YESTERDAY        0                         0      0        0
  MONTH TO DATE    0                         0      0        0
  SINCE MAR 1      0                         0      0        0
  SINCE JAN 1      0                         0      0        0
..................................................................


WIND (MPH)
  HIGHEST WIND SPEED    16   HIGHEST WIND DIRECTION    NE (50)
  HIGHEST GUST SPEED    21   HIGHEST GUST DIRECTION    NE (60)
  AVERAGE WIND SPEED     6.0



WEATHER CONDITIONS
 THE FOLLOWING WEATHER WAS RECORDED YESTERDAY.
  NO SIGNIFICANT WEATHER WAS OBSERVED.


RELATIVE HUMIDITY (PERCENT)
 HIGHEST    78           600 AM
 LOWEST     23           200 PM
 AVERAGE    51

..........................................................


THE WINNEMUCCA AIRPORT NV CLIMATE NORMALS FOR TODAY
                         NORMAL    RECORD    YEAR
 MAXIMUM TEMPERATURE (F)   58        77      1986
 MINIMUM TEMPERATURE (F)   28         9      1972


SUNRISE AND SUNSET
MARCH 27 2015.........SUNRISE   643 AM PDT   SUNSET   711 PM PDT
MARCH 28 2015.........SUNRISE   642 AM PDT   SUNSET   712 PM PDT


-  INDICATES NEGATIVE NUMBERS.
R  INDICATES RECORD WAS SET OR TIED.
MM INDICATES DATA IS MISSING.
T  INDICATES TRACE AMOUNT.




$$
