000
CDUS45 KLKN 040028
CLIWMC


CLIMATE REPORT
NATIONAL WEATHER SERVICE ELKO NV
428 PM PST TUE MAR 3 2015


...................................

...THE WINNEMUCCA AIRPORT NV CLIMATE SUMMARY FOR MARCH 3 2015...
VALID TODAY AS OF 0400 PM LOCAL TIME.

CLIMATE NORMAL PERIOD 1981 TO 2010
CLIMATE RECORD PERIOD 1877 TO 2015


WEATHER ITEM   OBSERVED TIME   RECORD YEAR NORMAL DEPARTURE LAST
                VALUE   (LST)  VALUE       VALUE  FROM      YEAR
                                                  NORMAL
..................................................................
TEMPERATURE (F)
 TODAY
  MAXIMUM         42    345 PM  72    1921  53    -11       55
  MINIMUM         26    707 AM   2    1964  25      1       36
  AVERAGE         34                        39     -5       46

PRECIPITATION (IN)
  TODAY            T             0.35 1983   0.03  -0.03     0.03
  MONTH TO DATE    T                         0.08  -0.08     0.05
  SINCE OCT 1      3.74                      4.09  -0.35     4.32
  SINCE JAN 1      1.17                      1.61  -0.44     1.66

SNOWFALL (IN)
  TODAY            T             5.2  1974   0.1   -0.1      0.0
  MONTH TO DATE    T                         0.3   -0.3      0.0
  SINCE MAR 1      T                         0.3   -0.3      0.0
  SINCE JUL 1      2.9                      16.3  -13.4     21.5
  SNOW DEPTH       T

DEGREE DAYS
 HEATING
  TODAY           31                        26      5       19
  MONTH TO DATE   89                        79     10       61
  SINCE MAR 1     89                        79     10       61
  SINCE JUL 1   3871                      4668   -797     4720

 COOLING
  TODAY            0                         0      0        0
  MONTH TO DATE    0                         0      0        0
  SINCE MAR 1      0                         0      0        0
  SINCE JAN 1      0                         0      0        0
..................................................................


WIND (MPH)
  HIGHEST WIND SPEED    18   HIGHEST WIND DIRECTION     N (350)
  HIGHEST GUST SPEED    23   HIGHEST GUST DIRECTION     N (340)



WEATHER CONDITIONS
 THE FOLLOWING WEATHER WAS RECORDED TODAY.
  LIGHT SNOW
  FOG


RELATIVE HUMIDITY (PERCENT)
 HIGHEST    89          1200 AM
 LOWEST     30           100 PM
 AVERAGE    60

..........................................................


THE WINNEMUCCA AIRPORT NV CLIMATE NORMALS FOR TOMORROW
                         NORMAL    RECORD    YEAR
 MAXIMUM TEMPERATURE (F)   53        72      1925
 MINIMUM TEMPERATURE (F)   25         7      1976
                                             1948


SUNRISE AND SUNSET
MARCH  3 2015.........SUNRISE   622 AM PST   SUNSET   544 PM PST
MARCH  4 2015.........SUNRISE   621 AM PST   SUNSET   546 PM PST


-  INDICATES NEGATIVE NUMBERS.
R  INDICATES RECORD WAS SET OR TIED.
MM INDICATES DATA IS MISSING.
T  INDICATES TRACE AMOUNT.




$$
