000
CDUS45 KLKN 220930
CLIWMC


CLIMATE REPORT
NATIONAL WEATHER SERVICE ELKO NV
130 AM PST THU FEB 22 2018


...................................

...THE WINNEMUCCA AIRPORT NV CLIMATE SUMMARY FOR FEBRUARY 21 2018...

CLIMATE NORMAL PERIOD 1981 TO 2010
CLIMATE RECORD PERIOD 1877 TO 2018


WEATHER ITEM   OBSERVED TIME   RECORD YEAR NORMAL DEPARTURE LAST
                VALUE   (LST)  VALUE       VALUE  FROM      YEAR
                                                  NORMAL
..................................................................
TEMPERATURE (F)
 YESTERDAY
  MAXIMUM         38    302 PM  68    1982  49    -11       47
  MINIMUM         14    650 AM  -3    1903  24    -10       34
  AVERAGE         26                        37    -11       41

PRECIPITATION (IN)
  YESTERDAY        0.00          0.46 1904   0.03  -0.03     0.11
  MONTH TO DATE    0.21                      0.49  -0.28     0.69
  SINCE OCT 1      2.08                      3.84  -1.76     7.04
  SINCE JAN 1      0.74                      1.36  -0.62     2.50

SNOWFALL (IN)
  YESTERDAY        0.0           4.0  1909   0.1   -0.1       T
  MONTH TO DATE    3.0                       2.7    0.3       T
  SINCE DEC 1      6.5                      11.8   -5.3     14.5
  SINCE JUL 1      6.5                      15.3   -8.8     15.1
  SNOW DEPTH       0

DEGREE DAYS
 HEATING
  YESTERDAY       39                        28     11       24
  MONTH TO DATE  642                       644     -2      480
  SINCE DEC 1   2528                      2829   -301     2855
  SINCE JUL 1   3964                      4397   -433     4190

 COOLING
  YESTERDAY        0                         0      0        0
  MONTH TO DATE    0                         0      0        0
  SINCE DEC 1      0                         0      0        0
  SINCE JAN 1      0                         0      0        0
..................................................................


WIND (MPH)
  HIGHEST WIND SPEED    15   HIGHEST WIND DIRECTION     S (160)
  HIGHEST GUST SPEED    19   HIGHEST GUST DIRECTION     S (160)
  AVERAGE WIND SPEED     6.7



WEATHER CONDITIONS
 THE FOLLOWING WEATHER WAS RECORDED YESTERDAY.
  NO SIGNIFICANT WEATHER WAS OBSERVED.


RELATIVE HUMIDITY (PERCENT)
 HIGHEST    67           700 AM
 LOWEST     29           400 PM
 AVERAGE    48

..........................................................


THE WINNEMUCCA AIRPORT NV CLIMATE NORMALS FOR TODAY
                         NORMAL    RECORD    YEAR
 MAXIMUM TEMPERATURE (F)   50        67      1958
 MINIMUM TEMPERATURE (F)   24        -1      1894


SUNRISE AND SUNSET
FEBRUARY 22 2018......SUNRISE   636 AM PST   SUNSET   534 PM PST
FEBRUARY 23 2018......SUNRISE   634 AM PST   SUNSET   535 PM PST


-  INDICATES NEGATIVE NUMBERS.
R  INDICATES RECORD WAS SET OR TIED.
MM INDICATES DATA IS MISSING.
T  INDICATES TRACE AMOUNT.




$$
