000
CDUS45 KLKN 070933
CLIWMC


CLIMATE REPORT
NATIONAL WEATHER SERVICE ELKO NV
229 AM PDT TUE JUL 7 2015


...................................

...THE WINNEMUCCA AIRPORT NV CLIMATE SUMMARY FOR JULY 6 2015...

CLIMATE NORMAL PERIOD 1981 TO 2010
CLIMATE RECORD PERIOD 1877 TO 2015


WEATHER ITEM   OBSERVED TIME   RECORD YEAR NORMAL DEPARTURE LAST
                VALUE   (LST)  VALUE       VALUE  FROM      YEAR
                                                  NORMAL
..................................................................
TEMPERATURE (F)
 YESTERDAY
  MAXIMUM         94    333 PM 104    2007  91      3      102
  MINIMUM         52    250 AM  34    1951  51      1       47
  AVERAGE         73                        71      2       75

PRECIPITATION (IN)
  YESTERDAY        0.05R         0.05 1984   0.00   0.05     0.00
  MONTH TO DATE    0.10                      0.04   0.06     0.00
  SINCE OCT 1      8.34                      7.45   0.89     6.65
  SINCE JAN 1      5.77                      4.97   0.80     3.99

SNOWFALL (IN)
  YESTERDAY        0.0           0.0  1877   0.0    0.0      0.0
  MONTH TO DATE    0.0                       0.0    0.0      0.0
  SINCE JUN 1      0.0                       T      0.0      0.0
  SINCE JUL 1      0.0                       0.0    0.0      0.0
  SNOW DEPTH       0

DEGREE DAYS
 HEATING
  YESTERDAY        0                         1     -1        0
  MONTH TO DATE    0                         6     -6        0
  SINCE JUN 1     22                       111    -89       74
  SINCE JUL 1      0                         6     -6        0

 COOLING
  YESTERDAY        8                         7      1       10
  MONTH TO DATE   86                        36     50       72
  SINCE JUN 1    291                       115    176      146
  SINCE JAN 1    295                       126    169      155
..................................................................


WIND (MPH)
  HIGHEST WIND SPEED    21   HIGHEST WIND DIRECTION     W (260)
  HIGHEST GUST SPEED    26   HIGHEST GUST DIRECTION     W (280)
  AVERAGE WIND SPEED     5.6



WEATHER CONDITIONS
 THE FOLLOWING WEATHER WAS RECORDED YESTERDAY.
  NO SIGNIFICANT WEATHER WAS OBSERVED.


RELATIVE HUMIDITY (PERCENT)
 HIGHEST    72           400 AM
 LOWEST     15           300 PM
 AVERAGE    44

..........................................................


THE WINNEMUCCA AIRPORT NV CLIMATE NORMALS FOR TODAY
                         NORMAL    RECORD    YEAR
 MAXIMUM TEMPERATURE (F)   92       103      2014
 MINIMUM TEMPERATURE (F)   51        33      1903


SUNRISE AND SUNSET
JULY  7 2015..........SUNRISE   526 AM PDT   SUNSET   825 PM PDT
JULY  8 2015..........SUNRISE   527 AM PDT   SUNSET   825 PM PDT


-  INDICATES NEGATIVE NUMBERS.
R  INDICATES RECORD WAS SET OR TIED.
MM INDICATES DATA IS MISSING.
T  INDICATES TRACE AMOUNT.




$$
