000
CDUS45 KLKN 300928
CLIWMC


CLIMATE REPORT
NATIONAL WEATHER SERVICE ELKO NV
227 AM PDT SUN APR 30 2017


...................................

...THE WINNEMUCCA AIRPORT NV CLIMATE SUMMARY FOR APRIL 29 2017...

CLIMATE NORMAL PERIOD 1981 TO 2010
CLIMATE RECORD PERIOD 1877 TO 2017


WEATHER ITEM   OBSERVED TIME   RECORD YEAR NORMAL DEPARTURE LAST
                VALUE   (LST)  VALUE       VALUE  FROM      YEAR
                                                  NORMAL
..................................................................
TEMPERATURE (F)
 YESTERDAY
  MAXIMUM         62    344 PM  87    1992  67     -5       61
  MINIMUM         18R   442 AM  19    1972  34    -16       30
                                      1950
  AVERAGE         40                        50    -10       46

PRECIPITATION (IN)
  YESTERDAY        0.00          0.48 1935   0.04  -0.04     0.15
  MONTH TO DATE    0.93                      0.86   0.07     1.07
  SINCE OCT 1      9.34                      5.70   3.64     8.20
  SINCE JAN 1      4.80                      3.22   1.58     3.92

SNOWFALL (IN)
  YESTERDAY        0.0           0.1  2011   0.1   -0.1      0.0
  MONTH TO DATE    T                         1.6   -1.6       T
  SINCE MAR 1      2.2                       4.8   -2.6      1.7
  SINCE JUL 1     18.3                      20.8   -2.5     21.1
  SNOW DEPTH       0

DEGREE DAYS
 HEATING
  YESTERDAY       25                        15     10       19
  MONTH TO DATE  552                       536     16      448
  SINCE MAR 1   1178                      1275    -97     1107
  SINCE JUL 1   5617                      5864   -247     5284

 COOLING
  YESTERDAY        0                         0      0        0
  MONTH TO DATE    0                         0      0        0
  SINCE MAR 1      0                         0      0        0
  SINCE JAN 1      0                         0      0        0
..................................................................


WIND (MPH)
  HIGHEST WIND SPEED    12   HIGHEST WIND DIRECTION     S (160)
  HIGHEST GUST SPEED    13   HIGHEST GUST DIRECTION     S (160)
  AVERAGE WIND SPEED     4.5



WEATHER CONDITIONS
 THE FOLLOWING WEATHER WAS RECORDED YESTERDAY.
  NO SIGNIFICANT WEATHER WAS OBSERVED.


RELATIVE HUMIDITY (PERCENT)
 HIGHEST    96           100 AM
 LOWEST     20           300 PM
 AVERAGE    58

..........................................................


THE WINNEMUCCA AIRPORT NV CLIMATE NORMALS FOR TODAY
                         NORMAL    RECORD    YEAR
 MAXIMUM TEMPERATURE (F)   67        90      1981
 MINIMUM TEMPERATURE (F)   34         6      1972


SUNRISE AND SUNSET
APRIL 30 2017.........SUNRISE   550 AM PDT   SUNSET   747 PM PDT
MAY  1 2017...........SUNRISE   549 AM PDT   SUNSET   748 PM PDT


-  INDICATES NEGATIVE NUMBERS.
R  INDICATES RECORD WAS SET OR TIED.
MM INDICATES DATA IS MISSING.
T  INDICATES TRACE AMOUNT.




$$
