000
CDUS45 KLKN 240032
CLIWMC


CLIMATE REPORT
NATIONAL WEATHER SERVICE ELKO NV
527 PM PDT MON MAY 23 2016


...................................

...THE WINNEMUCCA AIRPORT NV CLIMATE SUMMARY FOR MAY 23 2016...
VALID TODAY AS OF 500 PM LOCAL TIME.

CLIMATE NORMAL PERIOD 1981 TO 2010
CLIMATE RECORD PERIOD 1877 TO 2016


WEATHER ITEM   OBSERVED TIME   RECORD YEAR NORMAL DEPARTURE LAST
                VALUE   (LST)  VALUE       VALUE  FROM      YEAR
                                                  NORMAL
..................................................................
TEMPERATURE (F)
 TODAY
  MAXIMUM         66    212 PM  95    2001  74     -8       62
  MINIMUM         29    438 AM  23    2010  40    -11       48
  AVERAGE         48                        57     -9       55

PRECIPITATION (IN)
  TODAY            0.00          1.13 1917   0.04  -0.04     0.75
  MONTH TO DATE    0.54                      0.86  -0.32     1.81
  SINCE OCT 1      8.74                      6.59   2.15     7.55
  SINCE JAN 1      4.46                      4.11   0.35     4.98

SNOWFALL (IN)
  TODAY            0.0           0.2  1916   0.0    0.0      0.0
  MONTH TO DATE    0.0                       0.1   -0.1      0.0
  SINCE MAR 1      1.7                       4.9   -3.2      2.4
  SINCE JUL 1     21.1                      20.9    0.2      5.3
  SNOW DEPTH       0

DEGREE DAYS
 HEATING
  TODAY           17                         9      8       10
  MONTH TO DATE  251                       260     -9      269
  SINCE MAR 1   1373                      1551   -178     1444
  SINCE JUL 1   5550                      6140   -590     5226

 COOLING
  TODAY            0                         1     -1        0
  MONTH TO DATE    0                         1     -1        0
  SINCE MAR 1      0                         1     -1        0
  SINCE JAN 1      0                         1     -1        0
..................................................................


WIND (MPH)
  HIGHEST WIND SPEED    16   HIGHEST WIND DIRECTION    SW (230)
  HIGHEST GUST SPEED    20   HIGHEST GUST DIRECTION    SW (230)



WEATHER CONDITIONS
 THE FOLLOWING WEATHER WAS RECORDED TODAY.
  NO SIGNIFICANT WEATHER WAS OBSERVED.


RELATIVE HUMIDITY (PERCENT)
 HIGHEST    78           500 AM
 LOWEST     21           400 PM
 AVERAGE    50

..........................................................


THE WINNEMUCCA AIRPORT NV CLIMATE NORMALS FOR TOMORROW
                         NORMAL    RECORD    YEAR
 MAXIMUM TEMPERATURE (F)   75        97      2001
 MINIMUM TEMPERATURE (F)   40        27      2013


SUNRISE AND SUNSET
MAY 23 2016...........SUNRISE   527 AM PDT   SUNSET   810 PM PDT
MAY 24 2016...........SUNRISE   526 AM PDT   SUNSET   811 PM PDT


-  INDICATES NEGATIVE NUMBERS.
R  INDICATES RECORD WAS SET OR TIED.
MM INDICATES DATA IS MISSING.
T  INDICATES TRACE AMOUNT.




$$
