000
CDUS45 KLKN 250945
CLIWMC


CLIMATE REPORT
NATIONAL WEATHER SERVICE ELKO NV
245 AM PDT MON SEP 5  2017


...................................

...THE WINNEMUCCA AIRPORT NV CLIMATE SUMMARY FOR SEPTEMBER 24 2017...

CLIMATE NORMAL PERIOD 1981 TO 2010
CLIMATE RECORD PERIOD 1877 TO 2017


WEATHER ITEM   OBSERVED TIME   RECORD YEAR NORMAL DEPARTURE LAST
                VALUE   (LST)  VALUE       VALUE  FROM      YEAR
                                                  NORMAL
..................................................................
TEMPERATURE (F)
 YESTERDAY
  MAXIMUM         64        MM  93    2011  77    -13       73
  MINIMUM         22        MM  12    1958  37    -15       40
  AVERAGE         43                        57    -14       57

PRECIPITATION (IN)
  YESTERDAY        0.00          0.34 1986   0.02  -0.02     0.00
  MONTH TO DATE    0.16                      0.33  -0.17     0.24
  SINCE OCT 1     11.62                      8.17   3.45     9.10
  SINCE JAN 1      7.08                      5.69   1.39     4.82

SNOWFALL (IN)
  YESTERDAY        0.0           0.0  1877   0.0    0.0      0.0
  MONTH TO DATE    0.0                       0.0    0.0      0.0
  SINCE SEP 1      0.0                       0.0    0.0      0.0
  SINCE JUL 1      0.0                       0.0    0.0      0.0
  SNOW DEPTH       0

DEGREE DAYS
 HEATING
  YESTERDAY       22                         8     14        8
  MONTH TO DATE  159                       116     43      153
  SINCE SEP 1    159                       116     43      153
  SINCE JUL 1    159                       146     13      173

 COOLING
  YESTERDAY        0                         0      0        0
  MONTH TO DATE  120                        29     91        7
  SINCE SEP 1    120                        29     91        7
  SINCE JAN 1    927                       539    388      572
..................................................................


WIND (MPH)
  HIGHEST WIND SPEED    10   HIGHEST WIND DIRECTION    NW (320)
  HIGHEST GUST SPEED    MM   HIGHEST GUST DIRECTION    MM
  AVERAGE WIND SPEED     4.9



WEATHER CONDITIONS
 THE FOLLOWING WEATHER WAS RECORDED YESTERDAY.
  NO SIGNIFICANT WEATHER WAS OBSERVED.


RELATIVE HUMIDITY (PERCENT)
 HIGHEST    92           300 AM
 LOWEST     23           400 PM
 AVERAGE    58

..........................................................


THE WINNEMUCCA AIRPORT NV CLIMATE NORMALS FOR TODAY
                         NORMAL    RECORD    YEAR
 MAXIMUM TEMPERATURE (F)   77        92      2015
                                             2009
 MINIMUM TEMPERATURE (F)   36        18      1972


SUNRISE AND SUNSET
SEPTEMBER 25 2017.....SUNRISE   642 AM PDT   SUNSET   643 PM PDT
SEPTEMBER 26 2017.....SUNRISE   643 AM PDT   SUNSET   641 PM PDT


-  INDICATES NEGATIVE NUMBERS.
R  INDICATES RECORD WAS SET OR TIED.
MM INDICATES DATA IS MISSING.
T  INDICATES TRACE AMOUNT.




$$
