000
CDUS45 KLKN 160931
CLIWMC


CLIMATE REPORT
NATIONAL WEATHER SERVICE ELKO NV
231 AM PDT TUE SEP 16 2014


...................................

...THE WINNEMUCCA AIRPORT NV CLIMATE SUMMARY FOR SEPTEMBER 15 2014...

CLIMATE NORMAL PERIOD 1981 TO 2010
CLIMATE RECORD PERIOD 1877 TO 2014


WEATHER ITEM   OBSERVED TIME   RECORD YEAR NORMAL DEPARTURE LAST
                VALUE   (LST)  VALUE       VALUE  FROM      YEAR
                                                  NORMAL
..................................................................
TEMPERATURE (F)
 YESTERDAY
  MAXIMUM         92    246 PM  95    1937  81     11       93
  MINIMUM         47    547 AM  26    1970  40      7       57
  AVERAGE         70                        61      9       75

PRECIPITATION (IN)
  YESTERDAY        0.00          0.83 1976   0.01  -0.01     0.00
  MONTH TO DATE    T                         0.17  -0.17     0.39
  SINCE OCT 1      7.24                      8.01  -0.77     5.21
  SINCE JAN 1      4.58                      5.53  -0.95     2.80

SNOWFALL (IN)
  YESTERDAY        0.0           0.0  1877   0.0    0.0      0.0
  MONTH TO DATE    0.0                       0.0    0.0      0.0
  SINCE SEP 1      0.0                       0.0    0.0      0.0
  SINCE JUL 1      0.0                       0.0    0.0       T
  SNOW DEPTH       0

DEGREE DAYS
 HEATING
  YESTERDAY        0                         5     -5        0
  MONTH TO DATE   15                        53    -38        2
  SINCE SEP 1     15                        53    -38        2
  SINCE JUL 1     34                        83    -49        2

 COOLING
  YESTERDAY        5                         1      4       10
  MONTH TO DATE   14                        25    -11       76
  SINCE SEP 1     14                        25    -11       76
  SINCE JAN 1    639                       535    104      757
..................................................................


WIND (MPH)
  HIGHEST WIND SPEED    16   HIGHEST WIND DIRECTION    SW (230)
  HIGHEST GUST SPEED    21   HIGHEST GUST DIRECTION     W (270)
  AVERAGE WIND SPEED     4.4



WEATHER CONDITIONS
 THE FOLLOWING WEATHER WAS RECORDED YESTERDAY.
  NO SIGNIFICANT WEATHER WAS OBSERVED.


RELATIVE HUMIDITY (PERCENT)
 HIGHEST    50           400 AM
 LOWEST     13           300 PM
 AVERAGE    32

..........................................................


THE WINNEMUCCA AIRPORT NV CLIMATE NORMALS FOR TODAY
                         NORMAL    RECORD    YEAR
 MAXIMUM TEMPERATURE (F)   81        95      1937
 MINIMUM TEMPERATURE (F)   40        22      1970


SUNRISE AND SUNSET
SEPTEMBER 16 2014.....SUNRISE   633 AM PDT   SUNSET   658 PM PDT
SEPTEMBER 17 2014.....SUNRISE   634 AM PDT   SUNSET   657 PM PDT


-  INDICATES NEGATIVE NUMBERS.
R  INDICATES RECORD WAS SET OR TIED.
MM INDICATES DATA IS MISSING.
T  INDICATES TRACE AMOUNT.




$$
