000
CDUS45 KRIW 010739
CLIWRL


CLIMATE REPORT
NATIONAL WEATHER SERVICE RIVERTON WY
136 AM MDT WED JUL 1 2015


...................................

...THE WORLAND WY CLIMATE SUMMARY FOR JUNE 30 2015...

CLIMATE NORMAL PERIOD 1981 TO 2010
CLIMATE RECORD PERIOD 1947 TO 2015


WEATHER ITEM   OBSERVED TIME   RECORD YEAR NORMAL DEPARTURE LAST
                VALUE   (LST)  VALUE       VALUE  FROM      YEAR
                                                  NORMAL
..................................................................
TEMPERATURE (F)
 YESTERDAY
  MAXIMUM         97    119 PM 107    1990  86     11       76
  MINIMUM         68    500 AM  39    1968  53     15       51
  AVERAGE         83                        69     14       64

PRECIPITATION (IN)
  YESTERDAY        T             0.55 1982   0.02  -0.02     0.00
  MONTH TO DATE    1.06                      1.15  -0.09     1.62
  SINCE JUN 1      1.06                      1.15  -0.09     1.62
  SINCE JAN 1      5.24                      4.31   0.93     3.83

DEGREE DAYS
 HEATING
  YESTERDAY        0                         1     -1        1
  MONTH TO DATE    4                        92    -88       90
  SINCE JUN 1      4                        93    -89       90
  SINCE JUL 1   7519                      7869   -350     8277

 COOLING
  YESTERDAY       18                         5     13        0
  MONTH TO DATE  179                        84     95       29
  SINCE JUN 1    179                        84     95       29
  SINCE JAN 1    181                        96     85       59
..................................................................


WIND (MPH)
  HIGHEST WIND SPEED    16   HIGHEST WIND DIRECTION    SW (210)
  HIGHEST GUST SPEED    20   HIGHEST GUST DIRECTION    SW (230)
  AVERAGE WIND SPEED     7.6


SKY COVER
  POSSIBLE SUNSHINE  MM
  AVERAGE SKY COVER 0.0


WEATHER CONDITIONS
 THE FOLLOWING WEATHER WAS RECORDED YESTERDAY.
  THUNDERSTORM
  LIGHT RAIN


RELATIVE HUMIDITY (PERCENT)
 HIGHEST    61           800 PM
 LOWEST     24           100 PM
 AVERAGE    43

..........................................................


THE WORLAND WY CLIMATE NORMALS FOR TODAY
                         NORMAL    RECORD    YEAR
 MAXIMUM TEMPERATURE (F)   86       104      2012
 MINIMUM TEMPERATURE (F)   53        37      1968


SUNRISE AND SUNSET
JULY  1 2015..........SUNRISE   533 AM MDT   SUNSET   858 PM MDT
JULY  2 2015..........SUNRISE   533 AM MDT   SUNSET   858 PM MDT


-  INDICATES NEGATIVE NUMBERS.
R  INDICATES RECORD WAS SET OR TIED.
MM INDICATES DATA IS MISSING.
T  INDICATES TRACE AMOUNT.




$$
