000
CDUS45 KRIW 260743
CLIWRL


CLIMATE REPORT
NATIONAL WEATHER SERVICE RIVERTON WY
1228 AM MST THU FEB 26 2015


...................................

...THE WORLAND WY CLIMATE SUMMARY FOR FEBRUARY 25 2015...

CLIMATE NORMAL PERIOD 1981 TO 2010
CLIMATE RECORD PERIOD 1947 TO 2015


WEATHER ITEM   OBSERVED TIME   RECORD YEAR NORMAL DEPARTURE LAST
                VALUE   (LST)  VALUE       VALUE  FROM      YEAR
                                                  NORMAL
..................................................................
TEMPERATURE (F)
 YESTERDAY
  MAXIMUM         39    208 PM  64    1999  42     -3       16
  MINIMUM         19   1159 PM -25    2003  15      4      -10
  AVERAGE         29                        28      1        3

PRECIPITATION (IN)
  YESTERDAY        T             0.13 1980   0.01  -0.01     0.04
  MONTH TO DATE    0.53                      0.17   0.36     0.13
  SINCE DEC 1      1.46                      0.63   0.83     0.50
  SINCE JAN 1      0.76                      0.40   0.36     0.38

DEGREE DAYS
 HEATING
  YESTERDAY       36                        37     -1       62
  MONTH TO DATE  851                      1047   -196     1303
  SINCE DEC 1   3850                      4003   -153     4356
  SINCE JUL 1   5766                      5895   -129     6212

 COOLING
  YESTERDAY        0                         0      0        0
  MONTH TO DATE    0                         0      0        0
  SINCE DEC 1      0                         0      0        0
  SINCE JAN 1      0                         0      0        0
..................................................................


WIND (MPH)
  HIGHEST WIND SPEED    31   HIGHEST WIND DIRECTION     N (340)
  HIGHEST GUST SPEED    38   HIGHEST GUST DIRECTION    NW (330)
  AVERAGE WIND SPEED    15.0


SKY COVER
  POSSIBLE SUNSHINE  MM
  AVERAGE SKY COVER 0.7


WEATHER CONDITIONS
 THE FOLLOWING WEATHER WAS RECORDED YESTERDAY.
  LIGHT SNOW


RELATIVE HUMIDITY (PERCENT)
 HIGHEST    92           300 AM
 LOWEST     47           300 PM
 AVERAGE    70

..........................................................


THE WORLAND WY CLIMATE NORMALS FOR TODAY
                         NORMAL    RECORD    YEAR
 MAXIMUM TEMPERATURE (F)   43        63      1988
 MINIMUM TEMPERATURE (F)   15       -17      2014


SUNRISE AND SUNSET
FEBRUARY 26 2015......SUNRISE   654 AM MST   SUNSET   556 PM MST
FEBRUARY 27 2015......SUNRISE   652 AM MST   SUNSET   557 PM MST


-  INDICATES NEGATIVE NUMBERS.
R  INDICATES RECORD WAS SET OR TIED.
MM INDICATES DATA IS MISSING.
T  INDICATES TRACE AMOUNT.




$$
