000
CDUS45 KRIW 210749
CLIWRL


CLIMATE REPORT
NATIONAL WEATHER SERVICE RIVERTON WY
1248 AM MST TUE NOV 21 2017


...................................

...THE WORLAND WY CLIMATE SUMMARY FOR NOVEMBER 20 2017...

CLIMATE NORMAL PERIOD 1981 TO 2010
CLIMATE RECORD PERIOD 1947 TO 2017


WEATHER ITEM   OBSERVED TIME   RECORD YEAR NORMAL DEPARTURE LAST
                VALUE   (LST)  VALUE       VALUE  FROM      YEAR
                                                  NORMAL
..................................................................
TEMPERATURE (F)
 YESTERDAY
  MAXIMUM         40    309 PM  66    1962  41     -1       34
  MINIMUM         20    332 AM -17    1977  15      5       10
  AVERAGE         30                        28      2       22

PRECIPITATION (IN)
  YESTERDAY        0.00          0.06 2013   0.01  -0.01     0.00
                                      2013
                                      2015
  MONTH TO DATE    0.68                      0.25   0.43     0.76
  SINCE SEP 1      2.98                      1.79   1.19     5.08
  SINCE JAN 1      8.48                      7.24   1.24     9.55

DEGREE DAYS
 HEATING
  YESTERDAY       35                        37     -2       43
  MONTH TO DATE  700                       628     72      502
  SINCE SEP 1   1641                      1454    187     1169
  SINCE JUL 1   1642                      1490    152     1200

 COOLING
  YESTERDAY        0                         0      0        0
  MONTH TO DATE    0                         0      0        0
  SINCE SEP 1     52                        29     23       25
  SINCE JAN 1    588                       535     53      690
..................................................................


WIND (MPH)
  HIGHEST WIND SPEED    13   HIGHEST WIND DIRECTION     S (180)
  HIGHEST GUST SPEED    14   HIGHEST GUST DIRECTION    NW (310)
  AVERAGE WIND SPEED     3.9


SKY COVER
  POSSIBLE SUNSHINE  MM
  AVERAGE SKY COVER 0.2


WEATHER CONDITIONS
 THE FOLLOWING WEATHER WAS RECORDED YESTERDAY.
  NO SIGNIFICANT WEATHER WAS OBSERVED.


RELATIVE HUMIDITY (PERCENT)
 HIGHEST   100           100 AM
 LOWEST     70          1200 PM
 AVERAGE    85

..........................................................


THE WORLAND WY CLIMATE NORMALS FOR TODAY
                         NORMAL    RECORD    YEAR
 MAXIMUM TEMPERATURE (F)   41        66      2006
 MINIMUM TEMPERATURE (F)   14       -17      1977


SUNRISE AND SUNSET
NOVEMBER 21 2017......SUNRISE   715 AM MST   SUNSET   440 PM MST
NOVEMBER 22 2017......SUNRISE   716 AM MST   SUNSET   440 PM MST


-  INDICATES NEGATIVE NUMBERS.
R  INDICATES RECORD WAS SET OR TIED.
MM INDICATES DATA IS MISSING.
T  INDICATES TRACE AMOUNT.




$$
