000
CDUS45 KRIW 290738
CLIWRL


CLIMATE REPORT
NATIONAL WEATHER SERVICE RIVERTON WY
1232 AM MST MON DEC 29 2014


...................................

...THE WORLAND WY CLIMATE SUMMARY FOR DECEMBER 28 2014...

CLIMATE NORMAL PERIOD 1981 TO 2010
CLIMATE RECORD PERIOD 1947 TO 2014


WEATHER ITEM   OBSERVED TIME   RECORD YEAR NORMAL DEPARTURE LAST
                VALUE   (LST)  VALUE       VALUE  FROM      YEAR
                                                  NORMAL
..................................................................
TEMPERATURE (F)
 YESTERDAY
  MAXIMUM         16   1041 PM  57    1980  29    -13       34
  MINIMUM        -10    129 AM -25    1983   3    -13        4
  AVERAGE          3                        16    -13       19

PRECIPITATION (IN)
  YESTERDAY        0.01          0.10 1963   0.01   0.00     0.00
  MONTH TO DATE    0.68                      0.21   0.47     0.11
  SINCE DEC 1      0.68                      0.21   0.47     0.11
  SINCE JAN 1      8.24                      7.55   0.69     7.85

DEGREE DAYS
 HEATING
  YESTERDAY       62                        49     13       46
  MONTH TO DATE 1228                      1323    -95     1427
  SINCE DEC 1   1228                      1323    -95     1427
  SINCE JUL 1   3144                      3215    -71     3283

 COOLING
  YESTERDAY        0                         0      0        0
  MONTH TO DATE    0                         0      0        0
  SINCE DEC 1      0                         0      0        0
  SINCE JAN 1    543                       535      8      852
..................................................................


WIND (MPH)
  HIGHEST WIND SPEED    14   HIGHEST WIND DIRECTION    NW (320)
  HIGHEST GUST SPEED    17   HIGHEST GUST DIRECTION    NW (310)
  AVERAGE WIND SPEED     4.4


SKY COVER
  POSSIBLE SUNSHINE  MM
  AVERAGE SKY COVER 0.6


WEATHER CONDITIONS
 THE FOLLOWING WEATHER WAS RECORDED YESTERDAY.
  LIGHT SNOW
  FOG
  HAZE


RELATIVE HUMIDITY (PERCENT)
 HIGHEST    86           500 AM
 LOWEST     70           300 PM
 AVERAGE    78

..........................................................


THE WORLAND WY CLIMATE NORMALS FOR TODAY
                         NORMAL    RECORD    YEAR
 MAXIMUM TEMPERATURE (F)   29        50      2002
 MINIMUM TEMPERATURE (F)    3       -35      1978


SUNRISE AND SUNSET
DECEMBER 29 2014......SUNRISE   746 AM MST   SUNSET   442 PM MST
DECEMBER 30 2014......SUNRISE   746 AM MST   SUNSET   443 PM MST


-  INDICATES NEGATIVE NUMBERS.
R  INDICATES RECORD WAS SET OR TIED.
MM INDICATES DATA IS MISSING.
T  INDICATES TRACE AMOUNT.




$$
