000
CDUS45 KRIW 290739
CLIWRL


CLIMATE REPORT
NATIONAL WEATHER SERVICE RIVERTON WY
1230 AM MST SAT NOV 29 2014


...................................

...THE WORLAND WY CLIMATE SUMMARY FOR NOVEMBER 28 2014...

CLIMATE NORMAL PERIOD 1981 TO 2010
CLIMATE RECORD PERIOD 1947 TO 2014


WEATHER ITEM   OBSERVED TIME   RECORD YEAR NORMAL DEPARTURE LAST
                VALUE   (LST)  VALUE       VALUE  FROM      YEAR
                                                  NORMAL
..................................................................
TEMPERATURE (F)
 YESTERDAY
  MAXIMUM         50    426 PM  63    1998  36     14       42
  MINIMUM         22    150 AM -17    1960  10     12       15
  AVERAGE         36                        23     13       29

PRECIPITATION (IN)
  YESTERDAY        0.00          0.30 1975   0.01  -0.01     0.00
  MONTH TO DATE    0.57                      0.33   0.24     0.12
  SINCE SEP 1      1.97                      1.87   0.10     4.53
  SINCE JAN 1      7.56                      7.32   0.24     7.74

DEGREE DAYS
 HEATING
  YESTERDAY       29                        42    -13       36
  MONTH TO DATE 1171                       946    225      961
  SINCE SEP 1   1783                      1772     11     1794
  SINCE JUL 1   1817                      1808      9     1794

 COOLING
  YESTERDAY        0                         0      0        0
  MONTH TO DATE    0                         0      0        0
  SINCE SEP 1     34                        29      5       91
  SINCE JAN 1    543                       535      8      852
..................................................................


WIND (MPH)
  HIGHEST WIND SPEED    20   HIGHEST WIND DIRECTION    SE (120)
  HIGHEST GUST SPEED    24   HIGHEST GUST DIRECTION    SE (120)
  AVERAGE WIND SPEED     6.8


SKY COVER
  POSSIBLE SUNSHINE  MM
  AVERAGE SKY COVER 0.0


WEATHER CONDITIONS
 THE FOLLOWING WEATHER WAS RECORDED YESTERDAY.
  NO SIGNIFICANT WEATHER WAS OBSERVED.


RELATIVE HUMIDITY (PERCENT)
 HIGHEST    96          1200 AM
 LOWEST     39           800 PM
 AVERAGE    68

..........................................................


THE WORLAND WY CLIMATE NORMALS FOR TODAY
                         NORMAL    RECORD    YEAR
 MAXIMUM TEMPERATURE (F)   36        60      1970
 MINIMUM TEMPERATURE (F)   10       -17      1975


SUNRISE AND SUNSET
NOVEMBER 29 2014......SUNRISE   724 AM MST   SUNSET   436 PM MST
NOVEMBER 30 2014......SUNRISE   725 AM MST   SUNSET   435 PM MST


-  INDICATES NEGATIVE NUMBERS.
R  INDICATES RECORD WAS SET OR TIED.
MM INDICATES DATA IS MISSING.
T  INDICATES TRACE AMOUNT.




$$
