000
CDUS45 KRIW 230729
CLIWRL


CLIMATE REPORT
NATIONAL WEATHER SERVICE RIVERTON WY
129 AM MDT SAT SEP 23 2017


...................................

...THE WORLAND WY CLIMATE SUMMARY FOR SEPTEMBER 22 2017...

CLIMATE NORMAL PERIOD 1981 TO 2010
CLIMATE RECORD PERIOD 1947 TO 2017


WEATHER ITEM   OBSERVED TIME   RECORD YEAR NORMAL DEPARTURE LAST
                VALUE   (LST)  VALUE       VALUE  FROM      YEAR
                                                  NORMAL
..................................................................
TEMPERATURE (F)
 YESTERDAY
  MAXIMUM         48    300 PM  88    1966  71    -23       59
  MINIMUM         39    927 AM  28    2000  40     -1       43
                                      1995
  AVERAGE         44                        55    -11       51

PRECIPITATION (IN)
  YESTERDAY        0.37          0.74 1997   0.04   0.33     0.28
  MONTH TO DATE    1.59                      0.59   1.00     0.47
  SINCE SEP 1      1.59                      0.59   1.00     0.47
  SINCE JAN 1      7.09                      6.04   1.05     4.94

DEGREE DAYS
 HEATING
  YESTERDAY       21                        10     11       14
  MONTH TO DATE  145                       127     18      123
  SINCE SEP 1    145                       127     18      123
  SINCE JUL 1    146                       163    -17      154

 COOLING
  YESTERDAY        0                         0      0        0
  MONTH TO DATE   52                        28     24       25
  SINCE SEP 1     52                        28     24       25
  SINCE JAN 1    588                       534     54      690
..................................................................


WIND (MPH)
  HIGHEST WIND SPEED    15   HIGHEST WIND DIRECTION    NW (330)
  HIGHEST GUST SPEED    20   HIGHEST GUST DIRECTION    NW (320)
  AVERAGE WIND SPEED     6.7


SKY COVER
  POSSIBLE SUNSHINE  MM
  AVERAGE SKY COVER 1.0


WEATHER CONDITIONS
 THE FOLLOWING WEATHER WAS RECORDED YESTERDAY.
  RAIN
  LIGHT RAIN
  FOG


RELATIVE HUMIDITY (PERCENT)
 HIGHEST   100           300 AM
 LOWEST     76           200 PM
 AVERAGE    88

..........................................................


THE WORLAND WY CLIMATE NORMALS FOR TODAY
                         NORMAL    RECORD    YEAR
 MAXIMUM TEMPERATURE (F)   70        94      1992
 MINIMUM TEMPERATURE (F)   40        27      2000
                                             1984


SUNRISE AND SUNSET
SEPTEMBER 23 2017.....SUNRISE   701 AM MDT   SUNSET   707 PM MDT
SEPTEMBER 24 2017.....SUNRISE   702 AM MDT   SUNSET   705 PM MDT


-  INDICATES NEGATIVE NUMBERS.
R  INDICATES RECORD WAS SET OR TIED.
MM INDICATES DATA IS MISSING.
T  INDICATES TRACE AMOUNT.




$$
