000
CDUS45 KRIW 020734
CLIWRL


CLIMATE REPORT
NATIONAL WEATHER SERVICE RIVERTON WY
134 AM MDT SUN AUG 2 2015


...................................

...THE WORLAND WY CLIMATE SUMMARY FOR AUGUST 1 2015...

CLIMATE NORMAL PERIOD 1981 TO 2010
CLIMATE RECORD PERIOD 1947 TO 2015


WEATHER ITEM   OBSERVED TIME   RECORD YEAR NORMAL DEPARTURE LAST
                VALUE   (LST)  VALUE       VALUE  FROM      YEAR
                                                  NORMAL
..................................................................
TEMPERATURE (F)
 YESTERDAY
  MAXIMUM         96    346 PM 102    2000  90      6       92
  MINIMUM         52    505 AM  43    1968  56     -4       57
  AVERAGE         74                        73      1       75

PRECIPITATION (IN)
  YESTERDAY        0.00          0.55 1976   0.02  -0.02     0.00
  MONTH TO DATE    0.00                      0.02  -0.02     0.00
  SINCE JUN 1      1.47                      1.88  -0.41     1.87
  SINCE JAN 1      5.65                      5.04   0.61     4.08

DEGREE DAYS
 HEATING
  YESTERDAY        0                         0      0        0
  MONTH TO DATE    0                         0      0        0
  SINCE JUN 1     11                       106    -95       91
  SINCE JUL 1      7                        13     -6        1

 COOLING
  YESTERDAY        9                         8      1       10
  MONTH TO DATE    9                         8      1       10
  SINCE JUN 1    386                       321     65      318
  SINCE JAN 1    388                       333     55      348
..................................................................


WIND (MPH)
  HIGHEST WIND SPEED    10   HIGHEST WIND DIRECTION    SE (150)
  HIGHEST GUST SPEED    13   HIGHEST GUST DIRECTION     E (80)
  AVERAGE WIND SPEED     4.5


SKY COVER
  POSSIBLE SUNSHINE  MM
  AVERAGE SKY COVER 0.0


WEATHER CONDITIONS
 THE FOLLOWING WEATHER WAS RECORDED YESTERDAY.
  NO SIGNIFICANT WEATHER WAS OBSERVED.


RELATIVE HUMIDITY (PERCENT)
 HIGHEST    38           500 AM
 LOWEST      8           500 PM
 AVERAGE    23

..........................................................


THE WORLAND WY CLIMATE NORMALS FOR TODAY
                         NORMAL    RECORD    YEAR
 MAXIMUM TEMPERATURE (F)   90       100      2001
 MINIMUM TEMPERATURE (F)   55        49      2006
                                             1975


SUNRISE AND SUNSET
AUGUST  2 2015........SUNRISE   601 AM MDT   SUNSET   835 PM MDT
AUGUST  3 2015........SUNRISE   602 AM MDT   SUNSET   833 PM MDT


-  INDICATES NEGATIVE NUMBERS.
R  INDICATES RECORD WAS SET OR TIED.
MM INDICATES DATA IS MISSING.
T  INDICATES TRACE AMOUNT.




$$
