000
CDUS45 KRIW 290728
CLIWRL


CLIMATE REPORT
NATIONAL WEATHER SERVICE RIVERTON WY
127 AM MDT MON MAY 29 2017


...................................

...THE WORLAND WY CLIMATE SUMMARY FOR MAY 28 2017...

CLIMATE NORMAL PERIOD 1981 TO 2010
CLIMATE RECORD PERIOD 1947 TO 2017


WEATHER ITEM   OBSERVED TIME   RECORD YEAR NORMAL DEPARTURE LAST
                VALUE   (LST)  VALUE       VALUE  FROM      YEAR
                                                  NORMAL
..................................................................
TEMPERATURE (F)
 YESTERDAY
  MAXIMUM         76    259 PM  94    2014  74      2       72
  MINIMUM         41    527 AM  32    1973  45     -4       46
  AVERAGE         59                        59      0       59

PRECIPITATION (IN)
  YESTERDAY        0.06          0.30 1964   0.05   0.01     0.00
  MONTH TO DATE    0.92                      1.27  -0.35     1.42
  SINCE MAR 1      4.40                      2.59   1.81     3.73
  SINCE JAN 1      4.80                      3.01   1.79     3.76

DEGREE DAYS
 HEATING
  YESTERDAY        6                         7     -1        6
  MONTH TO DATE  285                       290     -5      299
  SINCE MAR 1   1524                      1756   -232     1592
  SINCE JUL 1   7399                      7757   -358     6977

 COOLING
  YESTERDAY        0                         1     -1        0
  MONTH TO DATE    0                         2     -2        2
  SINCE MAR 1      0                         3     -3        2
  SINCE JAN 1      0                         3     -3        2
..................................................................


WIND (MPH)
  HIGHEST WIND SPEED    37   HIGHEST WIND DIRECTION     N (360)
  HIGHEST GUST SPEED    50   HIGHEST GUST DIRECTION     N (350)
  AVERAGE WIND SPEED     7.6


SKY COVER
  POSSIBLE SUNSHINE  MM
  AVERAGE SKY COVER 0.5


WEATHER CONDITIONS
 THE FOLLOWING WEATHER WAS RECORDED YESTERDAY.
  HEAVY RAIN
  LIGHT RAIN


RELATIVE HUMIDITY (PERCENT)
 HIGHEST   100          1100 PM
 LOWEST     23           200 PM
 AVERAGE    62

..........................................................


THE WORLAND WY CLIMATE NORMALS FOR TODAY
                         NORMAL    RECORD    YEAR
 MAXIMUM TEMPERATURE (F)   74        94      2003
 MINIMUM TEMPERATURE (F)   45        33      1979


SUNRISE AND SUNSET
MAY 29 2017...........SUNRISE   534 AM MDT   SUNSET   845 PM MDT
MAY 30 2017...........SUNRISE   533 AM MDT   SUNSET   846 PM MDT


-  INDICATES NEGATIVE NUMBERS.
R  INDICATES RECORD WAS SET OR TIED.
MM INDICATES DATA IS MISSING.
T  INDICATES TRACE AMOUNT.




$$
