000
CDUS45 KRIW 190749
CLIWRL


CLIMATE REPORT
NATIONAL WEATHER SERVICE RIVERTON WY
143 AM MDT SAT APR 19 2014


...................................

...THE WORLAND WY CLIMATE SUMMARY FOR APRIL 18 2014...

CLIMATE NORMAL PERIOD 1981 TO 2010
CLIMATE RECORD PERIOD 1947 TO 2014


WEATHER ITEM   OBSERVED TIME   RECORD YEAR NORMAL DEPARTURE LAST
                VALUE   (LST)  VALUE       VALUE  FROM      YEAR
                                                  NORMAL
..................................................................
TEMPERATURE (F)
 YESTERDAY
  MAXIMUM         75   1215 PM  83    2001  61     14       50
  MINIMUM         36   1146 PM  17    2013  32      4       17
  AVERAGE         56                        46     10       34

PRECIPITATION (IN)
  YESTERDAY        0.00          0.85 1991   0.03  -0.03     0.00
  MONTH TO DATE    0.27                      0.40  -0.13     0.33
  SINCE MAR 1      0.67                      0.86  -0.19     0.53
  SINCE JAN 1      1.05                      1.28  -0.23     0.92

DEGREE DAYS
 HEATING
  YESTERDAY        9                        19    -10       31
  MONTH TO DATE  388                       380      8      463
  SINCE MAR 1   1328                      1265     63     1336
  SINCE JUL 1   7708                      7266    442     6918

 COOLING
  YESTERDAY        0                         0      0        0
  MONTH TO DATE    0                         0      0        0
  SINCE MAR 1      0                         0      0        0
  SINCE JAN 1      0                         0      0        0
..................................................................


WIND (MPH)
  HIGHEST WIND SPEED    35   HIGHEST WIND DIRECTION    SW (230)
  HIGHEST GUST SPEED    43   HIGHEST GUST DIRECTION     W (250)
  AVERAGE WIND SPEED    12.4


SKY COVER
  POSSIBLE SUNSHINE  MM
  AVERAGE SKY COVER 0.2


WEATHER CONDITIONS
 THE FOLLOWING WEATHER WAS RECORDED YESTERDAY.
  NO SIGNIFICANT WEATHER WAS OBSERVED.


RELATIVE HUMIDITY (PERCENT)
 HIGHEST    79           400 AM
 LOWEST     18           500 PM
 AVERAGE    49

..........................................................


THE WORLAND WY CLIMATE NORMALS FOR TODAY
                         NORMAL    RECORD    YEAR
 MAXIMUM TEMPERATURE (F)   61        85      1980
 MINIMUM TEMPERATURE (F)   32        19      1982


SUNRISE AND SUNSET
APRIL 19 2014.........SUNRISE   622 AM MDT   SUNSET   801 PM MDT
APRIL 20 2014.........SUNRISE   620 AM MDT   SUNSET   802 PM MDT


-  INDICATES NEGATIVE NUMBERS.
R  INDICATES RECORD WAS SET OR TIED.
MM INDICATES DATA IS MISSING.
T  INDICATES TRACE AMOUNT.




$$
