872
CDUS45 KRIW 210730
CLIWRL


CLIMATE REPORT
NATIONAL WEATHER SERVICE RIVERTON WY
1229 AM MST TUE FEB 21 2017


...................................

...THE WORLAND WY CLIMATE SUMMARY FOR FEBRUARY 20 2017...

CLIMATE NORMAL PERIOD 1981 TO 2010
CLIMATE RECORD PERIOD 1947 TO 2017


WEATHER ITEM   OBSERVED TIME   RECORD YEAR NORMAL DEPARTURE LAST
                VALUE   (LST)  VALUE       VALUE  FROM      YEAR
                                                  NORMAL
..................................................................
TEMPERATURE (F)
 YESTERDAY
  MAXIMUM         55    310 PM  61    1972  40     15       52
  MINIMUM         25    444 AM -11    2006  12     13       23
  AVERAGE         40                        26     14       38

PRECIPITATION (IN)
  YESTERDAY        0.00          0.21 1998   0.01  -0.01     0.00
  MONTH TO DATE    0.11                      0.13  -0.02      T
  SINCE DEC 1      0.50                      0.59  -0.09     0.31
  SINCE JAN 1      0.31                      0.36  -0.05     0.03

DEGREE DAYS
 HEATING
  YESTERDAY       25                        39    -14       27
  MONTH TO DATE  818                       858    -40      643
  SINCE DEC 1   4052                      3814    238     3538
  SINCE JUL 1   5591                      5706   -115     5122

 COOLING
  YESTERDAY        0                         0      0        0
  MONTH TO DATE    0                         0      0        0
  SINCE DEC 1      0                         0      0        0
  SINCE JAN 1      0                         0      0        0
..................................................................


WIND (MPH)
  HIGHEST WIND SPEED    24   HIGHEST WIND DIRECTION     S (190)
  HIGHEST GUST SPEED    28   HIGHEST GUST DIRECTION     S (190)
  AVERAGE WIND SPEED     9.3


SKY COVER
  POSSIBLE SUNSHINE  MM
  AVERAGE SKY COVER 0.0


WEATHER CONDITIONS
 THE FOLLOWING WEATHER WAS RECORDED YESTERDAY.
  NO SIGNIFICANT WEATHER WAS OBSERVED.


RELATIVE HUMIDITY (PERCENT)
 HIGHEST   100           100 AM
 LOWEST     42           100 PM
 AVERAGE    71

..........................................................


THE WORLAND WY CLIMATE NORMALS FOR TODAY
                         NORMAL    RECORD    YEAR
 MAXIMUM TEMPERATURE (F)   40        70      1982
 MINIMUM TEMPERATURE (F)   13       -14      2011


SUNRISE AND SUNSET
FEBRUARY 21 2017......SUNRISE   701 AM MST   SUNSET   550 PM MST
FEBRUARY 22 2017......SUNRISE   700 AM MST   SUNSET   551 PM MST


-  INDICATES NEGATIVE NUMBERS.
R  INDICATES RECORD WAS SET OR TIED.
MM INDICATES DATA IS MISSING.
T  INDICATES TRACE AMOUNT.




$$
