000
CDUS45 KRIW 240741
CLIWRL


CLIMATE REPORT
NATIONAL WEATHER SERVICE RIVERTON WY
136 AM MDT THU APR 24 2014


...................................

...THE WORLAND WY CLIMATE SUMMARY FOR APRIL 23 2014...

CLIMATE NORMAL PERIOD 1981 TO 2010
CLIMATE RECORD PERIOD 1947 TO 2014


WEATHER ITEM   OBSERVED TIME   RECORD YEAR NORMAL DEPARTURE LAST
                VALUE   (LST)  VALUE       VALUE  FROM      YEAR
                                                  NORMAL
..................................................................
TEMPERATURE (F)
 YESTERDAY
  MAXIMUM         60   1204 AM  88    2012  62     -2       34
  MINIMUM         31   1151 PM   4    2013  33     -2        4
  AVERAGE         46                        48     -2       19

PRECIPITATION (IN)
  YESTERDAY        T             0.23 1961   0.04  -0.04      T
  MONTH TO DATE    0.27                      0.57  -0.30     0.90
  SINCE MAR 1      0.67                      1.03  -0.36     1.10
  SINCE JAN 1      1.05                      1.45  -0.40     1.49

DEGREE DAYS
 HEATING
  YESTERDAY       19                        17      2       46
  MONTH TO DATE  458                       469    -11      613
  SINCE MAR 1   1398                      1354     44     1486
  SINCE JUL 1   7778                      7355    423     7068

 COOLING
  YESTERDAY        0                         0      0        0
  MONTH TO DATE    0                         0      0        0
  SINCE MAR 1      0                         0      0        0
  SINCE JAN 1      0                         0      0        0
..................................................................


WIND (MPH)
  HIGHEST WIND SPEED    36   HIGHEST WIND DIRECTION     S (200)
  HIGHEST GUST SPEED    43   HIGHEST GUST DIRECTION     S (200)
  AVERAGE WIND SPEED     9.9


SKY COVER
  POSSIBLE SUNSHINE  MM
  AVERAGE SKY COVER 0.4


WEATHER CONDITIONS
 THE FOLLOWING WEATHER WAS RECORDED YESTERDAY.
  NO SIGNIFICANT WEATHER WAS OBSERVED.


RELATIVE HUMIDITY (PERCENT)
 HIGHEST    63           200 AM
 LOWEST     15           500 PM
 AVERAGE    39

..........................................................


THE WORLAND WY CLIMATE NORMALS FOR TODAY
                         NORMAL    RECORD    YEAR
 MAXIMUM TEMPERATURE (F)   63        85      1974
 MINIMUM TEMPERATURE (F)   34        22      2011
                                             2008


SUNRISE AND SUNSET
APRIL 24 2014.........SUNRISE   614 AM MDT   SUNSET   807 PM MDT
APRIL 25 2014.........SUNRISE   612 AM MDT   SUNSET   808 PM MDT


-  INDICATES NEGATIVE NUMBERS.
R  INDICATES RECORD WAS SET OR TIED.
MM INDICATES DATA IS MISSING.
T  INDICATES TRACE AMOUNT.




$$
