000
CDUS45 KRIW 280740
CLIWRL


CLIMATE REPORT
NATIONAL WEATHER SERVICE RIVERTON WY
138 AM MDT THU MAY 28 2015


...................................

...THE WORLAND WY CLIMATE SUMMARY FOR MAY 27 2015...

CLIMATE NORMAL PERIOD 1981 TO 2010
CLIMATE RECORD PERIOD 1947 TO 2015


WEATHER ITEM   OBSERVED TIME   RECORD YEAR NORMAL DEPARTURE LAST
                VALUE   (LST)  VALUE       VALUE  FROM      YEAR
                                                  NORMAL
..................................................................
TEMPERATURE (F)
 YESTERDAY
  MAXIMUM         73    416 PM  98    1969  73      0       88
  MINIMUM         50    521 AM  34    1965  44      6       53
  AVERAGE         62                        59      3       71

PRECIPITATION (IN)
  YESTERDAY        0.12          0.88 1992   0.04   0.08     0.01
  MONTH TO DATE    2.99                      1.22   1.77     1.10
  SINCE MAR 1      3.34                      2.54   0.80     1.79
  SINCE JAN 1      4.11                      2.96   1.15     2.17

DEGREE DAYS
 HEATING
  YESTERDAY        3                         7     -4        0
  MONTH TO DATE  326                       283     43      283
  SINCE MAR 1   1591                      1749   -158     1805
  SINCE JUL 1   7500                      7750   -250     8185

 COOLING
  YESTERDAY        0                         1     -1        6
  MONTH TO DATE    0                         1     -1       15
  SINCE MAR 1      0                         2     -2       15
  SINCE JAN 1      0                         2     -2       15
..................................................................


WIND (MPH)
  HIGHEST WIND SPEED    26   HIGHEST WIND DIRECTION     N (340)
  HIGHEST GUST SPEED    33   HIGHEST GUST DIRECTION     N (340)
  AVERAGE WIND SPEED     5.2


SKY COVER
  POSSIBLE SUNSHINE  MM
  AVERAGE SKY COVER 0.4


WEATHER CONDITIONS
 THE FOLLOWING WEATHER WAS RECORDED YESTERDAY.
  THUNDERSTORM
  HEAVY RAIN
  LIGHT RAIN


RELATIVE HUMIDITY (PERCENT)
 HIGHEST    93           200 AM
 LOWEST     35           300 PM
 AVERAGE    64

..........................................................


THE WORLAND WY CLIMATE NORMALS FOR TODAY
                         NORMAL    RECORD    YEAR
 MAXIMUM TEMPERATURE (F)   74        94      2014
 MINIMUM TEMPERATURE (F)   45        32      1973


SUNRISE AND SUNSET
MAY 28 2015...........SUNRISE   535 AM MDT   SUNSET   844 PM MDT
MAY 29 2015...........SUNRISE   534 AM MDT   SUNSET   845 PM MDT


-  INDICATES NEGATIVE NUMBERS.
R  INDICATES RECORD WAS SET OR TIED.
MM INDICATES DATA IS MISSING.
T  INDICATES TRACE AMOUNT.




$$
