000
CDAK47 PAYA 260917
CLIYAK

CLIMATE REPORT
NATIONAL WEATHER SERVICE YAKUTAT, AK
1218 AM AKST WED NOV 26 2014

...................................
...THE YAKUTAT AP CLIMATE SUMMARY FOR NOVEMBER 25 2014...

CLIMATE NORMAL PERIOD  1981 TO  2010
CLIMATE RECORD PERIOD  1948 TO  2014

WEATHER ITEM   OBSERVED TIME    RECORD YEAR NORMAL DEPARTURE LAST
               VALUE    (LST)   VALUE       VALUE  FROM      YEAR
                                                   NORMAL
...................................................................
TEMPERATURE
YESTERDAY
 MAXIMUM            37  0319 PM    48  1992     37       0     38
 MINIMUM            30  0507 AM    -4  2006     25       5     19
 AVERAGE            34                          31       3     29

PRECIPITATION
(INCHES)
 YESTERDAY           T           2.63  1959   0.48   -0.48   0.78
 MONTH TO DATE    9.08                       12.05   -2.97   5.93
 SINCE SEP 1     43.82                       55.14   -11.32  48.33
 SINCE JAN 1    122.62                      136.44  -13.82 125.96

SNOWFALL
(INCHES)
 YESTERDAY         0.0           11.7  1986    0.7    -0.7      T
 MONTH TO DATE       T                        14.3   -14.3    5.9
 SINCE SEP 1       0.0                        16.8   -16.8    5.9
 SINCE JUL 1         T                        16.8   -16.8    5.9
 SNOW DEPTH (IN)     0                                          1

DEGREE DAYS
 HEATING
  YESTERDAY         31                          34      -3     36
  MONTH TO DATE    731                         807     -76    842
  SINCE SEP 1     1859                        2048    -189   1879
  SINCE JUL 1     2486                        2726    -240   2443

 COOLING
  YESTERDAY          0                           0       0      0
  MONTH TO DATE      0                           0       0      0
  SINCE SEP 1        0                           0       0      0
  SINCE JAN 1        0                           0       0      0
...................................................................

WIND (MPH)
 HIGHEST WIND SPEED     6     HIGHEST WIND DIRECTION     80
 HIGHEST GUST SPEED     6     HIGHEST GUST DIRECTION     80
 AVERAGE WIND SPEED   0.8

SKY COVER
  POSSIBLE SUNSHINE    MM          AVERAGE SKY COVER     MM

WEATHER CONDITIONS
 THE FOLLOWING WEATHER WAS RECORDED YESTERDAY.
  RAIN


RELATIVE HUMIDITY
 HIGHEST RH     MM PERCENT       MM
 LOWEST  RH     MM PERCENT       MM
 AVERAGE RH     MM PERCENT       MM
...................................................................

THE YAKUTAT CLIMATE NORMALS FOR TODAY
                           NORMAL    RECORD   YEAR
 MAXIMUM TEMPERATURE (F)     36        50     2002
 MINIMUM TEMPERATURE (F)     25        -2     2006

SUNRISE AND SUNSET
 NOV 26 2014..........SUNRISE  8:40 AM      SUNSET  3:32 PM
 NOV 27 2014..........SUNRISE  8:43 AM      SUNSET  3:31 PM

-  INDICATES NEGATIVE NUMBERS.
R  INDICATES RECORD HAS BEEN SET OR TIED.
MM INDICATES DATA IS MISSING.
T  INDICATES TRACE OF PRECIPITATION.

&&
-------------------------------------------------------------------

AMOUNT OF DAYLIGHT TODAY  (HOUR:MIN)........6 HOURS 52 MINUTES
GAIN/LOSS SINCE YESTERDAY (HOUR:MIN:SEC)....-0:03:43

$$
*** NOV 14
