000
CDAK47 PAYA 260001
CLIYAK

CLIMATE REPORT
NATIONAL WEATHER SERVICE YAKUTAT, AK
401 PM AKDT MON MAY 25 2015

...................................
...THE YAKUTAT AP CLIMATE SUMMARY FOR MAY 25 2015...
VALID TODAY AS OF 2:00 PM LOCAL TIME

CLIMATE NORMAL PERIOD  1981 TO  2010
CLIMATE RECORD PERIOD  1948 TO  2015

WEATHER ITEM   OBSERVED TIME    RECORD YEAR NORMAL DEPARTURE LAST
               VALUE    (LST)   VALUE       VALUE  FROM      YEAR
                                                   NORMAL
...................................................................
TEMPERATURE
TODAY
 MAXIMUM            60  0125 PM    69  2010     54       6     55
 MINIMUM            48  0454 AM    25  1966     40       8     32
 AVERAGE            54                          47       7     44

PRECIPITATION
(INCHES)
 TODAY            0.00           1.90  1964   0.27   -0.27   0.00
 MONTH TO DATE    1.51                        6.69   -5.18   2.68
 SINCE MAR 1     26.10                       26.92   -0.82  10.60
 SINCE JAN 1     50.47                       51.44   -0.97  37.66

SNOWFALL
(INCHES)
 TODAY             0.0              T  2001    0.0     0.0    0.0
 MONTH TO DATE     0.0                         0.4    -0.4    0.0
 SINCE MAR 1      34.3                        37.8    -3.5   13.6
 SINCE JUL 1      47.1                       140.0   -92.9  109.0
 SNOW DEPTH (IN)     0                                          0

DEGREE DAYS
 HEATING
  TODAY             11                          18      -7     21
  MONTH TO DATE    443                         523     -80    443
  SINCE MAR 1     2139                        2361    -222   2349
  SINCE JUL 1     7571                        8490    -919   8162

 COOLING
  TODAY              0                           0       0      0
  MONTH TO DATE      0                           0       0      0
  SINCE MAR 1        0                           0       0      0
  SINCE JAN 1        0                           0       0      0
...................................................................

WIND (MPH)
 HIGHEST WIND SPEED    14     HIGHEST WIND DIRECTION    240
 HIGHEST GUST SPEED    18     HIGHEST GUST DIRECTION    240
 AVERAGE WIND SPEED    MM

SKY COVER
  POSSIBLE SUNSHINE  MM            AVERAGE SKY COVER MM

WEATHER CONDITIONS
 THE FOLLOWING WEATHER WAS RECORDED TODAY.
NO SIGNIFICANT WEATHER WAS OBSERVED.

RELATIVE HUMIDITY
 HIGHEST RH     MM PERCENT       MM
 LOWEST  RH     MM PERCENT       MM
 AVERAGE RH     MM PERCENT       MM
...................................................................

THE YAKUTAT CLIMATE NORMALS FOR TOMORROW
                        NORMAL    RECORD   YEAR
 MAXIMUM TEMPERATURE      54        71     1990
 MINIMUM TEMPERATURE      40        30     2001

SUNRISE AND SUNSET
 MAY 25 2015..........SUNRISE  4:24 AM      SUNSET 10:09 PM
 MAY 26 2015..........SUNRISE  4:23 AM      SUNSET 10:11 PM

-  INDICATES NEGATIVE NUMBERS.
R  INDICATES RECORD HAS BEEN SET OR TIED.
MM INDICATES DATA IS MISSING.
T  INDICATES TRACE OF PRECIPITATION.

&&
-------------------------------------------------------------------

AMOUNT OF DAYLIGHT TODAY  (HOUR:MIN)........17 HOURS 45 MINUTES
GAIN/LOSS SINCE YESTERDAY (HOUR:MIN:SEC)....+0:03:51

$$
DC MAY 15
