000
CDAK47 PAYA 310930
CLIYAK

CLIMATE REPORT
NATIONAL WEATHER SERVICE YAKUTAT, AK
130 AM AKDT MON AUG 31 2015

...................................
...THE YAKUTAT AP CLIMATE SUMMARY FOR AUGUST 30 2015...

CLIMATE NORMAL PERIOD  1981 TO  2010
CLIMATE RECORD PERIOD  1917 TO  2015

WEATHER ITEM   OBSERVED TIME    RECORD YEAR NORMAL DEPARTURE LAST
               VALUE    (LST)   VALUE       VALUE  FROM      YEAR
                                                   NORMAL
...................................................................
TEMPERATURE
YESTERDAY
 MAXIMUM            54  0353 PM    71  1963     59      -5     56
 MINIMUM            45  1101 PM    32  1992     44       1     46
 AVERAGE            50                          52      -2     51

PRECIPITATION
(INCHES)
 YESTERDAY        0.72           2.24  1965   0.53    0.19   0.48
 MONTH TO DATE   13.91                       13.53    0.38  22.47
 SINCE JUN 1     34.37                       27.80    6.57  38.99
 SINCE JAN 1     84.95                       80.76    4.19  78.10

SNOWFALL
(INCHES)
 YESTERDAY         0.0            0.0  2015    0.0     0.0    0.0
 MONTH TO DATE     0.0                         0.0     0.0    0.0
 SINCE JUN 1       0.0                         0.0     0.0    0.0
 SINCE JUL 1       0.0                         0.0     0.0    0.0
 SNOW DEPTH (IN)     0                                          0

DEGREE DAYS
 HEATING
  YESTERDAY         15                          13       2     14
  MONTH TO DATE    286                         332     -46    301
  SINCE JUN 1      888                        1090    -202   1060
  SINCE JUL 1      554                         664    -110    614

 COOLING
  YESTERDAY          0                           0       0      0
  MONTH TO DATE      0                           0       0      0
  SINCE JUN 1        0                           0       0      0
  SINCE JAN 1        0                           0       0      0
...................................................................

WIND (MPH)
 HIGHEST WIND SPEED    12     HIGHEST WIND DIRECTION     50
 HIGHEST GUST SPEED    15     HIGHEST GUST DIRECTION     70
 AVERAGE WIND SPEED   4.0

SKY COVER
  POSSIBLE SUNSHINE    MM          AVERAGE SKY COVER     MM

WEATHER CONDITIONS
 THE FOLLOWING WEATHER WAS RECORDED YESTERDAY.
  FOG
RAIN


RELATIVE HUMIDITY
 HIGHEST RH     MM PERCENT       MM
 LOWEST  RH     MM PERCENT       MM
 AVERAGE RH     MM PERCENT       MM
...................................................................

THE YAKUTAT CLIMATE NORMALS FOR TODAY
                           NORMAL    RECORD   YEAR
 MAXIMUM TEMPERATURE (F)     59        75     1963
 MINIMUM TEMPERATURE (F)     44        33     1922

SUNRISE AND SUNSET
 AUG 31 2015..........SUNRISE  6:13 AM      SUNSET  8:24 PM
 SEP 1 2015..........SUNRISE  6:15 AM      SUNSET  8:21 PM

-  INDICATES NEGATIVE NUMBERS.
R  INDICATES RECORD HAS BEEN SET OR TIED.
MM INDICATES DATA IS MISSING.
T  INDICATES TRACE OF PRECIPITATION.

&&
-------------------------------------------------------------------

AMOUNT OF DAYLIGHT TODAY  (HOUR:MIN)........14 HOURS 11 MINUTES
GAIN/LOSS SINCE YESTERDAY (HOUR:MIN:SEC)....-0:05:14

$$
*** AUG 15
