667
CDAK47 PAYA 110913
CLIYAK

CLIMATE REPORT
NATIONAL WEATHER SERVICE YAKUTAT, AK
1213 AM AKST THU FEB 11 2016

...................................
...THE YAKUTAT AP CLIMATE SUMMARY FOR FEBRUARY 10 2016...

CLIMATE NORMAL PERIOD  1981 TO  2010
CLIMATE RECORD PERIOD  1948 TO  2016

WEATHER ITEM   OBSERVED TIME    RECORD YEAR NORMAL DEPARTURE LAST
               VALUE    (LST)   VALUE       VALUE  FROM      YEAR
                                                   NORMAL
...................................................................
TEMPERATURE
YESTERDAY
 MAXIMUM            46  1205 AM    47  2006     36      10     39
 MINIMUM            40  0817 PM   -10  1979     23      17     13
 AVERAGE            43                          29      14     26

PRECIPITATION
(INCHES)
 YESTERDAY        0.25           1.98  1996   0.38   -0.13   0.02
 MONTH TO DATE    3.09                        3.78   -0.69   0.20
 SINCE DEC 1     27.46                       33.72   -6.26  26.27
 SINCE JAN 1     17.51                       17.44    0.07  14.22

SNOWFALL
(INCHES)
 YESTERDAY         0.0           11.7  2008    0.9    -0.9    0.0
 MONTH TO DATE     1.1                        10.6    -9.5    4.0
 SINCE DEC 1      25.3                        64.9   -39.6    7.5
 SINCE JUL 1      48.1                        85.6   -37.5   12.8
 SNOW DEPTH (IN)     T                                          5

DEGREE DAYS
 HEATING
  YESTERDAY         22                          36     -14     39
  MONTH TO DATE    284                         360     -76    415
  SINCE DEC 1     2198                        2601    -403   2291
  SINCE JUL 1     4819                        5499    -680   4971

 COOLING
  YESTERDAY          0                           0       0      0
  MONTH TO DATE      0                           0       0      0
  SINCE DEC 1        0                           0       0      0
  SINCE JAN 1        0                           0       0      0
...................................................................

WIND (MPH)
 HIGHEST WIND SPEED    21     HIGHEST WIND DIRECTION    130
 HIGHEST GUST SPEED    31     HIGHEST GUST DIRECTION    120
 AVERAGE WIND SPEED   7.5

SKY COVER
  POSSIBLE SUNSHINE    MM          AVERAGE SKY COVER     MM

WEATHER CONDITIONS
 THE FOLLOWING WEATHER WAS RECORDED YESTERDAY.
  FOG
RAIN


RELATIVE HUMIDITY
 HIGHEST RH     MM PERCENT       MM
 LOWEST  RH     MM PERCENT       MM
 AVERAGE RH     MM PERCENT       MM
...................................................................

THE YAKUTAT CLIMATE NORMALS FOR TODAY
                           NORMAL    RECORD   YEAR
 MAXIMUM TEMPERATURE (F)     36        49     2006
 MINIMUM TEMPERATURE (F)     23       -11     1979

SUNRISE AND SUNSET
 FEB 11 2016..........SUNRISE  8:07 AM      SUNSET  5:01 PM
 FEB 12 2016..........SUNRISE  8:04 AM      SUNSET  5:04 PM

-  INDICATES NEGATIVE NUMBERS.
R  INDICATES RECORD HAS BEEN SET OR TIED.
MM INDICATES DATA IS MISSING.
T  INDICATES TRACE OF PRECIPITATION.

&&
-------------------------------------------------------------------

AMOUNT OF DAYLIGHT TODAY  (HOUR:MIN)........8 HOURS 54 MINUTES
GAIN/LOSS SINCE YESTERDAY (HOUR:MIN:SEC)....+0:05:08

$$
*** FEB 16
