000
CDAK47 PAYA 010917
CLIYAK

CLIMATE REPORT
NATIONAL WEATHER SERVICE YAKUTAT, AK
117 AM AKDT MON SEP 1 2014

...................................
...THE YAKUTAT AP CLIMATE SUMMARY FOR AUGUST 31 2014...

CLIMATE NORMAL PERIOD  1981 TO  2010
CLIMATE RECORD PERIOD  1948 TO  2014

WEATHER ITEM   OBSERVED TIME    RECORD YEAR NORMAL DEPARTURE LAST
               VALUE    (LST)   VALUE       VALUE  FROM      YEAR
                                                   NORMAL
...................................................................
TEMPERATURE
YESTERDAY
 MAXIMUM            54  0238 PM    75  1963     59      -5     59
 MINIMUM            49  0642 AM    34  1990     44       5     54
 AVERAGE            52                          51       1     57

PRECIPITATION
(INCHES)
 YESTERDAY        0.70           4.13  1952   0.54    0.16   1.15
 MONTH TO DATE   23.17                       14.07    9.10   9.55
 SINCE JUN 1     39.69                       28.34   11.35  19.44
 SINCE JAN 1     78.80                       81.30   -2.50  77.63

SNOWFALL
(INCHES)
 YESTERDAY         0.0            0.0  2014    0.0     0.0    0.0
 MONTH TO DATE     0.0                         0.0     0.0    0.0
 SINCE JUN 1       0.0                         0.0     0.0    0.0
 SINCE JUL 1       0.0                         0.0     0.0    0.0
 SNOW DEPTH (IN)     0                                          0

DEGREE DAYS
 HEATING
  YESTERDAY         13                          14      -1      8
  MONTH TO DATE    314                         346     -32    267
  SINCE JUN 1     1073                        1104     -31    906
  SINCE JUL 1      627                         678     -51    564

 COOLING
  YESTERDAY          0                           0       0      0
  MONTH TO DATE      0                           0       0      0
  SINCE JUN 1        0                           0       0      0
  SINCE JAN 1        0                           0       0      0
...................................................................

WIND (MPH)
 HIGHEST WIND SPEED     9     HIGHEST WIND DIRECTION     90
 HIGHEST GUST SPEED    12     HIGHEST GUST DIRECTION    100
 AVERAGE WIND SPEED   3.1

SKY COVER
  POSSIBLE SUNSHINE    MM          AVERAGE SKY COVER     MM

WEATHER CONDITIONS
 THE FOLLOWING WEATHER WAS RECORDED YESTERDAY.
  FOG
RAIN


RELATIVE HUMIDITY
 HIGHEST RH     MM PERCENT       MM
 LOWEST  RH     MM PERCENT       MM
 AVERAGE RH     MM PERCENT       MM
...................................................................

THE YAKUTAT CLIMATE NORMALS FOR TODAY
                           NORMAL    RECORD   YEAR
 MAXIMUM TEMPERATURE (F)     59        67     1981
 MINIMUM TEMPERATURE (F)     44        31     1987

SUNRISE AND SUNSET
 SEP 1 2014..........SUNRISE  6:16 AM      SUNSET  8:21 PM
 SEP 2 2014..........SUNRISE  6:18 AM      SUNSET  8:18 PM

-  INDICATES NEGATIVE NUMBERS.
R  INDICATES RECORD HAS BEEN SET OR TIED.
MM INDICATES DATA IS MISSING.
T  INDICATES TRACE OF PRECIPITATION.

&&
-------------------------------------------------------------------

AMOUNT OF DAYLIGHT TODAY  (HOUR:MIN)........14 HOURS 5 MINUTES
GAIN/LOSS SINCE YESTERDAY (HOUR:MIN:SEC)....-0:05:14

$$
*** SEP 14
