000
CDUS46 KPDT 280930
CLIYKM

CLIMATE REPORT
NATIONAL WEATHER SERVICE PENDLETON OR
223 AM PDT THU AUG 28 2014


...................................

...THE YAKIMA WA CLIMATE SUMMARY FOR AUGUST 27 2014...

CLIMATE NORMAL PERIOD 1981 TO 2010
CLIMATE RECORD PERIOD 1946 TO 2014


WEATHER ITEM   OBSERVED TIME   RECORD YEAR NORMAL DEPARTURE LAST
                VALUE   (LST)  VALUE       VALUE  FROM      YEAR
                                                  NORMAL
..................................................................
TEMPERATURE (F)
 YESTERDAY
  MAXIMUM         95    355 PM 100    1972  84     11       86
  MINIMUM         58    558 AM  39    1960  49      9       49
  AVERAGE         77                        67     10       68

PRECIPITATION (IN)
  YESTERDAY        0.00          0.40 1975   0.01  -0.01     0.00
  MONTH TO DATE    0.90                      0.22   0.68     0.15
  SINCE OCT 1      4.79                      7.85  -3.06     8.12
  SINCE JAN 1      3.96                      4.73  -0.77     4.32

SNOWFALL (IN)
  YESTERDAY        0.0           0.0  2002   0.0    0.0      0.0
                                      2001
                                      1999
  MONTH TO DATE    0.0                       0.0    0.0      0.0
  SINCE JAN 1     19.9                       8.6   11.3      1.1
  SINCE JUL 1      0.0                       0.0    0.0      0.0
  SNOW DEPTH       0

DEGREE DAYS
 HEATING
  YESTERDAY        0                         1     -1        0
  MONTH TO DATE    0                        20    -20        0
  SINCE JUN 1     35                       139   -104       39
  SINCE JUL 1      5                        41    -36        0

 COOLING
  YESTERDAY       12                         3      9        3
  MONTH TO DATE  280                       147    133      245
  SINCE JUN 1    790                       407    383      756
  SINCE JAN 1    813                       427    386      808
..................................................................


WIND (MPH)
  HIGHEST WIND SPEED    17   HIGHEST WIND DIRECTION     N (340)
  HIGHEST GUST SPEED    21   HIGHEST GUST DIRECTION     N (340)
  AVERAGE WIND SPEED     6.1


SKY COVER
  POSSIBLE SUNSHINE  MM
  AVERAGE SKY COVER 0.1


WEATHER CONDITIONS
THE FOLLOWING WEATHER WAS RECORDED YESTERDAY.
  NO SIGNIFICANT WEATHER WAS OBSERVED.


RELATIVE HUMIDITY (PERCENT)
 HIGHEST    86           400 AM
 LOWEST     26           200 PM
 AVERAGE    56

..........................................................


THE YAKIMA WA CLIMATE NORMALS FOR TODAY
                         NORMAL    RECORD    YEAR
 MAXIMUM TEMPERATURE (F)   84       102      1972
 MINIMUM TEMPERATURE (F)   49        37      1980


SUNRISE AND SUNSET
AUGUST 28 2014........SUNRISE   617 AM PDT   SUNSET   749 PM PDT
AUGUST 29 2014........SUNRISE   618 AM PDT   SUNSET   747 PM PDT


-  INDICATES NEGATIVE NUMBERS.
R  INDICATES RECORD WAS SET OR TIED.
MM INDICATES DATA IS MISSING.
T  INDICATES TRACE AMOUNT.




$$
