000
CDUS46 KPDT 010830
CLIYKM

CLIMATE REPORT
NATIONAL WEATHER SERVICE PENDLETON OR
1228 AM PST SUN MAR 1 2015


...................................

...THE YAKIMA WA CLIMATE SUMMARY FOR FEBRUARY 28 2015...

CLIMATE NORMAL PERIOD 1981 TO 2010
CLIMATE RECORD PERIOD 1946 TO 2015


WEATHER ITEM   OBSERVED TIME   RECORD YEAR NORMAL DEPARTURE LAST
                VALUE   (LST)  VALUE       VALUE  FROM      YEAR
                                                  NORMAL
..................................................................
TEMPERATURE (F)
 YESTERDAY
  MAXIMUM         55    345 PM  65    1988  51      4       51
                                      1972
  MINIMUM         27   1159 PM  10    1993  27      0       26
                                      1960
  AVERAGE         41                        39      2       39

PRECIPITATION (IN)
  YESTERDAY        0.00          0.52 2006   0.03  -0.03      T
  MONTH TO DATE    0.99                      0.78   0.21     1.43
  SINCE OCT 1      3.79                      5.04  -1.25     2.56
  SINCE JAN 1      1.69                      1.92  -0.23     1.73

SNOWFALL (IN)
  YESTERDAY        0.0           5.0  2012   0.1   -0.1      0.0
  MONTH TO DATE    0.0                       2.6   -2.6     17.7
  SINCE JAN 1      1.6                       7.9   -6.3     18.2
  SINCE JUL 1      1.6                      20.9  -19.3     18.2
  SNOW DEPTH       0

DEGREE DAYS
 HEATING
  YESTERDAY       24                        26     -2       26
  MONTH TO DATE  574                       809   -235      896
  SINCE DEC 1   2398                      2994   -596     2986
  SINCE JUL 1   3582                      4527   -945     4402

 COOLING
  YESTERDAY        0                         0      0        0
  MONTH TO DATE    0                         0      0        0
  SINCE DEC 1      0                         0      0        0
  SINCE JAN 1      0                         0      0        0
..................................................................


WIND (MPH)
  HIGHEST WIND SPEED    28   HIGHEST WIND DIRECTION    NE (30)
  HIGHEST GUST SPEED    35   HIGHEST GUST DIRECTION     N (20)
  AVERAGE WIND SPEED     9.8


SKY COVER
  POSSIBLE SUNSHINE  MM
  AVERAGE SKY COVER 0.1


WEATHER CONDITIONS
 THE FOLLOWING WEATHER WAS RECORDED YESTERDAY.
  NO SIGNIFICANT WEATHER WAS OBSERVED.


RELATIVE HUMIDITY (PERCENT)
 HIGHEST    75          1100 PM
 LOWEST     18           500 PM
 AVERAGE    47

..........................................................


THE YAKIMA WA CLIMATE NORMALS FOR TODAY
                         NORMAL    RECORD    YEAR
 MAXIMUM TEMPERATURE (F)   51        68      2013
 MINIMUM TEMPERATURE (F)   28        10      1993


SUNRISE AND SUNSET
MARCH  1 2015.........SUNRISE   642 AM PST   SUNSET   548 PM PST
MARCH  2 2015.........SUNRISE   640 AM PST   SUNSET   549 PM PST


-  INDICATES NEGATIVE NUMBERS.
R  INDICATES RECORD WAS SET OR TIED.
MM INDICATES DATA IS MISSING.
T  INDICATES TRACE AMOUNT.




$$
