000
CDUS46 KPDT 010827
CLIYKM

CLIMATE REPORT
NATIONAL WEATHER SERVICE PENDLETON OR
1226 AM PST SUN FEB 1 2015


...................................

...THE YAKIMA WA CLIMATE SUMMARY FOR JANUARY 31 2015...

CLIMATE NORMAL PERIOD 1981 TO 2010
CLIMATE RECORD PERIOD 1946 TO 2015


WEATHER ITEM   OBSERVED TIME   RECORD YEAR NORMAL DEPARTURE LAST
                VALUE   (LST)  VALUE       VALUE  FROM      YEAR
                                                  NORMAL
..................................................................
TEMPERATURE (F)
 YESTERDAY
  MAXIMUM         39    353 PM  65    1971  42     -3       46
  MINIMUM         35    636 AM -21    1950  25     10       25
  AVERAGE         37                        34      3       36

PRECIPITATION (IN)
  YESTERDAY        0.00          1.36 1963   0.03  -0.03     0.00
  MONTH TO DATE    0.70                      1.14  -0.44     0.30
  SINCE OCT 1      2.80                      4.26  -1.46     1.13
  SINCE JAN 1      0.70                      1.14  -0.44     0.30

SNOWFALL (IN)
  YESTERDAY        0.0         103.4  1947   0.1   -0.1      0.0
  MONTH TO DATE    1.6                       5.3   -3.7      0.5
  SINCE JAN 1      1.6                       5.3   -3.7      0.5
  SINCE JUL 1      1.6                      18.3  -16.7      0.5
  SNOW DEPTH       0

DEGREE DAYS
 HEATING
  YESTERDAY       28                        31     -3       29
  MONTH TO DATE  930                      1057   -127      935
  SINCE DEC 1   1824                      2185   -361     2090
  SINCE JUL 1   3008                      3718   -710     3506

 COOLING
  YESTERDAY        0                         0      0        0
  MONTH TO DATE    0                         0      0        0
  SINCE DEC 1      0                         0      0        0
  SINCE JAN 1      0                         0      0        0
..................................................................


WIND (MPH)
  HIGHEST WIND SPEED     6   HIGHEST WIND DIRECTION     W (260)
  HIGHEST GUST SPEED     8   HIGHEST GUST DIRECTION    SE (140)
  AVERAGE WIND SPEED     1.5


SKY COVER
  POSSIBLE SUNSHINE  MM
  AVERAGE SKY COVER 1.0


WEATHER CONDITIONS
THE FOLLOWING WEATHER WAS RECORDED YESTERDAY.
  NO SIGNIFICANT WEATHER WAS OBSERVED.


RELATIVE HUMIDITY (PERCENT)
 HIGHEST    89           400 AM
 LOWEST     70          1200 PM
 AVERAGE    80

..........................................................


THE YAKIMA WA CLIMATE NORMALS FOR TODAY
                         NORMAL    RECORD    YEAR
 MAXIMUM TEMPERATURE (F)   43        59      1971
 MINIMUM TEMPERATURE (F)   25       -25      1950


SUNRISE AND SUNSET
FEBRUARY  1 2015......SUNRISE   726 AM PST   SUNSET   506 PM PST
FEBRUARY  2 2015......SUNRISE   725 AM PST   SUNSET   507 PM PST


-  INDICATES NEGATIVE NUMBERS.
R  INDICATES RECORD WAS SET OR TIED.
MM INDICATES DATA IS MISSING.
T  INDICATES TRACE AMOUNT.




$$
