000
CDUS46 KPDT 010834
CLIYKM

CLIMATE REPORT
NATIONAL WEATHER SERVICE PENDLETON OR
134 AM PDT FRI AUG 1 2014


...................................

...THE YAKIMA WA CLIMATE SUMMARY FOR JULY 31 2014...

CLIMATE NORMAL PERIOD 1981 TO 2010
CLIMATE RECORD PERIOD 1946 TO 2014


WEATHER ITEM   OBSERVED TIME   RECORD YEAR NORMAL DEPARTURE LAST
                VALUE   (LST)  VALUE       VALUE  FROM      YEAR
                                                  NORMAL
..................................................................
TEMPERATURE (F)
 YESTERDAY
  MAXIMUM        100    435 PM 108    1971  90     10       90
  MINIMUM         65    500 AM  42    1964  54     11       62
  AVERAGE         83                        72     11       76

PRECIPITATION (IN)
  YESTERDAY        0.00          0.13 1984   0.01  -0.01     0.00
  MONTH TO DATE    0.06                      0.22  -0.16      T
  SINCE OCT 1      3.89                      7.63  -3.74     7.97
  SINCE JAN 1      3.06                      4.51  -1.45     4.17

SNOWFALL (IN)
  YESTERDAY        0.0           0.0  2002   0.0    0.0      0.0
                                      2001
                                      2000
  MONTH TO DATE    0.0                       0.0    0.0      0.0
  SINCE JAN 1     19.9                       8.6   11.3      1.1
  SINCE JUL 1      0.0                       0.0    0.0      0.0
  SNOW DEPTH       0

DEGREE DAYS
 HEATING
  YESTERDAY        0                         0      0        0
  MONTH TO DATE    5                        19    -14        0
  SINCE JUN 1     35                       119    -84       39
  SINCE JUL 1      5                        21    -16        0

 COOLING
  YESTERDAY       18                         7     11       11
  MONTH TO DATE  408                       195    213      395
  SINCE JUN 1    510                       260    250      511
  SINCE JAN 1    533                       280    253      563
..................................................................


WIND (MPH)
  HIGHEST WIND SPEED    15   HIGHEST WIND DIRECTION    NW (330)
  HIGHEST GUST SPEED    19   HIGHEST GUST DIRECTION    NW (330)
  AVERAGE WIND SPEED     6.3


SKY COVER
  POSSIBLE SUNSHINE  MM
  AVERAGE SKY COVER 0.1


WEATHER CONDITIONS
 THE FOLLOWING WEATHER WAS RECORDED YESTERDAY.
  NO SIGNIFICANT WEATHER WAS OBSERVED.


RELATIVE HUMIDITY (PERCENT)
 HIGHEST    48           500 AM
 LOWEST     11           200 PM
 AVERAGE    30

..........................................................


THE YAKIMA WA CLIMATE NORMALS FOR TODAY
                         NORMAL    RECORD    YEAR
 MAXIMUM TEMPERATURE (F)   90       105      1971
 MINIMUM TEMPERATURE (F)   54        40      1987


SUNRISE AND SUNSET
AUGUST  1 2014........SUNRISE   543 AM PDT   SUNSET   833 PM PDT
AUGUST  2 2014........SUNRISE   544 AM PDT   SUNSET   832 PM PDT


-  INDICATES NEGATIVE NUMBERS.
R  INDICATES RECORD WAS SET OR TIED.
MM INDICATES DATA IS MISSING.
T  INDICATES TRACE AMOUNT.


$$
