448
CDUS46 KPDT 230901
CLIYKM

CLIMATE REPORT
NATIONAL WEATHER SERVICE PENDLETON OR
200 AM PDT MON OCT 23 2017


...................................

...THE YAKIMA WA CLIMATE SUMMARY FOR OCTOBER 22 2017...

CLIMATE NORMAL PERIOD 1981 TO 2010
CLIMATE RECORD PERIOD 1946 TO 2017


WEATHER ITEM   OBSERVED TIME   RECORD YEAR NORMAL DEPARTURE LAST
                VALUE   (LST)  VALUE       VALUE  FROM      YEAR
                                                  NORMAL
..................................................................
TEMPERATURE (F)
 YESTERDAY
  MAXIMUM         65    305 PM  76    1952  61      4       61
  MINIMUM         44   1149 PM  20    1984  32     12       34
  AVERAGE         55                        46      9       48

PRECIPITATION (IN)
  YESTERDAY        0.40R         0.38 1957   0.02   0.38     0.00
  MONTH TO DATE    0.79                      0.33   0.46     1.45
  SINCE OCT 1      0.79                      0.33   0.46     1.45
  SINCE JAN 1      8.74                      5.46   3.28     7.51

SNOWFALL (IN)
  YESTERDAY        0.0           0.4  1957   0.0    0.0      0.0
  MONTH TO DATE    0.0                       0.0    0.0      0.0
  SINCE JAN 1     29.1                       8.6   20.5     12.5
  SINCE JUL 1      0.0                       0.0    0.0      0.0
  SNOW DEPTH       0

DEGREE DAYS
 HEATING
  YESTERDAY       10                        18     -8       17
  MONTH TO DATE  316                       313      3      257
  SINCE SEP 1    420                       473    -53      339
  SINCE JUL 1    420                       521   -101      342

 COOLING
  YESTERDAY        0                         0      0        0
  MONTH TO DATE    0                         0      0        0
  SINCE SEP 1    116                        32     84       21
  SINCE JAN 1   1054                       472    582      774
..................................................................


WIND (MPH)
  HIGHEST WIND SPEED    29   HIGHEST WIND DIRECTION     W (270)
  HIGHEST GUST SPEED    36   HIGHEST GUST DIRECTION     W (280)
  AVERAGE WIND SPEED     9.5


SKY COVER
  POSSIBLE SUNSHINE  MM
  AVERAGE SKY COVER 0.4


WEATHER CONDITIONS
 THE FOLLOWING WEATHER WAS RECORDED YESTERDAY.
  HEAVY RAIN
  RAIN
  LIGHT RAIN
  FOG


RELATIVE HUMIDITY (PERCENT)
 HIGHEST    93          1200 AM
 LOWEST     34           300 PM
 AVERAGE    64

..........................................................


THE YAKIMA WA CLIMATE NORMALS FOR TODAY
                         NORMAL    RECORD    YEAR
 MAXIMUM TEMPERATURE (F)   60        73      2013
 MINIMUM TEMPERATURE (F)   32        24      2002
                                             1984


SUNRISE AND SUNSET
OCTOBER 23 2017.......SUNRISE   731 AM PDT   SUNSET   601 PM PDT
OCTOBER 24 2017.......SUNRISE   733 AM PDT   SUNSET   559 PM PDT


-  INDICATES NEGATIVE NUMBERS.
R  INDICATES RECORD WAS SET OR TIED.
MM INDICATES DATA IS MISSING.
T  INDICATES TRACE AMOUNT.




$$
