000
CDUS46 KPDT 230847 RRA
CLIYKM

CLIMATE REPORT
NATIONAL WEATHER SERVICE PENDLETON OR
144 AM PDT SAT MAY 23 2015


...................................

...THE YAKIMA WA CLIMATE SUMMARY FOR MAY 22 2015...

CLIMATE NORMAL PERIOD 1981 TO 2010
CLIMATE RECORD PERIOD 1946 TO 2015


WEATHER ITEM   OBSERVED TIME   RECORD YEAR NORMAL DEPARTURE LAST
                VALUE   (LST)  VALUE       VALUE  FROM      YEAR
                                                  NORMAL
..................................................................
TEMPERATURE (F)
 YESTERDAY
  MAXIMUM         80    514 PM  95    1958  74      6       88
  MINIMUM         59   1247 AM  27    1960  44     15       55
  AVERAGE         70                        59     11       72

PRECIPITATION (IN)
  YESTERDAY        T             0.95 2013   0.02  -0.02      T
  MONTH TO DATE    1.80                      0.39   1.41     0.12
  SINCE OCT 1      6.32                      6.60  -0.28     3.74
  SINCE JAN 1      4.22                      3.48   0.74     2.91

SNOWFALL (IN)
  YESTERDAY        0.0           0.0  2002   0.0    0.0      0.0
                                      2001
                                      2000
  MONTH TO DATE    0.0                       0.0    0.0      0.0
  SINCE JAN 1      1.6                       8.6   -7.0     19.9
  SINCE JUL 1      1.6                      21.6  -20.0     19.9
  SNOW DEPTH       0

DEGREE DAYS
 HEATING
  YESTERDAY        0                         7     -7        0
  MONTH TO DATE   86                       208   -122      112
  SINCE MAR 1    925                      1363   -438     1127
  SINCE JUL 1   4507                      5890  -1383     5529

 COOLING
  YESTERDAY        5                         1      4        7
  MONTH TO DATE   31                        11     20       19
  SINCE MAR 1     31                        12     19       19
  SINCE JAN 1     31                        12     19       19
..................................................................


WIND (MPH)
  HIGHEST WIND SPEED    20   HIGHEST WIND DIRECTION     W (290)
  HIGHEST GUST SPEED    27   HIGHEST GUST DIRECTION    NW (300)
  AVERAGE WIND SPEED     8.1


SKY COVER
  POSSIBLE SUNSHINE  MM
  AVERAGE SKY COVER 0.6


WEATHER CONDITIONS
 THE FOLLOWING WEATHER WAS RECORDED YESTERDAY.
  LIGHT RAIN


RELATIVE HUMIDITY (PERCENT)
 HIGHEST    78           500 AM
 LOWEST     36           500 PM
 AVERAGE    57

..........................................................


THE YAKIMA WA CLIMATE NORMALS FOR TODAY
                         NORMAL    RECORD    YEAR
 MAXIMUM TEMPERATURE (F)   74        98      2001
 MINIMUM TEMPERATURE (F)   44        26      1964


SUNRISE AND SUNSET
MAY 23 2015...........SUNRISE   520 AM PDT   SUNSET   839 PM PDT
MAY 24 2015...........SUNRISE   519 AM PDT   SUNSET   840 PM PDT


-  INDICATES NEGATIVE NUMBERS.
R  INDICATES RECORD WAS SET OR TIED.
MM INDICATES DATA IS MISSING.
T  INDICATES TRACE AMOUNT.




$$
