000
CDUS46 KPDT 240901 RRA
CLIYKM

CLIMATE REPORT
NATIONAL WEATHER SERVICE PENDLETON OR
159 AM PDT SAT JUN 24 2017


...................................

...THE YAKIMA WA CLIMATE SUMMARY FOR JUNE 23 2017...

CLIMATE NORMAL PERIOD 1981 TO 2010
CLIMATE RECORD PERIOD 1946 TO 2017


WEATHER ITEM   OBSERVED TIME   RECORD YEAR NORMAL DEPARTURE LAST
                VALUE   (LST)  VALUE       VALUE  FROM      YEAR
                                                  NORMAL
..................................................................
TEMPERATURE (F)
 YESTERDAY
  MAXIMUM         88    449 PM 105    1992  81      7       82
  MINIMUM         50    401 AM  38    2003  50      0       57
                                      1997
                                      1993
  AVERAGE         69                        65      4       70

PRECIPITATION (IN)
  YESTERDAY        0.00          0.11 1994   0.01  -0.01      T
                                      1966
  MONTH TO DATE    0.19                      0.51  -0.32     0.22
  SINCE OCT 1     11.49                      7.30   4.19    10.32
  SINCE JAN 1      7.57                      4.18   3.39     5.67

SNOWFALL (IN)
  YESTERDAY        0.0           0.0  2002   0.0    0.0      0.0
                                      2001
                                      2000
  MONTH TO DATE    0.0                       0.0    0.0      0.0
  SINCE JAN 1     29.1                       8.6   20.5     12.5
  SINCE JUL 1     36.5                      21.6   14.9     31.4
  SNOW DEPTH       0

DEGREE DAYS
 HEATING
  YESTERDAY        0                         2     -2        0
  MONTH TO DATE   51                        84    -33       68
  SINCE JUN 1     51                        84    -33       68
  SINCE JUL 1   5671                      6028   -357     4656

 COOLING
  YESTERDAY        4                         3      1        5
  MONTH TO DATE   70                        39     31      109
  SINCE JUN 1     70                        39     31      109
  SINCE JAN 1    127                        59     68      148
..................................................................


WIND (MPH)
  HIGHEST WIND SPEED    12   HIGHEST WIND DIRECTION     W (270)
  HIGHEST GUST SPEED    14   HIGHEST GUST DIRECTION     W (270)
  AVERAGE WIND SPEED     6.1


SKY COVER
  POSSIBLE SUNSHINE  MM
  AVERAGE SKY COVER 0.0


WEATHER CONDITIONS
 THE FOLLOWING WEATHER WAS RECORDED YESTERDAY.
  NO SIGNIFICANT WEATHER WAS OBSERVED.


RELATIVE HUMIDITY (PERCENT)
 HIGHEST    71          1200 AM
 LOWEST     17          1200 PM
 AVERAGE    44

..........................................................


THE YAKIMA WA CLIMATE NORMALS FOR TODAY
                         NORMAL    RECORD    YEAR
 MAXIMUM TEMPERATURE (F)   82       102      1992
 MINIMUM TEMPERATURE (F)   50        39      2007
                                             1993
                                             1983


SUNRISE AND SUNSET
JUNE 24 2017..........SUNRISE   510 AM PDT   SUNSET   859 PM PDT
JUNE 25 2017..........SUNRISE   510 AM PDT   SUNSET   859 PM PDT


-  INDICATES NEGATIVE NUMBERS.
R  INDICATES RECORD WAS SET OR TIED.
MM INDICATES DATA IS MISSING.
T  INDICATES TRACE AMOUNT.




$$
