000
CDUS46 KPDT 270838 RRA
CLIYKM

CLIMATE REPORT
NATIONAL WEATHER SERVICE PENDLETON OR
136 AM PDT SAT AUG 27 2016


...................................

...THE YAKIMA WA CLIMATE SUMMARY FOR AUGUST 26 2016...

CLIMATE NORMAL PERIOD 1981 TO 2010
CLIMATE RECORD PERIOD 1946 TO 2016


WEATHER ITEM   OBSERVED TIME   RECORD YEAR NORMAL DEPARTURE LAST
                VALUE   (LST)  VALUE       VALUE  FROM      YEAR
                                                  NORMAL
..................................................................
TEMPERATURE (F)
 YESTERDAY
  MAXIMUM         93    437 PM  97    2011  84      9       95
  MINIMUM         54    517 AM  38    1955  50      4       52
  AVERAGE         74                        67      7       74

PRECIPITATION (IN)
  YESTERDAY        0.00          0.55 1968   0.01  -0.01     0.00
  MONTH TO DATE    T                         0.21  -0.21      T
  SINCE OCT 1     10.54                      7.84   2.70     6.39
  SINCE JAN 1      5.89                      4.72   1.17     4.29

SNOWFALL (IN)
  YESTERDAY        0.0           0.0  2002   0.0    0.0      0.0
                                      2001
                                      1999
  MONTH TO DATE    0.0                       0.0    0.0      0.0
  SINCE JAN 1     12.5                       8.6    3.9      1.6
  SINCE JUL 1      0.0                       0.0    0.0      0.0
  SNOW DEPTH       0

DEGREE DAYS
 HEATING
  YESTERDAY        0                         1     -1        0
  MONTH TO DATE    3                        19    -16        1
  SINCE JUN 1     71                       138    -67        4
  SINCE JUL 1      3                        40    -37        1

 COOLING
  YESTERDAY        9                         3      6        9
  MONTH TO DATE  225                       144     81      249
  SINCE JUN 1    684                       404    280      938
  SINCE JAN 1    723                       424    299     1030
..................................................................


WIND (MPH)
  HIGHEST WIND SPEED    12   HIGHEST WIND DIRECTION    SE (140)
  HIGHEST GUST SPEED    15   HIGHEST GUST DIRECTION     S (160)
  AVERAGE WIND SPEED     5.9


SKY COVER
  POSSIBLE SUNSHINE  MM
  AVERAGE SKY COVER 0.0


WEATHER CONDITIONS
 THE FOLLOWING WEATHER WAS RECORDED YESTERDAY.
  NO SIGNIFICANT WEATHER WAS OBSERVED.


RELATIVE HUMIDITY (PERCENT)
 HIGHEST    66           300 AM
 LOWEST     18           100 PM
 AVERAGE    42

..........................................................


THE YAKIMA WA CLIMATE NORMALS FOR TODAY
                         NORMAL    RECORD    YEAR
 MAXIMUM TEMPERATURE (F)   84       100      1972
 MINIMUM TEMPERATURE (F)   49        39      1960


SUNRISE AND SUNSET
AUGUST 27 2016........SUNRISE   616 AM PDT   SUNSET   749 PM PDT
AUGUST 28 2016........SUNRISE   618 AM PDT   SUNSET   748 PM PDT


-  INDICATES NEGATIVE NUMBERS.
R  INDICATES RECORD WAS SET OR TIED.
MM INDICATES DATA IS MISSING.
T  INDICATES TRACE AMOUNT.




$$
