000
CDUS46 KPDT 250835
CLIYKM

CLIMATE REPORT
NATIONAL WEATHER SERVICE PENDLETON OR
1235 AM PST THU DEC 25 2014


...................................

...THE YAKIMA WA CLIMATE SUMMARY FOR DECEMBER 24 2014...

CLIMATE NORMAL PERIOD 1981 TO 2010
CLIMATE RECORD PERIOD 1946 TO 2014


WEATHER ITEM   OBSERVED TIME   RECORD YEAR NORMAL DEPARTURE LAST
                VALUE   (LST)  VALUE       VALUE  FROM      YEAR
                                                  NORMAL
..................................................................
TEMPERATURE (F)
 YESTERDAY
  MAXIMUM         48    340 PM  53    1978  34     14       48
                                      1957
  MINIMUM         29   1151 PM  -1    1990  21      8       19
  AVERAGE         39                        28     11       34

PRECIPITATION (IN)
  YESTERDAY        0.01          0.32 1968   0.05  -0.04     0.00
  MONTH TO DATE    0.87                      1.20  -0.33     0.32
  SINCE OCT 1      2.05                      2.79  -0.74     0.83
  SINCE JAN 1      6.47                      7.92  -1.45     5.49

SNOWFALL (IN)
  YESTERDAY        0.0           2.6  1988   0.3   -0.3      0.0
  MONTH TO DATE    0.0                       7.3   -7.3       T
  SINCE JAN 1     19.9                      19.5    0.4      1.1
  SINCE JUL 1      T                        10.9  -10.9       T
  SNOW DEPTH       0

DEGREE DAYS
 HEATING
  YESTERDAY       26                        38    -12       31
  MONTH TO DATE  652                       869   -217      900
  SINCE DEC 1    652                       869   -217      900
  SINCE JUL 1   1836                      2402   -566     2316

 COOLING
  YESTERDAY        0                         0      0        0
  MONTH TO DATE    0                         0      0        0
  SINCE DEC 1      0                         0      0        0
  SINCE JAN 1    871                       472    399      970
..................................................................


WIND (MPH)
  HIGHEST WIND SPEED    22   HIGHEST WIND DIRECTION    NW (330)
  HIGHEST GUST SPEED    31   HIGHEST GUST DIRECTION     N (340)
  AVERAGE WIND SPEED     8.2


SKY COVER
  POSSIBLE SUNSHINE  MM
  AVERAGE SKY COVER 0.6


WEATHER CONDITIONS
 THE FOLLOWING WEATHER WAS RECORDED YESTERDAY.
  LIGHT RAIN


RELATIVE HUMIDITY (PERCENT)
 HIGHEST    89          1200 AM
 LOWEST     34           400 PM
 AVERAGE    62

..........................................................


THE YAKIMA WA CLIMATE NORMALS FOR TODAY
                         NORMAL    RECORD    YEAR
 MAXIMUM TEMPERATURE (F)   34        60      1972
 MINIMUM TEMPERATURE (F)   21         3      2008
                                             1990
                                             1948


SUNRISE AND SUNSET
DECEMBER 25 2014......SUNRISE   745 AM PST   SUNSET   420 PM PST
DECEMBER 26 2014......SUNRISE   745 AM PST   SUNSET   420 PM PST


-  INDICATES NEGATIVE NUMBERS.
R  INDICATES RECORD WAS SET OR TIED.
MM INDICATES DATA IS MISSING.
T  INDICATES TRACE AMOUNT.


$$
