000
CDUS41 KCLE 260527
CLIYNG


CLIMATE REPORT
NATIONAL WEATHER SERVICE CLEVELAND OH
126 AM EDT WED JUL 26 2017


...................................

...THE YOUNGSTOWN OH CLIMATE SUMMARY FOR JULY 25 2017...

CLIMATE NORMAL PERIOD 1981 TO 2010
CLIMATE RECORD PERIOD 1897 TO 2017


WEATHER ITEM   OBSERVED TIME   RECORD YEAR NORMAL DEPARTURE LAST
                VALUE   (LST)  VALUE       VALUE  FROM      YEAR
                                                  NORMAL
..................................................................
TEMPERATURE (F)
 YESTERDAY
  MAXIMUM         76    451 PM  97    1934  81     -5       88
  MINIMUM         56   1154 PM  44    1953  60     -4       69
  AVERAGE         66                        71     -5       79

PRECIPITATION (IN)
  YESTERDAY        T                         0.14  -0.14     0.00
  MONTH TO DATE    2.54                      3.53  -0.99     2.98
  SINCE JUN 1      9.38                      7.41   1.97     5.92
  SINCE JAN 1     30.68                     22.20   8.48    21.02

SNOWFALL (IN)
  YESTERDAY        0.0                       0.0    0.0      0.0
  MONTH TO DATE    0.0                       0.0    0.0      0.0
  SINCE JUN 1      0.0                       0.0    0.0      0.0
  SINCE JUL 1      0.0                       0.0    0.0      0.0
  SNOW DEPTH       0

DEGREE DAYS
 HEATING
  YESTERDAY        0                         0      0        0
  MONTH TO DATE    0                         8     -8        6
  SINCE JUN 1     44                        77    -33       40
  SINCE JUL 1      0                         8     -8        6

 COOLING
  YESTERDAY        1                         6     -5       14
  MONTH TO DATE  182                       150     32      205
  SINCE JUN 1    336                       260     76      347
  SINCE JAN 1    385                       299     86      402
..................................................................


WIND (MPH)
  HIGHEST WIND SPEED    12   HIGHEST WIND DIRECTION    NE (30)
  HIGHEST GUST SPEED    16   HIGHEST GUST DIRECTION    NW (330)
  AVERAGE WIND SPEED     6.1


SKY COVER
  POSSIBLE SUNSHINE  MM
  AVERAGE SKY COVER 0.8


WEATHER CONDITIONS
 THE FOLLOWING WEATHER WAS RECORDED YESTERDAY.
  LIGHT RAIN


RELATIVE HUMIDITY (PERCENT)
 HIGHEST    97           700 AM
 LOWEST     54           500 PM
 AVERAGE    76

..........................................................


THE YOUNGSTOWN OH CLIMATE NORMALS FOR TODAY
                         NORMAL    RECORD    YEAR
 MAXIMUM TEMPERATURE (F)   81        97      1940
 MINIMUM TEMPERATURE (F)   60        49      1975


SUNRISE AND SUNSET
JULY 26 2017..........SUNRISE   612 AM EDT   SUNSET   845 PM EDT
JULY 27 2017..........SUNRISE   613 AM EDT   SUNSET   844 PM EDT


-  INDICATES NEGATIVE NUMBERS.
R  INDICATES RECORD WAS SET OR TIED.
MM INDICATES DATA IS MISSING.
T  INDICATES TRACE AMOUNT.




$$
