000
CDUS41 KCLE 050527
CLIYNG


CLIMATE REPORT
NATIONAL WEATHER SERVICE CLEVELAND OH
1227 AM EST THU MAR 5 2015


...................................

...THE YOUNGSTOWN OH CLIMATE SUMMARY FOR MARCH 4 2015...

CLIMATE NORMAL PERIOD 1981 TO 2010
CLIMATE RECORD PERIOD 1897 TO 2015


WEATHER ITEM   OBSERVED TIME   RECORD YEAR NORMAL DEPARTURE LAST
                VALUE   (LST)  VALUE       VALUE  FROM      YEAR
                                                  NORMAL
..................................................................
TEMPERATURE (F)
 YESTERDAY
  MAXIMUM         38   1259 AM  74    1983  41     -3       26
  MINIMUM         25   1159 PM  -5    2014  24      1       -5
  AVERAGE         32                        32      0       11

PRECIPITATION (IN)
  YESTERDAY        0.01                      0.09  -0.08     0.00
  MONTH TO DATE    0.75                      0.34   0.41     0.09
  SINCE MAR 1      0.75                      0.34   0.41     0.09
  SINCE JAN 1      5.98                      5.04   0.94     4.78

SNOWFALL (IN)
  YESTERDAY        0.1                       0.5   -0.4      0.0
  MONTH TO DATE    8.0                       1.8    6.2      1.9
  SINCE MAR 1      8.0                       1.8    6.2      1.9
  SINCE JUL 1     77.5                      50.6   26.9     82.9
  SNOW DEPTH      11

DEGREE DAYS
 HEATING
  YESTERDAY       33                        33      0       54
  MONTH TO DATE  152                       132     20      196
  SINCE MAR 1    152                       132     20      196
  SINCE JUL 1   5270                      4780    490     5264

 COOLING
  YESTERDAY        0                         0      0        0
  MONTH TO DATE    0                         0      0        0
  SINCE MAR 1      0                         0      0        0
  SINCE JAN 1      0                         0      0        0
..................................................................


WIND (MPH)
  HIGHEST WIND SPEED    23   HIGHEST WIND DIRECTION    NW (320)
  HIGHEST GUST SPEED    27   HIGHEST GUST DIRECTION    NW (320)
  AVERAGE WIND SPEED    10.0


SKY COVER
  POSSIBLE SUNSHINE  MM
  AVERAGE SKY COVER 1.0


WEATHER CONDITIONS
 THE FOLLOWING WEATHER WAS RECORDED YESTERDAY.
  LIGHT RAIN
  LIGHT SNOW
  FOG


RELATIVE HUMIDITY (PERCENT)
 HIGHEST    89           400 AM
 LOWEST     63          1000 PM
 AVERAGE    76

..........................................................


THE YOUNGSTOWN OH CLIMATE NORMALS FOR TODAY
                         NORMAL    RECORD    YEAR
 MAXIMUM TEMPERATURE (F)   41        78      1983
 MINIMUM TEMPERATURE (F)   24         7      1948


SUNRISE AND SUNSET
MARCH  5 2015.........SUNRISE   651 AM EST   SUNSET   618 PM EST
MARCH  6 2015.........SUNRISE   650 AM EST   SUNSET   619 PM EST


-  INDICATES NEGATIVE NUMBERS.
R  INDICATES RECORD WAS SET OR TIED.
MM INDICATES DATA IS MISSING.
T  INDICATES TRACE AMOUNT.




$$
