000
CDUS41 KCLE 210532
CLIYNG


CLIMATE REPORT
NATIONAL WEATHER SERVICE CLEVELAND OH
1230 AM EST SAT JAN 21 2017


...................................

...THE YOUNGSTOWN OH CLIMATE SUMMARY FOR JANUARY 20 2017...

CLIMATE NORMAL PERIOD 1981 TO 2010
CLIMATE RECORD PERIOD 1897 TO 2017


WEATHER ITEM   OBSERVED TIME   RECORD YEAR NORMAL DEPARTURE LAST
                VALUE   (LST)  VALUE       VALUE  FROM      YEAR
                                                  NORMAL
..................................................................
TEMPERATURE (F)
 YESTERDAY
  MAXIMUM         53    414 PM  61    1951  32     21       19
  MINIMUM         30   1229 AM -20    1985  19     11        5
  AVERAGE         42                        26     16       12

PRECIPITATION (IN)
  YESTERDAY        0.28                      0.08   0.20     0.04
  MONTH TO DATE    4.29                      1.71   2.58     1.22
  SINCE DEC 1      7.86                      4.70   3.16     5.41
  SINCE JAN 1      4.29                      1.71   2.58     1.22

SNOWFALL (IN)
  YESTERDAY        0.0                       0.5   -0.5      1.0
  MONTH TO DATE    5.7                      10.8   -5.1      8.9
  SINCE DEC 1     29.0                      25.8    3.2      9.7
  SINCE JUL 1     33.4                      30.2    3.2     10.1
  SNOW DEPTH       0

DEGREE DAYS
 HEATING
  YESTERDAY       23                        39    -16       53
  MONTH TO DATE  687                       786    -99      802
  SINCE DEC 1   1766                      1863    -97     1492
  SINCE JUL 1   2738                      3192   -454     2494

 COOLING
  YESTERDAY        0                         0      0        0
  MONTH TO DATE    0                         0      0        0
  SINCE DEC 1      0                         0      0        0
  SINCE JAN 1      0                         0      0        0
..................................................................


WIND (MPH)
  HIGHEST WIND SPEED    16   HIGHEST WIND DIRECTION    SE (130)
  HIGHEST GUST SPEED    20   HIGHEST GUST DIRECTION    SE (130)
  AVERAGE WIND SPEED     7.5


SKY COVER
  POSSIBLE SUNSHINE  MM
  AVERAGE SKY COVER 0.9


WEATHER CONDITIONS
 THE FOLLOWING WEATHER WAS RECORDED YESTERDAY.
  RAIN
  LIGHT RAIN
  FOG


RELATIVE HUMIDITY (PERCENT)
 HIGHEST   100          1200 AM
 LOWEST     85           700 AM
 AVERAGE    93

..........................................................


THE YOUNGSTOWN OH CLIMATE NORMALS FOR TODAY
                         NORMAL    RECORD    YEAR
 MAXIMUM TEMPERATURE (F)   32        59      1959
 MINIMUM TEMPERATURE (F)   19       -20      1985


SUNRISE AND SUNSET
JANUARY 21 2017.......SUNRISE   743 AM EST   SUNSET   526 PM EST
JANUARY 22 2017.......SUNRISE   742 AM EST   SUNSET   527 PM EST


-  INDICATES NEGATIVE NUMBERS.
R  INDICATES RECORD WAS SET OR TIED.
MM INDICATES DATA IS MISSING.
T  INDICATES TRACE AMOUNT.




$$
