000
CDUS41 KPBZ 262134
CLIZZV


CLIMATE REPORT
NATIONAL WEATHER SERVICE PITTSBURGH PA
534 PM EDT THU MAY 26 2016


...................................

...THE ZANESVILLE OH CLIMATE SUMMARY FOR MAY 26 2016...
VALID TODAY AS OF 0500 PM LOCAL TIME.

CLIMATE NORMAL PERIOD 1981 TO 2010
CLIMATE RECORD PERIOD 1946 TO 2016


WEATHER ITEM   OBSERVED TIME   RECORD YEAR NORMAL DEPARTURE LAST
                VALUE   (LST)  VALUE       VALUE  FROM      YEAR
                                                  NORMAL
..................................................................
TEMPERATURE (F)
 TODAY
  MAXIMUM         83    306 PM  89    2012  75      8       84
  MINIMUM         68    414 AM  34    2013  52     16       64
  AVERAGE         76                        63     13       74

PRECIPITATION (IN)
  TODAY            0.00         MM      MM   0.14  -0.14     0.43
  MONTH TO DATE    2.44                      3.47  -1.03     2.36
  SINCE JUN 1     37.31                     37.14   0.17    38.16
  SINCE JAN 1     14.98                     14.74   0.24    15.75

DEGREE DAYS
 HEATING
  TODAY            0                         4     -4        0
  MONTH TO DATE  154                       165    -11      109
  SINCE MAR 1    970                      1331   -361     1359
  SINCE JUL 1   4316                      5522  -1206     6016

 COOLING
  TODAY           11                         2      9        9
  MONTH TO DATE   29                        32     -3       82
  SINCE MAR 1     37                        41     -4       83
  SINCE JAN 1     37                        41     -4       83
..................................................................


WIND (MPH)
  HIGHEST WIND SPEED    17   HIGHEST WIND DIRECTION     S (200)
  HIGHEST GUST SPEED    23   HIGHEST GUST DIRECTION     S (200)
  AVERAGE WIND SPEED     8.1


SKY COVER
  POSSIBLE SUNSHINE  MM
  AVERAGE SKY COVER 0.5


WEATHER CONDITIONS
 THE FOLLOWING WEATHER WAS RECORDED TODAY.
  NO SIGNIFICANT WEATHER WAS OBSERVED.


RELATIVE HUMIDITY (PERCENT)
 HIGHEST    78           700 AM
 LOWEST     55           300 PM
 AVERAGE    67

..........................................................


THE ZANESVILLE OH CLIMATE NORMALS FOR TOMORROW
                         NORMAL    RECORD    YEAR
 MAXIMUM TEMPERATURE (F)   75        89      2012
                                             1967
 MINIMUM TEMPERATURE (F)   52        36      1983


SUNRISE AND SUNSET
MAY 26 2016...........SUNRISE   604 AM EDT   SUNSET   846 PM EDT
MAY 27 2016...........SUNRISE   603 AM EDT   SUNSET   847 PM EDT


-  INDICATES NEGATIVE NUMBERS.
R  INDICATES RECORD WAS SET OR TIED.
MM INDICATES DATA IS MISSING.
T  INDICATES TRACE AMOUNT.




$$
