000
CDUS41 KPBZ 091336
CLIZZV


CLIMATE REPORT
NATIONAL WEATHER SERVICE PITTSBURGH PA
836 AM EST FRI DEC 9 2016


...................................

...THE ZANESVILLE OH CLIMATE SUMMARY FOR DECEMBER 9 2016...
VALID AS OF 0800 AM LOCAL TIME.

CLIMATE NORMAL PERIOD 1981 TO 2010
CLIMATE RECORD PERIOD 1946 TO 2016


WEATHER ITEM   OBSERVED TIME   RECORD YEAR NORMAL DEPARTURE LAST
                VALUE   (LST)  VALUE       VALUE  FROM      YEAR
                                                  NORMAL
..................................................................
TEMPERATURE (F)
 TODAY
  MAXIMUM         23    208 AM  65    1952
  MINIMUM         22    659 AM  -3    1958  26     -4       33

PRECIPITATION (IN)
  TODAY            T            MM      MM   0.09  -0.09     0.00
  MONTH TO DATE    0.74                      0.80  -0.06     0.41
  SINCE JUN 1     15.10                     20.62  -5.52    19.41
  SINCE JAN 1     30.08                     36.08  -6.00    35.31

DEGREE DAYS
 HEATING
  TODAY           42

 COOLING
  TODAY            0
..................................................................







THE ZANESVILLE OH CLIMATE NORMALS FOR TOMORROW
                         NORMAL    RECORD    YEAR
 MAXIMUM TEMPERATURE (F)   42        72      1971
 MINIMUM TEMPERATURE (F)   26       -10      1958


SUNRISE AND SUNSET
DECEMBER  9 2016......SUNRISE   738 AM EST   SUNSET   502 PM EST
DECEMBER 10 2016......SUNRISE   739 AM EST   SUNSET   502 PM EST


-  INDICATES NEGATIVE NUMBERS.
R  INDICATES RECORD WAS SET OR TIED.
MM INDICATES DATA IS MISSING.
T  INDICATES TRACE AMOUNT.




$$
