000
CDUS41 KPBZ 302112
CLIZZV


CLIMATE REPORT
NATIONAL WEATHER SERVICE PITTSBURGH PA
512 PM EDT FRI SEP 30 2016


...................................

...THE ZANESVILLE OH CLIMATE SUMMARY FOR SEPTEMBER 30 2016...
VALID TODAY AS OF 0500 PM LOCAL TIME.

CLIMATE NORMAL PERIOD 1981 TO 2010
CLIMATE RECORD PERIOD 1946 TO 2016


WEATHER ITEM   OBSERVED TIME   RECORD YEAR NORMAL DEPARTURE LAST
                VALUE   (LST)  VALUE       VALUE  FROM      YEAR
                                                  NORMAL
..................................................................
TEMPERATURE (F)
 TODAY
  MAXIMUM         68    353 PM  94    1953  70     -2       66
  MINIMUM         60    719 AM  39    1949  47     13       57
  AVERAGE         64                        59      5       62

PRECIPITATION (IN)
  TODAY            0.03         MM      MM   0.10  -0.07     0.09
  MONTH TO DATE    2.33                      3.01  -0.68     4.05
  SINCE JUN 1     10.42                     14.07  -3.65    14.72
  SINCE JAN 1     25.40                     29.53  -4.13    30.62

DEGREE DAYS
 HEATING
  TODAY            1                         7     -6        3
  MONTH TO DATE   16                        98    -82       35
  SINCE SEP 1     16                        98    -82       35
  SINCE JUL 1     16                       109    -93       43

 COOLING
  TODAY            0                         1     -1        0
  MONTH TO DATE  177                        82     95      150
  SINCE SEP 1    177                        82     95      150
  SINCE JAN 1   1328                       759    569      868
..................................................................


WIND (MPH)
  HIGHEST WIND SPEED    16   HIGHEST WIND DIRECTION     E (100)
  HIGHEST GUST SPEED    22   HIGHEST GUST DIRECTION     E (90)
  AVERAGE WIND SPEED     9.1


SKY COVER
  POSSIBLE SUNSHINE  MM
  AVERAGE SKY COVER 0.8


WEATHER CONDITIONS
 THE FOLLOWING WEATHER WAS RECORDED TODAY.
  RAIN
  LIGHT RAIN
  FOG


RELATIVE HUMIDITY (PERCENT)
 HIGHEST    97           200 AM
 LOWEST     73           300 PM
 AVERAGE    85

..........................................................


THE ZANESVILLE OH CLIMATE NORMALS FOR TOMORROW
                         NORMAL    RECORD    YEAR
 MAXIMUM TEMPERATURE (F)   70        88      1952
 MINIMUM TEMPERATURE (F)   47        25      1947


SUNRISE AND SUNSET
SEPTEMBER 30 2016.....SUNRISE   723 AM EDT   SUNSET   711 PM EDT
OCTOBER  1 2016.......SUNRISE   724 AM EDT   SUNSET   709 PM EDT


-  INDICATES NEGATIVE NUMBERS.
R  INDICATES RECORD WAS SET OR TIED.
MM INDICATES DATA IS MISSING.
T  INDICATES TRACE AMOUNT.




$$
