735
CDUS41 KPBZ 261233
CLIZZV


CLIMATE REPORT
NATIONAL WEATHER SERVICE PITTSBURGH PA
832 AM EDT WED APR 26 2017


...................................

...THE ZANESVILLE OH CLIMATE SUMMARY FOR APRIL 26 2017...
VALID AS OF 0800 AM LOCAL TIME.

CLIMATE NORMAL PERIOD 1981 TO 2010
CLIMATE RECORD PERIOD 1946 TO 2017


WEATHER ITEM   OBSERVED TIME   RECORD YEAR NORMAL DEPARTURE LAST
                VALUE   (LST)  VALUE       VALUE  FROM      YEAR
                                                  NORMAL
..................................................................
TEMPERATURE (F)
 TODAY
  MAXIMUM         57   1249 AM  87    1990
  MINIMUM         49    616 AM  27    1972  43      6       52

PRECIPITATION (IN)
  TODAY            0.00         MM      MM   0.11  -0.11     0.62
  MONTH TO DATE    1.83                      2.99  -1.16     3.73
  SINCE JUN 1     30.95                     33.22  -2.27    34.17
  SINCE JAN 1     12.33                     10.82   1.51    11.84

DEGREE DAYS
 HEATING
  TODAY           12

 COOLING
  TODAY            0
..................................................................







THE ZANESVILLE OH CLIMATE NORMALS FOR TOMORROW
                         NORMAL    RECORD    YEAR
 MAXIMUM TEMPERATURE (F)   67        88      1990
 MINIMUM TEMPERATURE (F)   43        26      1971


SUNRISE AND SUNSET
APRIL 26 2017.........SUNRISE   634 AM EDT   SUNSET   817 PM EDT
APRIL 27 2017.........SUNRISE   633 AM EDT   SUNSET   818 PM EDT


-  INDICATES NEGATIVE NUMBERS.
R  INDICATES RECORD WAS SET OR TIED.
MM INDICATES DATA IS MISSING.
T  INDICATES TRACE AMOUNT.




$$
