000
CDUS41 KPBZ 290803
CLIZZV


CLIMATE REPORT
NATIONAL WEATHER SERVICE PITTSBURGH PA
303 AM EST SAT NOV 29 2014


...................................

...THE ZANESVILLE OH CLIMATE SUMMARY FOR NOVEMBER 28 2014...

CLIMATE NORMAL PERIOD 1981 TO 2010
CLIMATE RECORD PERIOD 1946 TO 2014


WEATHER ITEM   OBSERVED TIME   RECORD YEAR NORMAL DEPARTURE LAST
                VALUE   (LST)  VALUE       VALUE  FROM      YEAR
                                                  NORMAL
..................................................................
TEMPERATURE (F)
 YESTERDAY
  MAXIMUM         30   1129 PM  68    2005  47    -17       30
  MINIMUM         24    859 AM   9    1955  30     -6       21
  AVERAGE         27                        38    -11       26

PRECIPITATION (IN)
  YESTERDAY        T            MM      MM   0.10  -0.10     0.01
  MONTH TO DATE    1.47                      2.93  -1.46     3.06
  SINCE JUN 1     19.14                     19.61  -0.47    24.17
  SINCE JAN 1     33.47                     35.07  -1.60    34.76

DEGREE DAYS
 HEATING
  YESTERDAY       38                        27     11       39
  MONTH TO DATE  786                       600    186      687
  SINCE SEP 1   1254                      1076    178     1098
  SINCE JUL 1   1275                      1087    188     1107

 COOLING
  YESTERDAY        0                         0      0        0
  MONTH TO DATE    0                         0      0        0
  SINCE SEP 1     86                        91     -5      123
  SINCE JAN 1    727                       768    -41      856
..................................................................


WIND (MPH)
  HIGHEST WIND SPEED    13   HIGHEST WIND DIRECTION     W (270)
  HIGHEST GUST SPEED    16   HIGHEST GUST DIRECTION     W (280)
  AVERAGE WIND SPEED     6.8


SKY COVER
  POSSIBLE SUNSHINE  MM
  AVERAGE SKY COVER 0.7


WEATHER CONDITIONS
 THE FOLLOWING WEATHER WAS RECORDED YESTERDAY.
  LIGHT SNOW
  HAZE


RELATIVE HUMIDITY (PERCENT)
 HIGHEST    81           600 AM
 LOWEST     53           300 PM
 AVERAGE    67

..........................................................


THE ZANESVILLE OH CLIMATE NORMALS FOR TODAY
                         NORMAL    RECORD    YEAR
 MAXIMUM TEMPERATURE (F)   47        67      2006
 MINIMUM TEMPERATURE (F)   30         5      1976


SUNRISE AND SUNSET
NOVEMBER 29 2014......SUNRISE   728 AM EST   SUNSET   504 PM EST
NOVEMBER 30 2014......SUNRISE   729 AM EST   SUNSET   503 PM EST


-  INDICATES NEGATIVE NUMBERS.
R  INDICATES RECORD WAS SET OR TIED.
MM INDICATES DATA IS MISSING.
T  INDICATES TRACE AMOUNT.




$$
