000
CDUS41 KPBZ 230706
CLIZZV


CLIMATE REPORT
NATIONAL WEATHER SERVICE PITTSBURGH PA
306 AM EDT MON OCT 3  2017


...................................

...THE ZANESVILLE OH CLIMATE SUMMARY FOR OCTOBER 22 2017...

CLIMATE NORMAL PERIOD 1981 TO 2010
CLIMATE RECORD PERIOD 1895 TO 2017


WEATHER ITEM   OBSERVED TIME   RECORD YEAR NORMAL DEPARTURE LAST
                VALUE   (LST)  VALUE       VALUE  FROM      YEAR
                                                  NORMAL
..................................................................
TEMPERATURE (F)
 YESTERDAY
  MAXIMUM         77    315 PM  82    1979  63     14       52
                                      1947
                                      1920
  MINIMUM         49    715 AM  19    1930  40      9       37
  AVERAGE         63                        51     12       45

PRECIPITATION (IN)
  YESTERDAY        0.00          1.68 1983   0.08  -0.08     0.00
  MONTH TO DATE    2.74                      1.87   0.87     1.73
  SINCE JUN 1     16.20                     15.94   0.26    12.32
  SINCE JAN 1     34.32                     31.40   2.92    27.30

DEGREE DAYS
 HEATING
  YESTERDAY        2                        14    -12       20
  MONTH TO DATE   91                       240   -149      143
  SINCE SEP 1    156                       338   -182      159
  SINCE JUL 1    160                       349   -189      159

 COOLING
  YESTERDAY        0                         0      0        0
  MONTH TO DATE   35                         7     28       25
  SINCE SEP 1    147                        89     58      202
  SINCE JAN 1    875                       766    109     1353
..................................................................


WIND (MPH)
  HIGHEST WIND SPEED    13   HIGHEST WIND DIRECTION     S (160)
  HIGHEST GUST SPEED    17   HIGHEST GUST DIRECTION     S (160)
  AVERAGE WIND SPEED     3.7


SKY COVER
  POSSIBLE SUNSHINE  MM
  AVERAGE SKY COVER 0.0


WEATHER CONDITIONS
 THE FOLLOWING WEATHER WAS RECORDED YESTERDAY.
  FOG


RELATIVE HUMIDITY (PERCENT)
 HIGHEST    93          1200 AM
 LOWEST     31           200 PM
 AVERAGE    62

..........................................................


THE ZANESVILLE OH CLIMATE NORMALS FOR TODAY
                         NORMAL    RECORD    YEAR
 MAXIMUM TEMPERATURE (F)   62        83      1947
                                             1920
 MINIMUM TEMPERATURE (F)   40        22      1976


SUNRISE AND SUNSET
OCTOBER 23 2017.......SUNRISE   747 AM EDT   SUNSET   636 PM EDT
OCTOBER 24 2017.......SUNRISE   748 AM EDT   SUNSET   635 PM EDT


-  INDICATES NEGATIVE NUMBERS.
R  INDICATES RECORD WAS SET OR TIED.
MM INDICATES DATA IS MISSING.
T  INDICATES TRACE AMOUNT.




$$
