000
CDUS41 KPBZ 012127
CLIZZV


CLIMATE REPORT
NATIONAL WEATHER SERVICE PITTSBURGH PA
527 PM EDT WED OCT 1 2014


...................................

...THE ZANESVILLE OH CLIMATE SUMMARY FOR OCTOBER 1 2014...
VALID TODAY AS OF 0500 PM LOCAL TIME.

CLIMATE NORMAL PERIOD 1981 TO 2010
CLIMATE RECORD PERIOD 1946 TO 2014


WEATHER ITEM   OBSERVED TIME   RECORD YEAR NORMAL DEPARTURE LAST
                VALUE   (LST)  VALUE       VALUE  FROM      YEAR
                                                  NORMAL
..................................................................
TEMPERATURE (F)
 TODAY
  MAXIMUM         69    350 PM  88    1952  70     -1       79
  MINIMUM         49   1236 AM  25    1947  47      2       52
  AVERAGE         59                        58      1       66

PRECIPITATION (IN)
  TODAY            0.00         MM      MM   0.09  -0.09     0.00
  MONTH TO DATE    0.00                      0.09  -0.09     0.00
  SINCE JUN 1     14.95                     14.16   0.79    18.70
  SINCE JAN 1     29.28                     29.62  -0.34    29.29

DEGREE DAYS
 HEATING
  TODAY            6                         8     -2        0
  MONTH TO DATE    6                         8     -2        0
  SINCE SEP 1    106                       106      0       90
  SINCE JUL 1    127                       117     10       99

 COOLING
  TODAY            0                         1     -1        1
  MONTH TO DATE    0                         1     -1        1
  SINCE SEP 1     82                        83     -1       91
  SINCE JAN 1    723                       760    -37      824
..................................................................


WIND (MPH)
  HIGHEST WIND SPEED     8   HIGHEST WIND DIRECTION    NW (320)
  HIGHEST GUST SPEED    11   HIGHEST GUST DIRECTION    NW (330)
  AVERAGE WIND SPEED     3.7


SKY COVER
  POSSIBLE SUNSHINE  MM
  AVERAGE SKY COVER 0.8


WEATHER CONDITIONS
 THE FOLLOWING WEATHER WAS RECORDED TODAY.
  FOG
  HAZE


RELATIVE HUMIDITY (PERCENT)
 HIGHEST    93           100 AM
 LOWEST     53           300 PM
 AVERAGE    73

..........................................................


THE ZANESVILLE OH CLIMATE NORMALS FOR TOMORROW
                         NORMAL    RECORD    YEAR
 MAXIMUM TEMPERATURE (F)   69        87      1953
 MINIMUM TEMPERATURE (F)   46        25      1947


SUNRISE AND SUNSET
OCTOBER  1 2014.......SUNRISE   724 AM EDT   SUNSET   710 PM EDT
OCTOBER  2 2014.......SUNRISE   725 AM EDT   SUNSET   708 PM EDT


-  INDICATES NEGATIVE NUMBERS.
R  INDICATES RECORD WAS SET OR TIED.
MM INDICATES DATA IS MISSING.
T  INDICATES TRACE AMOUNT.




$$
