000
CDUS41 KPBZ 202115
CLIZZV


CLIMATE REPORT
NATIONAL WEATHER SERVICE PITTSBURGH PA
514 PM EDT SAT SEP 20 2014


...................................

...THE ZANESVILLE OH CLIMATE SUMMARY FOR SEPTEMBER 20 2014...
VALID TODAY AS OF 0500 PM LOCAL TIME.

CLIMATE NORMAL PERIOD 1981 TO 2010
CLIMATE RECORD PERIOD 1946 TO 2014


WEATHER ITEM   OBSERVED TIME   RECORD YEAR NORMAL DEPARTURE LAST
                VALUE   (LST)  VALUE       VALUE  FROM      YEAR
                                                  NORMAL
..................................................................
TEMPERATURE (F)
 TODAY
  MAXIMUM         81    356 PM  97    2002  74      7       84
  MINIMUM         60    703 AM  34    1962  51      9       67
  AVERAGE         71                        63      8       76

PRECIPITATION (IN)
  TODAY            0.00         MM      MM   0.10  -0.10     0.00
  MONTH TO DATE    0.72                      2.00  -1.28     0.32
  SINCE JUN 1     14.57                     13.06   1.51    17.74
  SINCE JAN 1     28.90                     28.52   0.38    28.33

DEGREE DAYS
 HEATING
  TODAY            0                         4     -4        0
  MONTH TO DATE   58                        40     18       41
  SINCE SEP 1     58                        40     18       41
  SINCE JUL 1     79                        51     28       50

 COOLING
  TODAY            6                         2      4       11
  MONTH TO DATE   76                        67      9       90
  SINCE SEP 1     76                        67      9       90
  SINCE JAN 1    717                       744    -27      823
..................................................................


WIND (MPH)
  HIGHEST WIND SPEED    17   HIGHEST WIND DIRECTION     S (200)
  HIGHEST GUST SPEED    22   HIGHEST GUST DIRECTION    SW (210)
  AVERAGE WIND SPEED    10.0


SKY COVER
  POSSIBLE SUNSHINE  MM
  AVERAGE SKY COVER 0.3


WEATHER CONDITIONS
 THE FOLLOWING WEATHER WAS RECORDED TODAY.
  NO SIGNIFICANT WEATHER WAS OBSERVED.


RELATIVE HUMIDITY (PERCENT)
 HIGHEST    84          1200 AM
 LOWEST     51           400 PM
 AVERAGE    68

..........................................................


THE ZANESVILLE OH CLIMATE NORMALS FOR TOMORROW
                         NORMAL    RECORD    YEAR
 MAXIMUM TEMPERATURE (F)   74        90      1978
 MINIMUM TEMPERATURE (F)   51        29      1962


SUNRISE AND SUNSET
SEPTEMBER 20 2014.....SUNRISE   713 AM EDT   SUNSET   728 PM EDT
SEPTEMBER 21 2014.....SUNRISE   714 AM EDT   SUNSET   726 PM EDT


-  INDICATES NEGATIVE NUMBERS.
R  INDICATES RECORD WAS SET OR TIED.
MM INDICATES DATA IS MISSING.
T  INDICATES TRACE AMOUNT.




$$
