000
CDUS41 KPBZ 230802
CLIZZV


CLIMATE REPORT
NATIONAL WEATHER SERVICE PITTSBURGH PA
302 AM EST SUN NOV 23 2014


...................................

...THE ZANESVILLE OH CLIMATE SUMMARY FOR NOVEMBER 22 2014...

CLIMATE NORMAL PERIOD 1981 TO 2010
CLIMATE RECORD PERIOD 1946 TO 2014


WEATHER ITEM   OBSERVED TIME   RECORD YEAR NORMAL DEPARTURE LAST
                VALUE   (LST)  VALUE       VALUE  FROM      YEAR
                                                  NORMAL
..................................................................
TEMPERATURE (F)
 YESTERDAY
  MAXIMUM         48   1159 PM  71    2010  50     -2       53
  MINIMUM         13    310 AM  10    1964  32    -19       37
  AVERAGE         31                        41    -10       45

PRECIPITATION (IN)
  YESTERDAY        0.04         MM      MM   0.12  -0.08     0.36
  MONTH TO DATE    1.07                      2.29  -1.22     2.62
  SINCE JUN 1     18.74                     18.97  -0.23    23.73
  SINCE JAN 1     33.07                     34.43  -1.36    34.32

DEGREE DAYS
 HEATING
  YESTERDAY       34                        24     10       20
  MONTH TO DATE  628                       446    182      461
  SINCE SEP 1   1096                       922    174      872
  SINCE JUL 1   1117                       933    184      881

 COOLING
  YESTERDAY        0                         0      0        0
  MONTH TO DATE    0                         0      0        0
  SINCE SEP 1     86                        91     -5      123
  SINCE JAN 1    727                       768    -41      856
..................................................................


WIND (MPH)
  HIGHEST WIND SPEED    12   HIGHEST WIND DIRECTION     S (170)
  HIGHEST GUST SPEED    14   HIGHEST GUST DIRECTION     S (180)
  AVERAGE WIND SPEED     5.4


SKY COVER
  POSSIBLE SUNSHINE  MM
  AVERAGE SKY COVER 0.6


WEATHER CONDITIONS
 THE FOLLOWING WEATHER WAS RECORDED YESTERDAY.
  LT FREEZING RAIN


RELATIVE HUMIDITY (PERCENT)
 HIGHEST    85          1100 AM
 LOWEST     53           900 PM
 AVERAGE    69

..........................................................


THE ZANESVILLE OH CLIMATE NORMALS FOR TODAY
                         NORMAL    RECORD    YEAR
 MAXIMUM TEMPERATURE (F)   49        72      1999
 MINIMUM TEMPERATURE (F)   31         7      1956


SUNRISE AND SUNSET
NOVEMBER 23 2014......SUNRISE   722 AM EST   SUNSET   506 PM EST
NOVEMBER 24 2014......SUNRISE   723 AM EST   SUNSET   506 PM EST


-  INDICATES NEGATIVE NUMBERS.
R  INDICATES RECORD WAS SET OR TIED.
MM INDICATES DATA IS MISSING.
T  INDICATES TRACE AMOUNT.




$$
