000
CXUS54 KSJT 011430
CLMABI


CLIMATE REPORT
NATIONAL WEATHER SERVICE SAN ANGELO TX
924 AM CDT SAT JUL 1 2017

...................................

...THE ABILENE CLIMATE SUMMARY FOR THE MONTH OF JUNE 2017...

CLIMATE NORMAL PERIOD 1981 TO 2010
CLIMATE RECORD PERIOD 1886 TO 2017

WEATHER         OBSERVED          NORMAL  DEPART  LAST YEAR`S
                 VALUE   DATE(S)  VALUE   FROM    VALUE  DATE(S)
                                          NORMAL
................................................................
TEMPERATURE (F)
RECORD
 HIGH             110   06/30/1907
 LOW               44   06/03/1919
HIGHEST           103   06/23        MM      MM       97  06/18
                                                          06/17
LOWEST             62   06/07        MM      MM       59  06/06
                        06/05
                        06/02
AVG. MAXIMUM     91.0              90.5     0.5     90.1
AVG. MINIMUM     68.5              68.5     0.0     69.6
MEAN             79.7              79.5     0.2     79.9
DAYS MAX >= 90     19              17.4     1.6       20
DAYS MAX <= 32      0               0.0     0.0        0
DAYS MIN <= 32      0               0.0     0.0        0
DAYS MIN <= 0       0               0.0     0.0        0

PRECIPITATION (INCHES)
RECORD
 MAXIMUM         9.60   1961
 MINIMUM            T   1994
                        1901
TOTALS           1.67              3.56   -1.89     3.13
DAILY AVG.       0.06              0.12   -0.06     0.10
DAYS >= .01         5               7.0    -2.0        6
DAYS >= .10         4               4.7    -0.7        6
DAYS >= .50         1               2.6    -1.6        3
DAYS >= 1.00        0               1.2    -1.2        1
GREATEST
 24 HR. TOTAL    0.62   06/01 TO 06/01

SNOWFALL (INCHES)
RECORDS
 TOTAL             MM   5
TOTALS            0.0               0.0     0.0      0.0
SINCE 7/1           T               4.7    -4.7      5.1
SNOWDEPTH AVG.      0                MM      MM        0
DAYS >= 1.0         0               0.0     0.0        0
GREATEST
 SNOW DEPTH         0   MM                             0  MM
 24 HR TOTAL      0.0   06/30 TO 06/30

DEGREE_DAYS
HEATING TOTAL       0                 1      -1        0
 SINCE 7/1       1826              2559    -733     2058
COOLING TOTAL     446               435      11      453
 SINCE 1/1        865               832      33      762
.................................................................

WIND (MPH)
AVERAGE WIND SPEED              10.8
HIGHEST WIND SPEED/DIRECTION    44/290    DATE  06/15
HIGHEST GUST SPEED/DIRECTION    54/260    DATE  06/15

SKY COVER
AVERAGE SKY COVER           0.20

AVERAGE RH (PERCENT)     67

WEATHER CONDITIONS. NUMBER OF DAYS WITH
THUNDERSTORM              7     MIXED PRECIP               0
HEAVY RAIN                4     RAIN                       2
LIGHT RAIN                7     FREEZING RAIN              0
LT FREEZING RAIN          0     HAIL                       0
HEAVY SNOW                0     SNOW                       0
LIGHT SNOW                0     SLEET                      0
FOG                       6     FOG W/VIS <= 1/4 MILE      0
HAZE                      1

-  INDICATES NEGATIVE NUMBERS.
R  INDICATES RECORD WAS SET OR TIED.
MM INDICATES DATA IS MISSING.
T  INDICATES TRACE AMOUNT.

$$
