000
CXUS54 KSJT 031851 CCA
CLMABI

CLIMATE REPORT...CORRECTION
NATIONAL WEATHER SERVICE SAN ANGELO TX
331 PM CDT WED NOV 1 2017

...................................

...THE ABILENE CLIMATE SUMMARY FOR THE MONTH OF OCTOBER 2017...

CLIMATE NORMAL PERIOD 1981 TO 2010
CLIMATE RECORD PERIOD 1886 TO 2017

WEATHER         OBSERVED          NORMAL  DEPART  LAST YEAR`S
                 VALUE   DATE(S)  VALUE   FROM    VALUE  DATE(S)
                                          NORMAL
................................................................
TEMPERATURE (F)
RECORD
 HIGH             103   10/01/1979
 LOW               23   10/31/1993
                        10/30/1917
HIGHEST            89   10/13        MM      MM       93  10/17
LOWEST             29   10/28        MM      MM       41  10/21
AVG. MAXIMUM     78.0              77.3     0.7     83.3
AVG. MINIMUM     51.7              54.3    -2.6     59.4
MEAN             64.9              65.8    -0.9     71.3
DAYS MAX >= 90      0               1.3    -1.3        4
DAYS MAX <= 32      0               0.0     0.0        0
DAYS MIN <= 32      2               0.2     1.8        0
DAYS MIN <= 0       0               0.0     0.0        0

PRECIPITATION (INCHES)
RECORD
 MAXIMUM        10.88   1941
 MINIMUM         0.00   1952
TOTALS           0.11              2.98   -2.87     0.40
DAILY AVG.       0.00              0.10   -0.10     0.01
DAYS >= .01         4               6.6    -2.6        2
DAYS >= .10         0               4.5    -4.5        1
DAYS >= .50         0               1.7    -1.7        0
DAYS >= 1.00        0               0.8    -0.8        0
GREATEST
 24 HR. TOTAL    0.05   10/31 TO 10/31

SNOWFALL (INCHES)
RECORDS
 TOTAL            0.3   1993
                        0
                        0
TOTALS              T                 T     0.0      0.0
SINCE 7/1           T                 T     0.0      0.0
SNOWDEPTH AVG.      0                MM      MM        0
DAYS >= 1.0         0               0.0     0.0        0
GREATEST
 SNOW DEPTH         0   MM                             0  MM
 24 HR TOTAL        T   10/27 TO 10/27

DEGREE_DAYS
HEATING TOTAL     137                93      44       18
 SINCE 7/1        143               104      39       19
COOLING TOTAL     138               118      20      221
 SINCE 1/1       2387              2389      -2     2570
.................................................................

WIND (MPH)
AVERAGE WIND SPEED              11.1
HIGHEST WIND SPEED/DIRECTION    44/350    DATE  10/15
HIGHEST GUST SPEED/DIRECTION    51/350    DATE  10/15

SKY COVER
AVERAGE SKY COVER           0.10

AVERAGE RH (PERCENT)     59

WEATHER CONDITIONS. NUMBER OF DAYS WITH
THUNDERSTORM              2     MIXED PRECIP               0
HEAVY RAIN                0     RAIN                       1
LIGHT RAIN                5     FREEZING RAIN              0
LT FREEZING RAIN          0     HAIL                       0
HEAVY SNOW                0     SNOW                       0
LIGHT SNOW                0     SLEET                      1
FOG                       3     FOG W/VIS <= 1/4 MILE      0
HAZE                      3

-  INDICATES NEGATIVE NUMBERS.
R  INDICATES RECORD WAS SET OR TIED.
MM INDICATES DATA IS MISSING.
T  INDICATES TRACE AMOUNT.

$$
