000
CXUS53 KABR 012345
CLMABR


CLIMATE REPORT
NATIONAL WEATHER SERVICE ABERDEEN SD
641 PM CDT THU SEP 1 2016

...................................

...THE ABERDEEN SD CLIMATE SUMMARY FOR THE MONTH OF AUGUST 2016...

CLIMATE NORMAL PERIOD 1981 TO 2010
CLIMATE RECORD PERIOD 1893 TO 2016

WEATHER         OBSERVED          NORMAL  DEPART  LAST YEAR`S
                 VALUE   DATE(S)  VALUE   FROM    VALUE  DATE(S)
                                          NORMAL
................................................................
TEMPERATURE (F)
RECORD
 HIGH             112   08/13/1965
 LOW               30   08/29/1893
HIGHEST            92   08/28        MM      MM       94  08/15
                        08/09
LOWEST             42   08/26        MM      MM       41  08/25
AVG. MAXIMUM     83.5              81.8     1.7     81.2
AVG. MINIMUM     57.8              56.2     1.6     56.3
MEAN             70.7              69.0     1.7     68.7
DAYS MAX >= 90      4               4.1    -0.1        5
DAYS MAX <= 32      0               0.0     0.0        0
DAYS MIN <= 32      0               0.0     0.0        0
DAYS MIN <= 0       0               0.0     0.0        0

PRECIPITATION (INCHES)
RECORD
 MAXIMUM         6.62   1942
 MINIMUM         0.06   1947
TOTALS           2.02              2.43   -0.41     2.94
DAYS >= .01        10               8.2     1.8        6
DAYS >= .10         5               4.4     0.6        4
DAYS >= .50         1               1.4    -0.4        1
DAYS >= 1.00        1               0.4     0.6        1

SNOWFALL (INCHES)
RECORDS
 TOTAL             MM   5
 SNOW DEPTH        MM   MM
TOTALS            0.0               0.0     0.0      0.0
SINCE 7/1         0.0               0.0     0.0      0.0
SNOWDEPTH AVG.      0                MM      MM        0
DAYS >= TRACE       0               0.0     0.0        0
DAYS >= 1.0         0               0.0     0.0        0
GREATEST
 SNOW DEPTH         0   MM                             0  MM

DEGREE_DAYS
HEATING TOTAL      23                37     -14       37
 SINCE 7/1         31                51     -20       42
COOLING TOTAL     206               160      46      161
 SINCE 1/1        661               483     178      563

FREEZE DATES
RECORD
 EARLIEST     MM
 LATEST       MM
EARLIEST                        MM
LATEST                          MM
.................................................................

WIND (MPH)
AVERAGE WIND SPEED              9.1
RESULTANT WIND SPEED/DIRECTION   2/151
HIGHEST WIND SPEED/DIRECTION    46/290    DATE  08/10
HIGHEST GUST SPEED/DIRECTION    57/310    DATE  08/10

SKY COVER
POSSIBLE SUNSHINE (PERCENT)   MM
AVERAGE SKY COVER           0.20
NUMBER OF DAYS FAIR           25
NUMBER OF DAYS PC              6
NUMBER OF DAYS CLOUDY          0

AVERAGE RH (PERCENT)     68

WEATHER CONDITIONS. NUMBER OF DAYS WITH
THUNDERSTORM              0     MIXED PRECIP               0
HEAVY RAIN                2     RAIN                       1
LIGHT RAIN               11     FREEZING RAIN              0
LT FREEZING RAIN          0     HAIL                       0
HEAVY SNOW                0     SNOW                       0
LIGHT SNOW                0     SLEET                      0
FOG                      11     FOG W/VIS <= 1/4 MILE      2
HAZE                      5

-  INDICATES NEGATIVE NUMBERS.
R  INDICATES RECORD WAS SET OR TIED.
MM INDICATES DATA IS MISSING.
T  INDICATES TRACE AMOUNT.

$$
