000
CXUS53 KABR 011242
CLMABR


CLIMATE REPORT
NATIONAL WEATHER SERVICE ABERDEEN SD
732 AM CDT SAT JUL 1 2017

...................................

...THE ABERDEEN SD CLIMATE SUMMARY FOR THE MONTH OF JUNE 2017...

CLIMATE NORMAL PERIOD 1981 TO 2010
CLIMATE RECORD PERIOD 1893 TO 2017

WEATHER         OBSERVED          NORMAL  DEPART  LAST YEAR`S
                 VALUE   DATE(S)  VALUE   FROM    VALUE  DATE(S)
                                          NORMAL
................................................................
TEMPERATURE (F)
RECORD
 HIGH             112   06/28/1931
 LOW               28   06/07/1901
HIGHEST           100   06/02                        100  06/09
LOWEST             39   06/26                         40  06/02
                        06/24
                        06/01
AVG. MAXIMUM     82.7              77.4     5.3     84.7
AVG. MINIMUM     52.1              53.7    -1.6     56.4
MEAN             67.4              65.6     1.8     70.6
DAYS MAX >= 90      6               1.7     4.3        9
DAYS MAX <= 32      0               0.0     0.0        0
DAYS MIN <= 32      0               0.0     0.0        0
DAYS MIN <= 0       0               0.0     0.0        0

PRECIPITATION (INCHES)
RECORD
 MAXIMUM        10.91   1925
 MINIMUM         0.07   1929
TOTALS           3.94              3.70    0.24     1.41
DAYS >= .01        10              11.1    -1.1        4
DAYS >= .10         4               7.2    -3.2        3
DAYS >= .50         2               2.4    -0.4        2
DAYS >= 1.00        1               0.9     0.1        0

SNOWFALL (INCHES)
RECORDS
 TOTAL             MM   MM
 SNOW DEPTH        MM   MM
TOTALS            0.0               0.0     0.0      0.0
SINCE 7/1        39.9              38.1     1.8     26.5
SNOWDEPTH AVG.      0                MM      MM        0
DAYS >= TRACE       0               0.0     0.0        0
DAYS >= 1.0         0               0.0     0.0        0
GREATEST
 SNOW DEPTH         0   MM                             0  MM

DEGREE_DAYS
HEATING TOTAL      52                76     -24       20
 SINCE 7/1       7552              8534    -982     6787
COOLING TOTAL     133                92      41      192
 SINCE 1/1        145               115      30      225

FREEZE DATES
RECORD
 EARLIEST     MM
 LATEST       MM
EARLIEST      10/06             MM
LATEST        05/04             MM
.................................................................

WIND (MPH)
AVERAGE WIND SPEED              10.5
RESULTANT WIND SPEED/DIRECTION   2/286
HIGHEST WIND SPEED/DIRECTION    37/260    DATE  06/13
HIGHEST GUST SPEED/DIRECTION    49/240    DATE  06/13

SKY COVER
POSSIBLE SUNSHINE (PERCENT)   MM
AVERAGE SKY COVER           0.20
NUMBER OF DAYS FAIR           22
NUMBER OF DAYS PC              8
NUMBER OF DAYS CLOUDY          0

AVERAGE RH (PERCENT)     59

WEATHER CONDITIONS. NUMBER OF DAYS WITH
THUNDERSTORM              0     MIXED PRECIP               0
HEAVY RAIN                3     RAIN                       6
LIGHT RAIN               10     FREEZING RAIN              0
LT FREEZING RAIN          0     HAIL                       0
HEAVY SNOW                0     SNOW                       0
LIGHT SNOW                0     SLEET                      0
FOG                       3     FOG W/VIS <= 1/4 MILE      0
HAZE                      1

-  INDICATES NEGATIVE NUMBERS.
R  INDICATES RECORD WAS SET OR TIED.
MM INDICATES DATA IS MISSING.
T  INDICATES TRACE AMOUNT.

$$
