000
CXUS42 KFFC 020240
CLMAHN


CLIMATE REPORT
NATIONAL WEATHER SERVICE PEACHTREE CITY GA
1039 PM EDT MON JUN 1 2015

...................................

...THE ATHENS CLIMATE SUMMARY FOR THE MONTH OF MAY 2015...

CLIMATE NORMAL PERIOD 1981 TO 2010
CLIMATE RECORD PERIOD 1898 TO 2015

WEATHER         OBSERVED          NORMAL  DEPART  LAST YEAR`S
                 VALUE   DATE(S)  VALUE   FROM    VALUE  DATE(S)
                                          NORMAL
................................................................
TEMPERATURE (F)
RECORD
 HIGH             100   05/25/1926
                        05/31/1918
 LOW               35   05/05/1900
HIGHEST            91   05/20        94      -3       92  05/23
                        05/11
LOWEST             46   05/02        37       9       43  05/17
AVG. MAXIMUM     85.2              81.8     3.4     83.3
AVG. MINIMUM     59.6              58.2     1.4     58.3
MEAN             72.4              70.0     2.4     70.8
DAYS MAX >= 90      4               2.8     1.2        6
DAYS MAX <= 32      0               0.0     0.0        0
DAYS MIN <= 32      0               0.0     0.0        0
DAYS MIN <= 0       0               0.0     0.0        0

PRECIPITATION (INCHES)
RECORD
 MAXIMUM        11.32   1923
 MINIMUM         0.11   1914
TOTALS           2.63              3.00   -0.37     3.46
DAILY AVG.       0.08              0.10   -0.02     0.11
GREATEST
 24 HR. TOTAL    1.64   05/28 TO 05/28           05/14 TO 05/15
                        05/27 TO 05/28                    05/31 TO 05/31
                        05/28 TO 05/28                    05/31 TO 05/31

DEGREE_DAYS
COOLING TOTAL     246               182      64      218
 SINCE 1/1        325               240      85      270
..................................................

WIND (MPH)
AVERAGE WIND SPEED              3.7
HIGHEST WIND SPEED/DIRECTION    26/100    DATE  05/28
HIGHEST GUST SPEED/DIRECTION    44/110    DATE  05/28

SKY COVER
POSSIBLE SUNSHINE (PERCENT)   MM
AVERAGE SKY COVER           0.20
NUMBER OF DAYS FAIR           25
NUMBER OF DAYS PC              5
NUMBER OF DAYS CLOUDY          1

AVERAGE RH (PERCENT)     66

WEATHER CONDITIONS. NUMBER OF DAYS WITH
THUNDERSTORM              0     MIXED PRECIP               0
HEAVY RAIN                2     RAIN                       3
LIGHT RAIN                5     FREEZING RAIN              0
LT FREEZING RAIN          0     HAIL                       0
HEAVY SNOW                0     SNOW                       0
LIGHT SNOW                0     SLEET                      0
FOG                      17     FOG W/VIS <= 1/4 MILE      0
HAZE                     18

-  INDICATES NEGATIVE NUMBERS.
R  INDICATES RECORD WAS SET OR TIED.
MM INDICATES DATA IS MISSING.
T  INDICATES TRACE AMOUNT.

$$
