000
CXUS55 KCYS 052050
CLMAIA


CLIMATE REPORT
NATIONAL WEATHER SERVICE CHEYENNE WY
150 PM MST WED NOV 5 2014

...................................

...THE ALLIANCE NE AIRPORT CLIMATE SUMMARY FOR THE MONTH OF OCTOBER 2014...

CLIMATE NORMAL PERIOD 1981 TO 2010
CLIMATE RECORD PERIOD 1896 TO 2014

WEATHER         OBSERVED          NORMAL  DEPART  LAST YEAR`S
                 VALUE   DATE(S)  VALUE   FROM    VALUE
                                          NORMAL
.............................................................
TEMPERATURE (F)
RECORD
 HIGH              92   10/02/2005
 LOW               -8   10/31/1991
HIGHEST            81   10/15        MM      MM       80
LOWEST             18   10/29        MM      MM       23
AVG. MAXIMUM     67.1              62.1     5.0     56.6
AVG. MINIMUM     31.4              29.4     2.0     30.5
MEAN             49.2              45.7     3.5     43.6
DAYS MAX >= 90      0               0.1                0
DAYS MAX <= 32      0               0.7                0
DAYS MIN <= 32     17              18.7               22
DAYS MIN <= 0       0               0.1                0

PRECIPITATION (INCHES)
RECORD
 MAXIMUM         2.48   1994
 MINIMUM         0.00   1989
                        1988
                        1956
TOTALS           0.48              1.09   -0.61     1.26
DAYS >= .01         8                MM      MM        7
DAYS >= .10         3                MM      MM        2
DAYS >= .50         0                MM      MM        1
DAYS >= 1.00        0                MM      MM        0
GREATEST
 24 HR. TOTAL    0.22   09/30 TO 10/01
                        10/26 TO 10/27

DEGREE_DAYS
HEATING TOTAL     479               597    -118      657
 SINCE 7/1        667               842    -175      786
COOLING TOTAL       0                 1      -1        0
 SINCE 1/1        499               564     -65      795
..............................................................

WIND (MPH)
AVERAGE WIND SPEED              10.2
HIGHEST WIND SPEED/DIRECTION    41/360    DATE  10/12
HIGHEST GUST SPEED/DIRECTION    50/360    DATE  10/12

SKY COVER
POSSIBLE SUNSHINE (PERCENT)   MM
AVERAGE SKY COVER           0.20
NUMBER OF DAYS FAIR           24
NUMBER OF DAYS PC              7
NUMBER OF DAYS CLOUDY          0

AVERAGE RH (PERCENT)     63

WEATHER CONDITIONS. NUMBER OF DAYS WITH
THUNDERSTORM              0     MIXED PRECIP               0
HEAVY RAIN                0     RAIN                       0
LIGHT RAIN                9     FREEZING RAIN              0
LT FREEZING RAIN          0     HAIL                       0
HEAVY SNOW                0     SNOW                       0
LIGHT SNOW                3     SLEET                      0
FOG                       9     FOG W/VIS <= 1/4 MILE      1
HAZE                      0

-  INDICATES NEGATIVE NUMBERS.
R  INDICATES RECORD WAS SET OR TIED.
MM INDICATES DATA IS MISSING.
T  INDICATES TRACE AMOUNT.

$$
