000
CXUS55 KPUB 011538
CLMALS


CLIMATE REPORT
NATIONAL WEATHER SERVICE PUEBLO
836 AM MST THU FEB 1 2018

...................................

...THE ALAMOSA CO CLIMATE SUMMARY FOR THE MONTH OF JANUARY 2018...

CLIMATE NORMAL PERIOD 1981 TO 2010
CLIMATE RECORD PERIOD 1932 TO 2018

WEATHER         OBSERVED          NORMAL  DEPART  LAST YEAR`S
                 VALUE   DATE(S)  VALUE   FROM    VALUE  DATE(S)
                                          NORMAL
................................................................
TEMPERATURE (F)
RECORD
 HIGH              63   01/31/2018
 LOW              -50   01/28/1948
HIGHEST            63R  01/31        36      27       45  01/09
LOWEST            -11   01/23        -5      -6      -36  01/07
AVG. MAXIMUM     45.2              34.3    10.9     29.9
AVG. MINIMUM      2.0              -1.7     3.7      3.5
MEAN             23.6              16.3     7.3     16.7
DAYS MAX >= 90      0               0.0     0.0
DAYS MAX <= 32      2              12.4   -10.4
DAYS MIN <= 32     31              31.0     0.0
DAYS MIN <= 0      10              16.8    -6.8

PRECIPITATION (INCHES)
RECORD
 MAXIMUM         1.36   2017
 MINIMUM            T   1981
                        1998
TOTALS           0.08              0.26   -0.18     1.36
DAILY AVG.       0.00              0.01   -0.01
DAYS >= .01         1               3.5    -2.5
DAYS >= .10         0               0.9    -0.9
DAYS >= .50         0               0.0     0.0
DAYS >= 1.00        0               0.0     0.0
GREATEST
 24 HR. TOTAL    0.08   01/21 TO 01/21

SNOWFALL (INCHES)
RECORDS
 TOTAL           21.9   2017
TOTALS            1.5               4.0    -2.5     21.9
SINCE 7/1         3.2              14.3   -11.1     33.1
SNOWDEPTH AVG.      0
DAYS >= 1.0         1               1.4    -0.4
GREATEST
 SNOW DEPTH         2   01/21                         12
 24 HR TOTAL      1.5   01/21 TO 01/21              10.0

DEGREE_DAYS
HEATING TOTAL    1276              1510    -234     1493
 SINCE 7/1       4261              5147    -886     4801
COOLING TOTAL       0                 0       0        0
 SINCE 1/1          0                 0       0        0
.................................................................

WIND (MPH)
AVERAGE WIND SPEED              5.3
HIGHEST WIND SPEED/DIRECTION    38/240    DATE  01/26
HIGHEST GUST SPEED/DIRECTION    48/230    DATE  01/26

SKY COVER
POSSIBLE SUNSHINE (PERCENT)   MM
AVERAGE SKY COVER           0.10
NUMBER OF DAYS FAIR           28
NUMBER OF DAYS PC              3
NUMBER OF DAYS CLOUDY          0

AVERAGE RH (PERCENT)     51

WEATHER CONDITIONS. NUMBER OF DAYS WITH
THUNDERSTORM              0     MIXED PRECIP               0
HEAVY RAIN                0     RAIN                       0
LIGHT RAIN                1     FREEZING RAIN              0
LT FREEZING RAIN          0     HAIL                       0
HEAVY SNOW                0     SNOW                       1
LIGHT SNOW                1     SLEET                      0
FOG                       2     FOG W/VIS <= 1/4 MILE      0
HAZE                      4

-  INDICATES NEGATIVE NUMBERS.
R  INDICATES RECORD WAS SET OR TIED.
MM INDICATES DATA IS MISSING.
T  INDICATES TRACE AMOUNT.

$$
