000
CXUS52 KJAX 011411 RRA
CLMAMG

CLIMATE REPORT
NATIONAL WEATHER SERVICE JACKSONVILLE FL
909 AM EST WED MAR 1 2017

...................................

...THE ALMA CLIMATE SUMMARY FOR THE MONTH OF FEBRUARY 2017...

CLIMATE NORMAL PERIOD 1981 TO 2010
CLIMATE RECORD PERIOD 1948 TO 2017

WEATHER         OBSERVED          NORMAL  DEPART  LAST YEAR`S
                 VALUE   DATE(S)  VALUE   FROM    VALUE  DATE(S)
                                          NORMAL
................................................................
TEMPERATURE (F)
RECORD
 HIGH              86   02/16/1989
 LOW               13   02/05/1996
HIGHEST            85   02/28        66      19       80  02/23
                                                          02/02
LOWEST             33   02/10        44     -11       26  02/11
AVG. MAXIMUM     74.0              65.5     8.5     66.0
AVG. MINIMUM     47.0              43.0     4.0     41.1
MEAN             60.5              54.2     6.3     53.5
DAYS MAX >= 90      0               0.0     0.0        0
DAYS MAX <= 32      0               0.0     0.0        0
DAYS MIN <= 32      0               4.1    -4.1        5
DAYS MIN <= 0       0               0.0     0.0        0

PRECIPITATION (INCHES)
RECORD
 MAXIMUM         9.54   2013
 MINIMUM         0.52   1991
TOTALS           1.04              3.80   -2.76     4.66
DAILY AVG.       0.04              0.14   -0.10     0.16
DAYS >= .01         4               8.1    -4.1        6
DAYS >= .10         2               5.4    -3.4        4
DAYS >= .50         1               2.6    -1.6        4
DAYS >= 1.00        0               1.3    -1.3        1
GREATEST
 24 HR. TOTAL    0.53

SNOWFALL (INCHES)
RECORDS
 TOTAL            4.4   1973
TOTALS            0.0               0.0     0.0      0.0
SINCE 7/1         0.0               0.1    -0.1      0.0
SNOWDEPTH AVG.      0                MM      MM        0
DAYS >= 1.0         0               0.0     0.0        0
GREATEST
 SNOW DEPTH         0   MM                             0  MM
 24 HR TOTAL      0.0

DEGREE_DAYS
HEATING TOTAL     147               312    -165      339
 SINCE 7/1        856              1401    -545     1098
COOLING TOTAL      29                11      18       13
 SINCE 1/1         55                16      39       13
.................................................................

WIND (MPH)
AVERAGE WIND SPEED              5.1
HIGHEST WIND SPEED/DIRECTION    31/290    DATE  02/15
HIGHEST GUST SPEED/DIRECTION    45/290    DATE  02/15

SKY COVER
POSSIBLE SUNSHINE (PERCENT)   MM
AVERAGE SKY COVER           0.30
NUMBER OF DAYS FAIR           17
NUMBER OF DAYS PC              8
NUMBER OF DAYS CLOUDY          3

AVERAGE RH (PERCENT)     70

WEATHER CONDITIONS. NUMBER OF DAYS WITH
THUNDERSTORM              0     MIXED PRECIP               0
HEAVY RAIN                2     RAIN                       3
LIGHT RAIN                5     FREEZING RAIN              0
LT FREEZING RAIN          0     HAIL                       0
HEAVY SNOW                0     SNOW                       0
LIGHT SNOW                0     SLEET                      0
FOG                      19     FOG W/VIS <= 1/4 MILE      5
HAZE                      4

-  INDICATES NEGATIVE NUMBERS.
R  INDICATES RECORD WAS SET OR TIED.
MM INDICATES DATA IS MISSING.
T  INDICATES TRACE AMOUNT.

$$
