000
CXUS52 KJAX 011326 RRA
CLMAMG

CLIMATE REPORT
NATIONAL WEATHER SERVICE JACKSONVILLE FL
824 AM EST MON FEB 1 2016

...................................

...THE ALMA CLIMATE SUMMARY FOR THE MONTH OF JANUARY 2016...

CLIMATE NORMAL PERIOD 1981 TO 2010
CLIMATE RECORD PERIOD 1948 TO 2016

WEATHER         OBSERVED          NORMAL  DEPART  LAST YEAR`S
                 VALUE   DATE(S)  VALUE   FROM    VALUE  DATE(S)
                                          NORMAL
................................................................
TEMPERATURE (F)
RECORD
 HIGH              83   01/29/2013
                        01/26/2012
                        01/30/1975
 LOW                    01/21/1985
HIGHEST            72   01/27        62      10       76  01/03
LOWEST             25   01/20        41     -16       22  01/08
                        01/19
AVG. MAXIMUM     59.5              61.6    -2.1     60.4
AVG. MINIMUM     37.7              39.8    -2.1     38.4
MEAN             48.6              50.7    -2.1     49.4
DAYS MAX >= 90      0               0.0     0.0        0
DAYS MAX <= 32      0               0.1    -0.1        0
DAYS MIN <= 32     11               8.3     2.7        7
DAYS MIN <= 0       0               0.0     0.0        0

PRECIPITATION (INCHES)
RECORD
 MAXIMUM        14.86   1991
 MINIMUM         0.30   2003
TOTALS           4.59              4.26    0.33     2.21
DAILY AVG.       0.15              0.14    0.01     0.07
DAYS >= .01         7               9.5    -2.5        5
DAYS >= .10         6               6.6    -0.6        4
DAYS >= .50         5               2.9     2.1        2
DAYS >= 1.00        2               1.3     0.7        1
GREATEST
 24 HR. TOTAL    1.17

SNOWFALL (INCHES)
RECORDS
 TOTAL              T   2014
                        2000
TOTALS            0.0               0.0     0.0      0.0
SINCE 7/1         0.0               0.1    -0.1      0.0
SNOWDEPTH AVG.      0                MM      MM        0
DAYS >= 1.0         0               0.0     0.0        0
GREATEST
 SNOW DEPTH         0   MM                             0  MM
 24 HR TOTAL      0.0

DEGREE_DAYS
HEATING TOTAL     500               449      51      480
 SINCE 7/1        759              1089    -330     1198
COOLING TOTAL       0                 5      -5        3
 SINCE 1/1          0                 0       0        3
.................................................................

WIND (MPH)
AVERAGE WIND SPEED              5.3
HIGHEST WIND SPEED/DIRECTION    26/240    DATE  01/15
HIGHEST GUST SPEED/DIRECTION    41/260    DATE  01/15

SKY COVER
POSSIBLE SUNSHINE (PERCENT)   MM
AVERAGE SKY COVER           0.40
NUMBER OF DAYS FAIR           18
NUMBER OF DAYS PC              6
NUMBER OF DAYS CLOUDY          7

AVERAGE RH (PERCENT)     71

WEATHER CONDITIONS. NUMBER OF DAYS WITH
THUNDERSTORM              0     MIXED PRECIP               0
HEAVY RAIN                6     RAIN                       6
LIGHT RAIN                7     FREEZING RAIN              0
LT FREEZING RAIN          0     HAIL                       0
HEAVY SNOW                0     SNOW                       0
LIGHT SNOW                0     SLEET                      0
FOG                      17     FOG W/VIS <= 1/4 MILE      2
HAZE                      3

-  INDICATES NEGATIVE NUMBERS.
R  INDICATES RECORD WAS SET OR TIED.
MM INDICATES DATA IS MISSING.
T  INDICATES TRACE AMOUNT.

$$
