000
CXUS53 KAPX 010540
CLMANJ


CLIMATE REPORT
NATIONAL WEATHER SERVICE GAYLORD MI
139 AM EDT MON SEP 1 2014

...................................

...THE SAULT STE MARIE MI CLIMATE SUMMARY FOR THE MONTH OF AUGUST 2014...

CLIMATE NORMAL PERIOD 1981 TO 2010
CLIMATE RECORD PERIOD 1888 TO 2014

WEATHER         OBSERVED          NORMAL  DEPART  LAST YEAR`S
                 VALUE   DATE(S)  VALUE   FROM    VALUE  DATE(S)
                                          NORMAL
................................................................
TEMPERATURE (F)
RECORD
 HIGH              98   08/06/1947
                        08/05/1947
 LOW               29   08/29/1982
HIGHEST            85   08/09        MM      MM       86  08/29
LOWEST             44   08/28        MM      MM       47  08/10
AVG. MAXIMUM     73.3              74.7    -1.4     75.0
AVG. MINIMUM     54.6              54.5     0.1     55.8
MEAN             64.0              64.6    -0.6     65.4
DAYS MAX >= 90      0               0.3    -0.3        0
DAYS MAX <= 32      0               0.0     0.0        0
DAYS MIN <= 32      0               0.0     0.0        0
DAYS MIN <= 0       0               0.0     0.0        0

PRECIPITATION (INCHES)
RECORD
 MAXIMUM           MM   MM
 MINIMUM           MM   MM
TOTALS           2.48              3.17   -0.69     5.04
DAILY AVG.       0.08              0.10   -0.02     0.16
DAYS >= .01        11              10.9     0.1        8
DAYS >= .10         5               6.7    -1.7        6
DAYS >= .50         1               1.8    -0.8        5
DAYS >= 1.00        1               0.6     0.4        3
GREATEST
 24 HR. TOTAL    1.21   08/11 TO 08/12
 STORM TOTAL       MM
 (MM/DD(HH))            MM

DEGREE_DAYS
COOLING TOTAL      48                65     -17
 SINCE 1/1        108               178     -70

FREEZE DATES
RECORD
 EARLIEST     MM
 LATEST       MM
EARLIEST                        MM
LATEST                          MM
.................................................................

WIND (MPH)
AVERAGE WIND SPEED              5.7
HIGHEST WIND SPEED/DIRECTION    23/320    DATE  08/14
HIGHEST GUST SPEED/DIRECTION    34/320    DATE  08/14

SKY COVER
POSSIBLE SUNSHINE (PERCENT)   MM
AVERAGE SKY COVER           0.40
NUMBER OF DAYS FAIR           16
NUMBER OF DAYS PC              9
NUMBER OF DAYS CLOUDY          6

AVERAGE RH (PERCENT)     75

WEATHER CONDITIONS. NUMBER OF DAYS WITH
THUNDERSTORM              0     MIXED PRECIP               0
HEAVY RAIN                2     RAIN                       5
LIGHT RAIN               12     FREEZING RAIN              0
LT FREEZING RAIN          0     HAIL                       0
HEAVY SNOW                0     SNOW                       0
LIGHT SNOW                0     SLEET                      0
FOG                      18     FOG W/VIS <= 1/4 MILE      4
HAZE                      3

-  INDICATES NEGATIVE NUMBERS.
R  INDICATES RECORD WAS SET OR TIED.
MM INDICATES DATA IS MISSING.
T  INDICATES TRACE AMOUNT.

$$
