428
CXUS52 KMFL 011336
CLMAPF


CLIMATE REPORT
NATIONAL WEATHER SERVICE MIAMI, FL
922 AM EDT TUE AUG 1 2017

...................................

...THE NAPLES CLIMATE SUMMARY FOR THE MONTH OF JULY 2017...

CLIMATE NORMAL PERIOD 1981 TO 2010
CLIMATE RECORD PERIOD 1942 TO 2017

WEATHER         OBSERVED          NORMAL  DEPART  LAST YEAR`S
                 VALUE   DATE(S)  VALUE   FROM    VALUE  DATE(S)
                                          NORMAL
................................................................
TEMPERATURE (F)
RECORD
 HIGH              99   07/25/2017
 LOW               65   07/20/1974
                        07/17/1974
HIGHEST            94   07/04                         95  07/09
                        07/02
LOWEST             73   07/04                         73  07/23
AVG. MAXIMUM     90.5              91.2    -0.7     91.9
AVG. MINIMUM     76.2              74.9     1.3     76.3
MEAN             83.3              83.1     0.2     84.1
DAYS MAX >= 90     22                                 28
DAYS MAX <= 32      0                                  0
DAYS MIN <= 32      0                                  0
DAYS MIN <= 0       0                                  0

PRECIPITATION (INCHES)
RECORD
 MAXIMUM        21.49   1985
 MINIMUM         1.30   1944
TOTALS          11.24              7.27    3.97     6.30
DAILY AVG.       0.36              0.23    0.13     0.20
DAYS >= .01        20                                 18
DAYS >= .10        16                                 15
DAYS >= .50         7                                  4
DAYS >= 1.00        3                                  1
GREATEST
 24 HR. TOTAL    2.99   07/09 TO 07/09              1.40

DEGREE_DAYS
HEATING TOTAL       0                 0       0        0
 SINCE 7/1          0                 0       0        0
COOLING TOTAL     576               559      17      601
 SINCE 1/1       2461              2094     367     2324
.................................................................

WIND (MPH)
AVERAGE WIND SPEED              5.5
HIGHEST WIND SPEED/DIRECTION    40/130    DATE  07/04
HIGHEST GUST SPEED/DIRECTION    45/140    DATE  07/04

SKY COVER
POSSIBLE SUNSHINE (PERCENT)   MM
AVERAGE SKY COVER           0.20
NUMBER OF DAYS FAIR           29
NUMBER OF DAYS PC              2
NUMBER OF DAYS CLOUDY          0

AVERAGE RH (PERCENT)     78

WEATHER CONDITIONS. NUMBER OF DAYS WITH
THUNDERSTORM             30     MIXED PRECIP               0
HEAVY RAIN                9     RAIN                      11
LIGHT RAIN               18     FREEZING RAIN              0
LT FREEZING RAIN          0     HAIL                       0
HEAVY SNOW                0     SNOW                       0
LIGHT SNOW                0     SLEET                      0
FOG                      18     FOG W/VIS <= 1/4 MILE      1
HAZE                      6

-  INDICATES NEGATIVE NUMBERS.
R  INDICATES RECORD WAS SET OR TIED.
MM INDICATES DATA IS MISSING.
T  INDICATES TRACE AMOUNT.

$$
