000
CXUS53 KAPX 062353
CLMAPN


CLIMATE REPORT
NATIONAL WEATHER SERVICE GAYLORD MI
653 PM EST SAT DEC 6 2014

...................................

...THE ALPENA MI CLIMATE SUMMARY FOR THE MONTH OF NOVEMBER 2014...

CLIMATE NORMAL PERIOD 1981 TO 2010
CLIMATE RECORD PERIOD 1916 TO 2014

WEATHER         OBSERVED          NORMAL  DEPART  LAST YEAR`S
                 VALUE   DATE(S)  VALUE   FROM    VALUE  DATE(S)
                                          NORMAL
................................................................
TEMPERATURE (F)
RECORD
 HIGH              77   11/01/1950
 LOW               -6   11/29/1995
                        11/15/1933
HIGHEST            56   11/04        MM      MM       61  11/17
                        11/03
LOWEST              7   11/21        MM      MM        0  11/29
AVG. MAXIMUM     37.7              43.1    -5.4     40.9
AVG. MINIMUM     24.4              28.3    -3.9     26.1
MEAN             31.0              35.7    -4.7     33.5
DAYS MAX >= 90      0               0.0     0.0        0
DAYS MAX <= 32     10               3.9     6.1        7
DAYS MIN <= 32     24              20.6     3.4       21
DAYS MIN <= 0       0               0.1    -0.1        1

PRECIPITATION (INCHES)
RECORD
 MAXIMUM           MM   MM
 MINIMUM           MM   MM
TOTALS           3.49              2.10    1.39     2.02
DAILY AVG.       0.12              0.07    0.05     0.07
DAYS >= .01        16              13.8     2.2       13
DAYS >= .10         8               6.1     1.9        4
DAYS >= .50         3               0.8     2.2        1
DAYS >= 1.00        0               0.2    -0.2        0
GREATEST
 24 HR. TOTAL    0.97   11/24 TO 11/24
 STORM TOTAL       MM
 (MM/DD(HH))            MM

SNOWFALL (INCHES)
RECORDS
 TOTAL             MM   MM
 SNOW DEPTH        MM   MM
TOTALS           15.6               7.7     7.9      2.6
SINCE 7/1        15.6               8.1     7.5      2.6
SNOWDEPTH AVG.      2                MM      MM        0
DAYS >= TRACE      17               6.3    10.7       14
DAYS >= 1.0         3               2.3     0.7        1
GREATEST
 SNOW DEPTH        13   11/28                          1  11/30
                        11/27                             11/29
                                                          11/28
 24 HR TOTAL     11.0   11/27 TO 11/27               1.2

DEGREE_DAYS
HEATING TOTAL    1012               879     133      938
 SINCE 7/1       1931              1823     108     1868
COOLING TOTAL       0                 0       0        0
 SINCE 1/1        168               291    -123      343

FREEZE DATES
RECORD
 EARLIEST     MM
 LATEST       MM
EARLIEST                        MM
LATEST                          MM
.................................................................

WIND (MPH)
AVERAGE WIND SPEED              8.3
HIGHEST WIND SPEED/DIRECTION    23/220    DATE  11/24
HIGHEST GUST SPEED/DIRECTION    38/220    DATE  11/24

SKY COVER
POSSIBLE SUNSHINE (PERCENT)   MM
AVERAGE SKY COVER           0.80
NUMBER OF DAYS FAIR            1
NUMBER OF DAYS PC              9
NUMBER OF DAYS CLOUDY         20

AVERAGE RH (PERCENT)     76

WEATHER CONDITIONS. NUMBER OF DAYS WITH
THUNDERSTORM              0     MIXED PRECIP               0
HEAVY RAIN                0     RAIN                       4
LIGHT RAIN               10     FREEZING RAIN              0
LT FREEZING RAIN          0     HAIL                       0
HEAVY SNOW                0     SNOW                       2
LIGHT SNOW               18     SLEET                      0
FOG                      18     FOG W/VIS <= 1/4 MILE      2
HAZE                      1

-  INDICATES NEGATIVE NUMBERS.
R  INDICATES RECORD WAS SET OR TIED.
MM INDICATES DATA IS MISSING.
T  INDICATES TRACE AMOUNT.

$$
