000
CXUS53 KAPX 010755
CLMAPN


CLIMATE REPORT
NATIONAL WEATHER SERVICE GAYLORD MI
354 AM EDT MON JUN 1 2015

...................................

...THE ALPENA MI CLIMATE SUMMARY FOR THE MONTH OF MAY 2015...

CLIMATE NORMAL PERIOD 1981 TO 2010
CLIMATE RECORD PERIOD 1916 TO 2015

WEATHER         OBSERVED          NORMAL  DEPART  LAST YEAR`S
                 VALUE   DATE(S)  VALUE   FROM    VALUE  DATE(S)
                                          NORMAL
................................................................
TEMPERATURE (F)
RECORD
 HIGH              94   05/16/1962
                        05/30/1937
 LOW               20   05/07/1966
                        05/02/1966
                        05/03/1950
HIGHEST            86   05/26        MM      MM       86  05/26
                        05/18
LOWEST             26   05/23        MM      MM       30  05/06
AVG. MAXIMUM     69.3              64.5     4.8     63.9
AVG. MINIMUM     43.0              40.5     2.5     41.2
MEAN             53.6              52.5     1.1     52.5
DAYS MAX >= 90      0               0.1    -0.1        0
DAYS MAX <= 32      0               0.0     0.0        0
DAYS MIN <= 32      5               4.5     0.5        4
DAYS MIN <= 0       0               0.0     0.0        0

PRECIPITATION (INCHES)
RECORD
 MAXIMUM           MM   MM
 MINIMUM           MM   MM
TOTALS           3.66              2.67    0.99     2.31
DAILY AVG.       0.12              0.09    0.03     0.07
DAYS >= .01        12              11.8     0.2        9
DAYS >= .10         8               6.6     1.4        5
DAYS >= .50         4               1.6     2.4        1
DAYS >= 1.00        0               0.3    -0.3        0
GREATEST
 24 HR. TOTAL    1.08   05/08 TO 05/09
 STORM TOTAL       MM
 (MM/DD(HH))            MM

SNOWFALL (INCHES)
RECORDS
 TOTAL             MM   MM
 SNOW DEPTH        MM   MM
TOTALS            0.0               0.2    -0.2      0.0
SINCE 7/1        48.6              84.3   -35.7     64.0
SNOWDEPTH AVG.      0                MM      MM        0
DAYS >= TRACE       0               0.3    -0.3        0
DAYS >= 1.0         0               0.1    -0.1        0
GREATEST
 SNOW DEPTH         0   MM                             0  MM
 24 HR TOTAL      0.0   05/31 TO 05/31               0.0

DEGREE_DAYS
HEATING TOTAL     292               398    -106      384
 SINCE 7/1       8433              7957     476     9053
COOLING TOTAL      24                11      13        5
 SINCE 1/1         24                13      11        5

FREEZE DATES
RECORD
 EARLIEST     MM
 LATEST       MM
EARLIEST                        MM
LATEST                          MM
.................................................................

WIND (MPH)
AVERAGE WIND SPEED              7.7
HIGHEST WIND SPEED/DIRECTION    26/220    DATE  05/27
HIGHEST GUST SPEED/DIRECTION    35/250    DATE  05/27

SKY COVER
POSSIBLE SUNSHINE (PERCENT)   MM
AVERAGE SKY COVER           0.40
NUMBER OF DAYS FAIR           18
NUMBER OF DAYS PC              5
NUMBER OF DAYS CLOUDY          8

AVERAGE RH (PERCENT)     69

WEATHER CONDITIONS. NUMBER OF DAYS WITH
THUNDERSTORM              0     MIXED PRECIP               0
HEAVY RAIN                4     RAIN                       6
LIGHT RAIN               15     FREEZING RAIN              0
LT FREEZING RAIN          0     HAIL                       0
HEAVY SNOW                0     SNOW                       0
LIGHT SNOW                0     SLEET                      0
FOG                      16     FOG W/VIS <= 1/4 MILE      2
HAZE                      3

-  INDICATES NEGATIVE NUMBERS.
R  INDICATES RECORD WAS SET OR TIED.
MM INDICATES DATA IS MISSING.
T  INDICATES TRACE AMOUNT.

$$
