000
CXUS51 KBUF 011746
CLMART


CLIMATE REPORT
NATIONAL WEATHER SERVICE BUFFALO NY
1223 PM EST MON DEC 1 2014

...................................

...THE WATERTOWN NY CLIMATE SUMMARY FOR THE MONTH OF NOVEMBER 2014...

CLIMATE NORMAL PERIOD 1981 TO 2010
CLIMATE RECORD PERIOD 1949 TO 2014

WEATHER         OBSERVED          NORMAL  DEPART  LAST YEAR`S
                 VALUE   DATE(S)  VALUE   FROM    VALUE  DATE(S)
                                          NORMAL
................................................................
TEMPERATURE (F)
RECORD
 HIGH              77   11/02/1971
 LOW               -3   11/28/1968
HIGHEST            71   11/24                         65  11/01
LOWEST             14   11/21                          1  11/30
AVG. MAXIMUM     45.8              46.8    -1.0     44.2
AVG. MINIMUM     32.8              29.7     3.1     26.2
MEAN             39.3              38.3     1.0     35.2
DAYS MAX >= 90      0               0.0     0.0        0
DAYS MAX <= 32      3               1.8     1.2        5
DAYS MIN <= 32     12              17.7    -5.7       17
DAYS MIN <= 0       0               0.1    -0.1        0

PRECIPITATION (INCHES)
RECORD
 MAXIMUM         7.17   1963
 MINIMUM         0.76   1960
TOTALS           2.76              3.76   -1.00     3.15
DAYS >= .01        19              15.2     3.8       13
DAYS >= .10         7               9.0    -2.0        9
DAYS >= .50         2               2.2    -0.2        1
DAYS >= 1.00        0               0.5    -0.5        0
GREATEST
 24 HR. TOTAL    0.80   11/18 TO 11/19           10/31 TO 11/01



DEGREE_DAYS
HEATING TOTAL     764               803     -39      887
 SINCE 7/1       1353              1599    -246     1575
COOLING TOTAL       0                 0       0        0
 SINCE 1/1        433               362      71      481
...................................................

WIND (MPH)
AVERAGE WIND SPEED              10.5
HIGHEST WIND SPEED/DIRECTION    40/270    DATE  11/18
HIGHEST GUST SPEED/DIRECTION    55/260    DATE  11/18

SKY COVER
POSSIBLE SUNSHINE (PERCENT)   MM
AVERAGE SKY COVER           0.80
NUMBER OF DAYS FAIR            3
NUMBER OF DAYS PC              2
NUMBER OF DAYS CLOUDY         25

AVERAGE RH (PERCENT)     61

WEATHER CONDITIONS. NUMBER OF DAYS WITH
THUNDERSTORM              0     MIXED PRECIP               0
HEAVY RAIN                0     RAIN                       2
LIGHT RAIN               15     FREEZING RAIN              0
LT FREEZING RAIN          0     HAIL                       0
HEAVY SNOW                3     SNOW                       6
LIGHT SNOW               15     SLEET                      0
FOG                       4     FOG W/VIS <= 1/4 MILE      3
HAZE                     10

-  INDICATES NEGATIVE NUMBERS.
R  INDICATES RECORD WAS SET OR TIED.
MM INDICATES DATA IS MISSING.
T  INDICATES TRACE AMOUNT.

$$
